{"id":2006,"date":"2019-10-31T22:59:44","date_gmt":"2019-10-31T22:59:44","guid":{"rendered":"https:\/\/www.elektrosmoghilfe.com\/erdstrahlen\/?post_type=product&#038;p=2006"},"modified":"2021-07-02T15:34:55","modified_gmt":"2021-07-02T15:34:55","slug":"hamoni-harmonisierer-mobil-in-anthrazit","status":"publish","type":"product","link":"https:\/\/www.elektrosmoghilfe.com\/erdstrahlen\/produkt\/hamoni-harmonisierer-mobil-in-anthrazit\/","title":{"rendered":"Hamoni\u00ae Harmonisierer Mobil in Anthrazit"},"content":{"rendered":"<h2>Was ist der Hamoni\u00ae Harmonisierer Mobil und warum brauchen Sie ihn?<\/h2>\r\n<p class=\"anwendung\" style=\"text-align:center\">\r\n    <span class=\"emphDark fs16\">\r\nDer Hamoni\u00ae Harmonisierer Mobil ist ein hochwirksamer Schutz vor Elektrosmog und Erdstrahlung\r\nf\u00fcr unterwegs. \r\n<\/span>\r\n<span class=\"emphLight fs16\">\r\nWie sein gro\u00dfer Bruder (das station\u00e4re Ger\u00e4t f\u00fcr den Einsatz zuhause) wirkt er rein physikalisch und unterscheidet sich dadurch wesentlich von der \u00fcberwiegenden \r\nMehrheit der Ger\u00e4te gegen Elektrosmog am Markt, die &#8222;feinstofflich&#8220;, d.h. nicht physikalisch\r\nerkl\u00e4rbar, wirken. Dies ist der Grund f\u00fcr seine hohe Beliebtheit insbes. bei elektrosensiblen\r\nMenschen, die mit dem Ger\u00e4t endlich eine L\u00f6sung f\u00fcr ihre Probleme unterwegs (insbes. bei\r\ngro\u00dfen Menschenansammlungen, in Einkaufszentren, \u00f6ffentlichen Verkehrsmitteln, im PKW\r\nund im Beruf) gefunden haben.\r\n<\/span>\r\n<\/p>\r\n<p class=\"anwendung\">\r\nWir m\u00f6chten hier nur mehr die wichtigsten Ger\u00e4teeigenschaften zusammenfassend\r\nauflisten, denn wie Sie sicher schon bemerkt haben, dreht sich ein gro\u00dfer Teil dieser\r\nWebseite darum, das Ger\u00e4t vorzustellen und die Erfahrungen, die andere Menschen\r\ndamit gemacht haben, wiederzugeben. Wenn Sie also Details wissen wollen, dann\r\nschm\u00f6kern Sie auf dieser Webseite, insbes. unter dem Men\u00fcpunkt &#8222;Mobiler Schutz&#8220;. \r\nWenn danach noch Fragen offen sind, kontaktieren Sie uns gerne.\r\n<\/p>\r\n<h2 class=\"dark\" style=\"margin-bottom: 12px;margin-top: 12px;\">Das Hamoni\u00ae Harmonisierer Mobil \u2013 Das Wichtigste in K\u00fcrze:<\/h2>\t \r\n        <table class=\"wichtig\">\r\n            <tbody>\r\n            <tr>\r\n                <td><i class=\"fas fa-check-square\"><\/i><\/td>\r\n                <td><span class=\"ul\">Hochwirksamer Schutz vor Elektrosmog:<\/span> Sowohl bei Hochfrequenz (Handy,\r\nWLAN etc.) als auch bei Niederfrequenz (Stromleitungen, Haushaltsger\u00e4te, Bahnstrom etc.)<br clear='none'>\r\nAlle Ger\u00e4te seit Baudatum November 2019 sind wirksam bei 5G.<\/td>\r\n            <\/tr>\t\t\t\r\n<tr>\r\n                <td><i class=\"fas fa-check-square\"><\/i><\/td>\r\n                <td><span class=\"ul\">Hochwirksamer Schutz vor Erdstrahlung:<\/span> Wasserader, Gesteinsbr\u00fcche- und Verwerfungen,\r\ndiverse Gitterbelastungen. Hinweis: &#8222;Erdstrahlung&#8220; ist der umgangssprachliche Ausdruck f\u00fcr geomagnetische St\u00f6rungen. Man\r\nverwendet daf\u00fcr auch den Ausdruck &#8222;geopathische Belastungen&#8220;. Erdstrahlung tritt nat\u00fcrlich auch unterwegs auf. Sie ist\r\nimmer dann problematisch, wenn Sie sich l\u00e4nger an einem geopathisch belasteten Ort aufhalten.<\/td>\r\n            <\/tr>\r\n            <tr>\r\n                <td><i class=\"fas fa-check-square\"><\/i><\/td>\r\n                <td><span class=\"ul\">Basiert auf \r\n<\/span> \r\nder jahrelang bew\u00e4hrten, von Heilpraktikern,\r\nBaubiologen und Kunden gesch\u00e4tzten, Technologie des station\u00e4ren Hamoni\u00ae Harmonisierers.\r\n<\/td>\r\n            <\/tr>\t\t\t\r\n            <tr>\r\n                <td><i class=\"fas fa-check-square\"><\/i><\/td>\r\n                <td><span class=\"ul\">Reaktionen auf das Ger\u00e4t:\r\n<\/span> \r\nNach all unseren Erfahrungen mit Kunden, reagieren diejenigen Menschen, die positiv auf das\r\nstation\u00e4re Ger\u00e4t reagieren, durchwegs auch positiv auf das mobile Ger\u00e4t. Dies gilt auch vice versa und\r\nliegt sehr wahrscheinlich, dass beide die gleiche Technologie verwenden.\r\n<\/td>\r\n            <\/tr>\t\t\t\r\n            <tr>\r\n                <td><i class=\"fas fa-check-square\"><\/i><\/td>\r\n                <td><span class=\"ul\">Forschungsteam:<\/span> Wissenschaftler, Ingenieure und\r\nExperten mit mittlerweile mehr als 10 Jahren Praxiserfahrung auf dem Gebiet Elektrosmog und geopathische Belastungen.<\/td>\r\n            <\/tr>\r\n\t\t\t<tr>\r\n                <td><i class=\"fas fa-check-square\"><\/i><\/td>\r\n                <td><span class=\"ul\">Sehr leicht und kompakt. <\/span>Gewicht: 14g. Abmessungen: 6,6&nbsp;cm&nbsp;x&nbsp;3,4&nbsp;cm&nbsp;x&nbsp;2,4 cm.<\/td>\r\n            <\/tr>\r\n            <tr>\r\n                <td><i class=\"fas fa-check-square\"><\/i><\/td>\r\n                <td><span class=\"ul\">Kann umgeh\u00e4ngt werden, muss aber nicht.<\/span>\r\n\t\t\t\t<\/td>\r\n            <\/tr>\r\n            <tr>\r\n                <td><i class=\"fas fa-check-square\"><\/i><\/td>\r\n                <td><span class=\"ul\">Mitf\u00fchren in Kleider- und Handtaschen, Rucksack,\r\nSchul- und Arbeitstaschen etc. m\u00f6glich.<\/span><\/td>\r\n            <\/tr>\r\n            <tr>\r\n                <td><i class=\"fas fa-check-square\"><\/i><\/td>\r\n                <td><span class=\"ul\">Anwendung im PKW <\/span> beispielsweise durch Ablegen in Konsolen.<\/td>\r\n            <\/tr>\r\n            <tr>\r\n                <td><i class=\"fas fa-check-square\"><\/i><\/td>\r\n                <td><span class=\"ul\">Auch zuhause verwendbar:<\/span> Zum Beispiel nachts durch\r\nPlatzierung auf dem Nachtk\u00e4stchen oder im Bett oder tags\u00fcber am Schreibtisch im Home-Office.<\/td>\r\n            <\/tr>\r\n            <tr>\r\n                <td><i class=\"fas fa-check-square\"><\/i><\/td>\r\n                <td><span class=\"ul\">Reichweite:<\/span> Mindestens 3m im Radius. Reichweite bedeutet hierbei, dass\r\nSie sich im Wirkradius befinden m\u00fcssen. Die Strahlungs- und Feldquellen k\u00f6nnen sich hingegen irgendwo, d.h. auch\r\nau\u00dferhalb des Wirkbereichs befinden. Das Ger\u00e4t wirkt immer auf die Summe aller Felder, die sich im Wirkbereich \u00fcberlagern. \r\nEs ist dabei unerheblich, ob die Felder innerhalb oder au\u00dferhalb des Wirkbereichs erzeugt werden.<\/td>\r\n            <\/tr>\t\t\t\r\n<tr>\r\n                <td><i class=\"fas fa-check-square\"><\/i><\/td>\r\n                <td><span class=\"ul\">Energieversorgung:<\/span> Keine Batterie n\u00f6tig. Ger\u00e4t versorgt sich\r\nselbst durch elektromagnetisches \u201eEnergy Harvesting\u201c. Es ist daher sofort wirksam, sobald der letzte L\u00f6tpunkt in der Produktion\r\ngesetzt wurde.<\/td>\r\n            <\/tr>\r\n            <tr>\r\n                <td><i class=\"fas fa-check-square\"><\/i><\/td>\r\n                <td><span class=\"ul\">Wartungsfrei, sto\u00dfsicher und wasserresistent.<\/span> \u00dcbersteht eine Dusche oder starken Regenschauer.<\/td>\r\n            <\/tr>\r\n            <tr>\r\n                <td><i class=\"fas fa-check-square\"><\/i><\/td>\r\n                <td><span class=\"ul\">Im Flugzeug mitnehmbar.<\/span> Sowohl am K\u00f6rper, im Handgep\u00e4ck als auch im Aufgabegep\u00e4ck.<\/td>\r\n            <\/tr>\r\n            <tr>\r\n                <td><i class=\"fas fa-check-square\"><\/i><\/td>\r\n                <td><span class=\"ul\">Ideal f\u00fcr:<\/span> Arbeitsplatz, Schule, \u00f6ffentlichen Verkehr, PKW, Orte mit vielen\r\n\t\t\t\tMenschen (z.B. Einkaufszentren)<\/td>\r\n            <\/tr>\t\t\t\r\n<\/tbody>\r\n        <\/table>","protected":false},"excerpt":{"rendered":"Was ist der Hamoni\u00ae Harmonisierer Mobil und warum brauchen Sie [&hellip;]","protected":false},"featured_media":2494,"template":"","meta":[],"product_cat":[22,19],"product_tag":[],"_links":{"self":[{"href":"https:\/\/www.elektrosmoghilfe.com\/erdstrahlen\/wp-json\/wp\/v2\/product\/2006"}],"collection":[{"href":"https:\/\/www.elektrosmoghilfe.com\/erdstrahlen\/wp-json\/wp\/v2\/product"}],"about":[{"href":"https:\/\/www.elektrosmoghilfe.com\/erdstrahlen\/wp-json\/wp\/v2\/types\/product"}],"wp:featuredmedia":[{"embeddable":true,"href":"https:\/\/www.elektrosmoghilfe.com\/erdstrahlen\/wp-json\/wp\/v2\/media\/2494"}],"wp:attachment":[{"href":"https:\/\/www.elektrosmoghilfe.com\/erdstrahlen\/wp-json\/wp\/v2\/media?parent=2006"}],"wp:term":[{"taxonomy":"product_cat","embeddable":true,"href":"https:\/\/www.elektrosmoghilfe.com\/erdstrahlen\/wp-json\/wp\/v2\/product_cat?post=2006"},{"taxonomy":"product_tag","embeddable":true,"href":"https:\/\/www.elektrosmoghilfe.com\/erdstrahlen\/wp-json\/wp\/v2\/product_tag?post=2006"}],"curies":[{"name":"wp","href":"https:\/\/api.w.org\/{rel}","templated":true}]}}