{"id":955,"date":"2016-09-01T21:53:42","date_gmt":"2016-09-01T21:53:42","guid":{"rendered":"https:\/\/www.elektrosmoghilfe.com\/erdstrahlen\/?page_id=955"},"modified":"2017-09-15T22:58:20","modified_gmt":"2017-09-15T22:58:20","slug":"schueler-und-lehrer-mit-handymast-direkt-vor-schule-viel-ausgeglichener-und-ruhiger","status":"publish","type":"page","link":"https:\/\/www.elektrosmoghilfe.com\/erdstrahlen\/schueler-und-lehrer-mit-handymast-direkt-vor-schule-viel-ausgeglichener-und-ruhiger\/","title":{"rendered":"Sch\u00fcler und Lehrer mit Handymast direkt vor Schule viel ausgeglichener und ruhiger"},"content":{"rendered":"<div class=\"fusion-fullwidth fullwidth-box fusion-builder-row-1 nonhundred-percent-fullwidth non-hundred-percent-height-scrolling\" style=\"background-color: rgba(255,255,255,0);background-position: left top;background-repeat: no-repeat;padding-top:0px;padding-right:0px;padding-bottom:0px;padding-left:0px;margin-bottom: 0px;margin-top: 0px;border-width: 0px 0px 0px 0px;border-color:#eae9e9;border-style:solid;\" ><div class=\"fusion-builder-row fusion-row\">\n<div class=\"fusion-layout-column fusion_builder_column fusion-builder-column-0 fusion_builder_column_2_3 2_3 fusion-two-third fusion-column-first threefifth1\" style=\"width:65.3333%; margin-right: 4%;margin-top:0px;margin-bottom:0px;\" id=\"columnMain\"><div class=\"fusion-column-wrapper fusion-flex-column-wrapper-legacy\" style=\"background-position:left top;background-repeat:no-repeat;-webkit-background-size:cover;-moz-background-size:cover;-o-background-size:cover;background-size:cover;padding: 0px 0px 0px 0px;\">\n\n<h1 class=\"subpage\">Der Hamoni\u00ae Harmonisierer macht Sch\u00fcler und Lehrer einer Sprachschule mit Handymast\n    direkt vor dem Schulgeb\u00e4ude viel ausgeglichener und ruhiger*<br clear='none'>\n    <span class=\"h1SubTitle\">Frau M. G., Kundin aus 79336 Herbolzheim<\/span><\/h1>\n\n<p class=\"anwendung fs16 sum\">\n<span class=\"emphDark\">\nFrau G. leitet eine Sprachschule und machte sich schon l\u00e4nger Sorgen wegen eines Mobilfunkmastes direkt vor dem Schulgeb\u00e4ude. Sie kontaktierte uns im Februar 2016 und berichtete von einer inneren Unruhe sowohl von Lehrern als auch Sch\u00fclern. Dem Harmonisierer wurde daraufhin die Chance gegeben, sich in der Schule zu bew\u00e4hren. Nach nur einer Woche Anwendung erhielten wir dann diese R\u00fcckmeldung, die uns sehr gefreut hat, da sie von der positiven, gleichzeitigen Wirkung des Ger\u00e4ts bei vielen Menschen unterschiedlichen Alters berichtet.\n<\/span>\n<\/p>\n\n<p class=\"anwendung report report2\" style=\"color:#0989D6;text-decoration:underline\">\n    Betr.: Vielen Dank! \u2013 Mehr Flyer!\n<\/p>\n\n<p class=\"anwendung report report2\">\n    \u201eHallo liebes Hamoni\u2013Team,\n<\/p>\n\n<p class=\"anwendung report report2 indent2\">\n    Ich habe seit ca. 1 Woche Ihr Harmonisierger\u00e4t bei uns und muss sagen, dass ich wirklich von Tag 1 die beruhigende\n    und wohltuende Wirkung sp\u00fcren kann. Wir arbeiten in unserer Sprachschule den ganzen Tag und ein Handymast ist direkt\n    vor unserer T\u00fcr\u2026\n<\/p>\n\n<p class=\"anwendung report report2 indent2\">\n    Selbst unsere Kinder in der Kinderbetreuung sind viel ausgeglichener und unsere Kollegen berichten von einer Ruhe,\n    die sie vorher noch nie so versp\u00fcrt haben.\n<\/p>\n\n<p class=\"anwendung report report2 indent2\">\n    Gerne w\u00fcrde ich mehr \u00fcber die Wirkweise des Ger\u00e4tes wissen und K\u00f6nnten Sie mir mehr Flyer und Brosch\u00fcren schicken,\n    denn ich werde dieses gerne mehreren Menschen weiter empfehlen und in unserer Sprachschule auslegen.\n<\/p>\n\n<p class=\"anwendung report report2 indent2\">\n    Vielen Dank vorerst und herzliche Gr\u00fc\u00dfe\n<\/p>\n\n<p class=\"anwendung report report2 \">\n    M. G.\u201c\n<\/p>\n\n<h2>Unsere Anmerkungen<\/h2>\n\n<p class=\"anwendung\">\n<span class=\"emphDark fs16\">\n1) \u201e\u2026und ein Handymast ist direkt vor unserer T\u00fcr\u2026\u201c \n<\/span>\n    Das Problem eines Mobilfunkmastes in direkter N\u00e4he von Wohnst\u00e4tten z\u00e4hlt zu den h\u00e4ufigsten Gr\u00fcnden, warum Kunden\n    sich an uns wenden. Wir hatten bis jetzt noch nie einen Fall, wo die gesetzlichen Grenzwerte f\u00fcr die\n    Strahlenbelastung \u00fcberschritten wurden, selbst wenn sich mehrere Antennen in unmittelbarer N\u00e4he befanden. Das hei\u00dft\n    aber in keinster Weise, dass die Belastung in der N\u00e4he von Mobilfunkmasten unbedenklich w\u00e4re. Unserer Meinung nach\n    sind einerseits die Grenzwerte deutlich zu hoch. Andererseits ber\u00fccksichtigen diese Grenzwerte die falschen\n    Schadmechanismen. Sie gehen n\u00e4mlich schlicht und einfach davon aus, dass es blo\u00df die strahlungsbedingte\n    Gewebeerw\u00e4rmung ist, die uns schadet. \n<\/p>\n<p class=\"anwendung indent2 subs\">\nDiese Vorstellung ist schon l\u00e4ngst nicht mehr wissenschaftlich haltbar, denn\n    sie l\u00e4sst die wichtigen sog. athermischen (nicht w\u00e4rmebedingten) Strahlenwirkungen v\u00f6llig au\u00dfer acht. Wir sagen das\n    nicht, weil wir Panik machen oder m\u00f6glichst viele Harmonisierer verkaufen wollen. Vielmehr sagen wir das nach\n    jahrelanger Erfahrung mit Kunden, die unter den verschiedensten Beschwerden leiden, die entweder durch\n    Strahlenbelastung ausgel\u00f6st oder dadurch verschlimmert wurden. Und das, obwohl jeder Grenzwert unterschritten wurde.\n<\/p>\n\n<p class=\"anwendung\">\n<span class=\"emphDark fs16\">\n2) \u201eSelbst unsere Kinder in der Kinderbetreuung sind viel ausgeglichener\u2026\u201c \n<\/span>\n    Das Thema &#8222;unruhige Kinder&#8220; ist uns allen gut bekannt. Es hat sie immer gegeben,\n    denken Sie nur an den\n    <i>&#8222;Zappelphilipp&#8220;<\/i> aus dem <i>&#8222;Struwwelpeter&#8220;<\/i>, und wird sie immer geben. \nEs liegt uns daher fern, Unruhe bei Kindern ohne genaue Analyse der Situation vorschnell dem Einfluss von\n    Strahlenbelastung zuzuschreiben.\n    Wir finden auch, dass man bei Korrelationen vorsichtig sein muss. Wie Sie\n    wahrscheinlich wissen, ist\n    die Diagnose <i>ADHS (Aufmerksamkeits-Defizit-Hyperaktivit\u00e4ts-St\u00f6rung)<\/i> bei\n    Kindern in\n    den letzten Jahren\n    geradezu explodiert. \n<\/p>\n<p class=\"anwendung indent2 subs\">\nEin guter Teil der Diagnosen ist aber darin begr\u00fcndet, dass\n\u00c4rzte einfach &#8222;diagnosefreudiger&#8220; geworden sind. \nSie bewerten ein Verhalten heute als krankhaft (Stichwort:\n    &#8222;Modediagnose&#8220;), das fr\u00fcher nicht als Krankheit angesehen wurde.\n    Nichtsdestotrotz beobachten wir h\u00e4ufig, dass Strahlenbelastung\n    innere Unruhe, sowohl bei Kindern als auch bei Erwachsenen, hervorruft. \n<\/p>\n<p class=\"anwendung indent2 subs\">\nDas verwundert nicht,\n    erh\u00f6ht doch Strahlenbelastung (sei\n    es Elektrosmog oder geopathische Belastung) die Stressbelastung des K\u00f6rpers, wie man\n    beispielsweise im Herzfrequenz-Variabilit\u00e4ts-Test\n    sieht. Dieser Stress kann eine Reihe von schweren, k\u00f6rperlichen Erkrankungen\n    hervorrufen (siehe das ausf\u00fchrliche Kapitel dazu\n    in unserer Info-Brosch\u00fcre), zeigt sich aber auch h\u00e4ufig auf psychischer Ebene.\n<\/p>\n\n<p class=\"anwendung\">\n<span class=\"emphDark fs16\">\n3) Innere Unruhe\n<\/span>\n    ist eine h\u00e4ufige psychische Manifestation von Stressbelastung, aber auch im zwischenmenschlichen Bereich wirkt sich\n    der Stress aus.\n    Ein Beispiel daf\u00fcr findet sich in der R\u00fcckmeldung unserer Kundin Ms. K.D. aus Gro\u00dfbritannien, deren Nachbarn seit\n    Aufstellen des Harmonisierers merklich weniger gereizt sind. \n<\/p>\n<p class=\"anwendung indent2 subs\">\nEin Thema, das wir bisher nicht angesprochen haben,\n    sind Beziehungsprobleme bzw. Probleme zwischen Familienmitgliedern, Arbeitskollegen, Nachbarn etc. Wir h\u00f6ren immer\n    wieder von Kunden, dass sich das Klima im zwischenmenschlichen Bereich nach Aufstellen des Harmonisierers merkbar\n    gebessert hat. Die innere Unruhe und Stressbelastung wirkt sich nat\u00fcrlich auf das Miteinander aus, nicht zuletzt\n    deshalb, weil wir Konflikte schlechter ertragen k\u00f6nnen bzw. uns Dinge irritieren, \u00fcber die wir im ungestressten\n    Zustand leicht hinwegsehen k\u00f6nnen.\n<\/p>\n\n<p class=\"anwendung\">\n    <img class=\"anwendung mainColumn\" src=\"https:\/\/www.elektrosmoghilfe.com\/erdstrahlen\/wp-content\/uploads\/images\/schueler_mit_handys.jpg\"\n         alt=\"Sch\u00fcler verwenden Smartphones und Tablets w\u00e4hrend Schulpause\">\n    <span class=\"emphDark fs16\">Typische Pausen-Szene in unseren Schulen:<\/span> In der gro\u00dfen Mehrheit der Schulen gibt\n    es kein Handy-Verbot, meist weil Sch\u00fclervertreter dagegen sind. Auch fl\u00e4chendeckendes WLAN wird oft angeboten,\n    einerseits aus Bequemlichkeit, andererseits um die Mobilfunkrechnung von Lehrern und Sch\u00fclern zu schonen. Die Handys\n    (aus Statusgr\u00fcnden heute praktisch durchgehend Smartphones) der Sch\u00fcler stellen vor allem im Klassenzimmer aus Sicht\n    der Strahlenbelastung ein gro\u00dfes Problem dar, von p\u00e4dagogischen Problemen ganz abgesehen\n<\/p>\n<p class=\"anwendung indent2 subs\">\n    Ein bayerischer Gymnasiallehrer ist Kunde von uns und hat uns berichtet, dass laut seiner Erfahrung mind. 2\/3 aller\n    Sch\u00fcler ein Handy zum Unterricht mitbringen. Diese sind zwar in aller Regel w\u00e4hrend des Unterrichts ausgeschaltet,\n    was aber nicht hei\u00dft, dass sie nicht strahlen. Der Grund daf\u00fcr: Smartphones funken i.d.R. auch, wenn nicht aktiv\n    telefoniert wird. Dies hat mit den installierten Apps zu tun, die auch im lautlosen Zustand andauernd Daten\n    empfangen, z.B. Nachrichten von Facebook oder WhatsApp.\n<\/p>\n<p class=\"anwendung indent2 subs\">\n    <span class=\"emphDark fs16\">Aus technischer Sicht haben wir es in einem durchschnittlichen Klassenzimmer daher heute mit ca. 20\n    Mikrowellensendern auf sehr engem Raum zu tun.<\/span> Dies stellt insoferne ein gro\u00dfes Problem dar, weil die Sender sehr\n    nahe bei den Sch\u00fclern liegen (etwa in der Hosentasche oder im Schulranzen), aber auch, weil die Belastung \u00fcber\n    mehrere Stunden vorhanden ist. Wenn Sie in der U-Bahn fahren, haben Sie eine \u00e4hnliche Belastung auf engem Raum,\n    allerdings halten Sie sich dort i.d.R. viel k\u00fcrzer auf.\n<\/p>\n\n<p class=\"anwendung indent2 subs\">\n    Kein Wunder also, dass \u00fcberproportional viele Lehrer zu unseren Kunden z\u00e4hlen, wovon manche den Harmonisierer\n    (diskret in einer Tasche versteckt) sogar in das Klassenzimmer mitnehmen.\n<\/p>\n\n<a class=\"fusion-modal-text-link\" data-toggle=\"modal\" data-target=\".fusion-modal.modal08\" href=\"#\">\n<p class=\"anwendung emphDark fs16 screenPrev\">\n    Erfahrungsbericht von Frau M.G. (Originale Email)\n    <img src=\"https:\/\/www.elektrosmoghilfe.com\/erdstrahlen\/wp-content\/uploads\/images\/feedback_sprachschule.jpg\">\n<\/p>\n<\/a>\n<div class=\"fusion-modal modal fade modal-1 modal08\" tabindex=\"-1\" role=\"dialog\" aria-labelledby=\"modal-heading-1\" aria-hidden=\"true\"><style type=\"text\/css\">.modal-1 .modal-header, .modal-1 .modal-footer{border-color:#ebebeb;}<\/style><div class=\"modal-dialog modal-lg\" role=\"document\"><div class=\"modal-content fusion-modal-content\" style=\"background-color:#ffffff\"><div class=\"modal-header\"><button class=\"close\" type=\"button\" data-dismiss=\"modal\" aria-hidden=\"true\" aria-label=\"Close\">&times;<\/button><h3 class=\"modal-title\" id=\"modal-heading-1\" data-dismiss=\"modal\" aria-hidden=\"true\">Erfahrungsbericht von Frau M.G. (Originale Email)<\/h3><\/div><div class=\"modal-body fusion-clearfix\">\n<img src=\"https:\/\/www.elektrosmoghilfe.com\/erdstrahlen\/wp-content\/uploads\/images\/feedback_sprachschule.jpg\">\n<\/div><\/div><\/div><\/div>\n\n<div class=\"fusion-clearfix\"><\/div><\/div><\/div>\n<div class=\"fusion-layout-column fusion_builder_column fusion-builder-column-1 fusion_builder_column_1_3 1_3 fusion-one-third fusion-column-last twofifth1\" style=\"width:30.6666%;margin-top:0px;margin-bottom:0px;\" id=\"columnSide\"><div class=\"fusion-column-wrapper fusion-flex-column-wrapper-legacy\" style=\"background-position:left\ntop;background-repeat:no-repeat;-webkit-background-size:cover;-moz-background-size:cover;-o-background-size:cover;background-size:cover;padding: 0px 0px 0px 0px;\">\n\n<p class=\"emphDark fs16\" style=\"text-align:center;line-height: 19px;margin-bottom: 0px;\">\n    \u201eSelbst unsere Kinder in der Kinderbetreuung sind viel ausgeglichener und unsere Kollegen berichten von einer Ruhe,\n    die sie vorher noch nie so versp\u00fcrt haben.\u201c\n<\/p>\n\n<p class=\"emphLight fs16\" style=\"text-align:center;margin-bottom: 12px;\">\n    Frau&nbsp;M.G.\n<\/p>\n<!--\n<p class=\"emphLight fs14\" style=\"text-align:center;line-height:14px;\">Erfahrungsbericht als pdf-Datei:<br clear='none'>\n<a href=\"&#091;global_uploads&#093;\/documents\/hamoni_broschuere_erfahrungsbericht_tinnitus_bluthochdruck.pdf\">\n    <img class=\"img_pdf\" style=\"margin-top:0px;margin-bottom:24px\" \n         src=\"&#091;global_uploads&#093;\/images\/hamoni_broschuere_erfahrungsbericht_tinnitus_bluthochdruck.jpg\">\n<\/a>\n<\/p>\n-->\n<img class=\"sidebar\"\n     src=\"https:\/\/www.elektrosmoghilfe.com\/erdstrahlen\/wp-content\/uploads\/images\/mobilfunk_antenne.jpg\"\n     alt=\"Mobilfunkantenne\">\n\n<p class=\"imgDescr\">\n<span class=\"emphDark fs14\">\nDie gesetzlichen Grenzwerte<\/span>\n    der Strahlenbelastung haben 2 gravierende M\u00e4ngel: Erstens sind sie viel zu hoch und zweitens regeln Sie nur einen\n    Aspekt der hochfrequenten Mobilfunkstrahlung, n\u00e4mlich deren thermische Wirkung. Es wird schlicht davon ausgegangen,\n    dass die einzige Schadwirkung der Strahlung in der Erw\u00e4rmung unseres K\u00f6rpergewebes besteht. Man weiss aber schon\n    lange, dass die sog. athermischen Wirkungen, also die nicht auf Erw\u00e4rmung beruhenden Strahleneffekte, teils deutlich\n    sch\u00e4dlicher als die thermischen Effekte sind.\n<\/p>\n\n<p class=\"imgDescr indent2\">\n    <span class=\"emphDark fs14\">Eine Analogie<\/span> anhand einer anderen wichtigen Quelle von sog. Umweltstress,\n    n\u00e4mlich dem Autoverkehr, soll das Problem verdeutlichen. Der Autoverkehr ist u.a. f\u00fcr 2 wichtige Belastungen f\u00fcr\n    unseren Organismus verantwortlich: L\u00e4rmbelastung und Schadstoffbelastung. Die gesetzlichen Grenzwerte beim\n    Mobilfunk, die nur die thermischen Wirkungen regeln, wirken so, als ob man bei Automobilen nur den L\u00e4rmpegel regelt\n    und meint, dadurch w\u00e4re automatisch die Schadstoffbelastung mitgeregelt. Das ist nat\u00fcrlich grober Unfug, aber\n    derzeit bei den Mobilfunk-Grenzwerten genau der Fall.\n<\/p>\n\n<p class=\"imgDescr indent2\">\n    Wir haben durchaus Verst\u00e4ndnis f\u00fcr die Politik, die <span class=\"emphDark fs14\">in einem Dilemma<\/span> steckt: Sie\n    soll einerseits die Gesundheit der Bev\u00f6lkerung sch\u00fctzen, andererseits aber auch f\u00fcr m\u00f6glichst viele Arbeitspl\u00e4tze\n    sorgen. Beim Thema Mobilfunk prallt nun dieser Interessenskonflikt besonders stark aufeinander, denn hier gibt es\n    besonders hohes Schadpotential aber auch gro\u00dfe wirtschaftliche Relevanz. Die Festlegung von Grenzwerten ist in\n    diesen F\u00e4llen der einzig gangbare Weg, um einigerma\u00dfen aus dem Dilemma herauszukommen. Allerdings machen diese nur\n    dann Sinn, wenn Sie auch wirklich vern\u00fcnftig festgelegt werden, was uns derzeit nicht der Fall zu sein scheint.\n<\/p>\n\n<a class=\"fusion-modal-text-link\" data-toggle=\"modal\" data-target=\".fusion-modal.modal02\" href=\"#\">\n<img src=\"https:\/\/www.elektrosmoghilfe.com\/erdstrahlen\/wp-content\/uploads\/images\/Gefahr_Handymast_Abstand_Ausschnitt.jpg\" style=\"margin-bottom:10px\"><br clear='none'>\n<\/a>\n<div class=\"fusion-modal modal fade modal-2 modal02\" tabindex=\"-1\" role=\"dialog\" aria-labelledby=\"modal-heading-2\" aria-hidden=\"true\"><style type=\"text\/css\">.modal-2 .modal-header, .modal-2 .modal-footer{border-color:#ebebeb;}<\/style><div class=\"modal-dialog modal-lg\" role=\"document\"><div class=\"modal-content fusion-modal-content\" style=\"background-color:#ffffff\"><div class=\"modal-header\"><button class=\"close\" type=\"button\" data-dismiss=\"modal\" aria-hidden=\"true\" aria-label=\"Close\">&times;<\/button><h3 class=\"modal-title\" id=\"modal-heading-2\" data-dismiss=\"modal\" aria-hidden=\"true\">Abh\u00e4ngigkeit der Strahlen-Belastung vom Abstand zum Handymasten<\/h3><\/div><div class=\"modal-body fusion-clearfix\">\n<img src=\"https:\/\/www.elektrosmoghilfe.com\/erdstrahlen\/wp-content\/uploads\/images\/Gefahr_Handymast_Abstand.jpg\"><br clear='none'>\n<\/div><\/div><\/div><\/div>\n\n<p class=\"imgDescr\">\n<span class=\"emphDark fs14\">\nAbh\u00e4ngigkeit der Strahlen-Belastung vom Abstand zum Handymasten (Anklicken f\u00fcr mehr Details)<\/span>\n    Baubiologen verwenden folgende Faustregel f\u00fcr die Belastungsst\u00e4rke eine Mobilfunkmastes: Wohnungen oder H\u00e4user\n    innerhalb von 400m Abstand vom Masten gelten als sehr gef\u00e4hrdet. Abst\u00e4nde zwischen 400m und 1000m gelten als\n    mittlere Gef\u00e4hrdung. Abst\u00e4nde \u00fcber 1km sind relativ unbedenklich.\n<\/p>\n\n<p class=\"imgDescr indent2\">\n    Bei niedrigen Abst\u00e4nden gilt es noch zu bedenken, dass nicht nur der Abstand, sondern auch die vertikale Lage der\n    Wohnung bzw. des Hauses die Belastung beeinflusst. Eine Mobilfunkantenne hat n\u00e4mlich ein sog. Strahlungsprofil, d.h.\n    sie strahlt nicht in alle Richtungen gleich stark ab. In der Regel ist die Belastung auf derselben H\u00f6he, auf der die\n    Antenne angebracht ist, am st\u00e4rksten und Boden am schw\u00e4chsten. Das genaue Strahlungsprofil ist meist keulenf\u00f6rmig,\n    von Antenne zu Antenne verschieden, und h\u00e4ngt davon ab, welches geographische Gebiet von der Mobilfunkzelle\n    \u201eauszuleuchten\u201c ist.\n<\/p>\n\n<img class=\"sidebar\"\n     src=\"https:\/\/www.elektrosmoghilfe.com\/erdstrahlen\/wp-content\/uploads\/images\/unruhiges_kind.jpg\"\n     alt=\"Unruhiges Kind in Schulklasse\">\n\n<p class=\"imgDescr\">\n<span class=\"emphDark fs14\">\nUnruhe bei Kindern<\/span>\n    kann die verschiedensten Gr\u00fcnde haben und in jedem Einzelfall muss der Ursache individuell auf den Grund gegangen\n    werden. Uns liegt es fern, Elektrosmog pauschal als den Hauptfaktor f\u00fcr diese Unruhe zu identifizieren. Allerdings\n    ist es wichtig, darauf als einen der m\u00f6glichen Gr\u00fcnde hinzuweisen, denn oft erw\u00e4gen betroffene Eltern oder Lehrer\n    diese Ursache aus Unwissenheit \u00fcberhaupt nicht.\n<\/p>\n\n<p class=\"imgDescr indent2\">\n    Unruhe, hervorgerufen durch Elektrosmog, aber auch durch geopathische Belastungen (Erdstrahlung), ist dabei nicht\n    auf Kinder beschr\u00e4nkt. Auch bei Erwachsenen und Tieren (h\u00e4ufig bei Hunden) tritt dieses Problem auf.\n<\/p>\n\n<div class=\"fusion-clearfix\"><\/div><\/div><\/div><\/div><\/div>","protected":false},"excerpt":{"rendered":"","protected":false},"author":1,"featured_media":0,"parent":0,"menu_order":0,"comment_status":"closed","ping_status":"closed","template":"","meta":[],"_links":{"self":[{"href":"https:\/\/www.elektrosmoghilfe.com\/erdstrahlen\/wp-json\/wp\/v2\/pages\/955"}],"collection":[{"href":"https:\/\/www.elektrosmoghilfe.com\/erdstrahlen\/wp-json\/wp\/v2\/pages"}],"about":[{"href":"https:\/\/www.elektrosmoghilfe.com\/erdstrahlen\/wp-json\/wp\/v2\/types\/page"}],"author":[{"embeddable":true,"href":"https:\/\/www.elektrosmoghilfe.com\/erdstrahlen\/wp-json\/wp\/v2\/users\/1"}],"replies":[{"embeddable":true,"href":"https:\/\/www.elektrosmoghilfe.com\/erdstrahlen\/wp-json\/wp\/v2\/comments?post=955"}],"version-history":[{"count":1,"href":"https:\/\/www.elektrosmoghilfe.com\/erdstrahlen\/wp-json\/wp\/v2\/pages\/955\/revisions"}],"predecessor-version":[{"id":1308,"href":"https:\/\/www.elektrosmoghilfe.com\/erdstrahlen\/wp-json\/wp\/v2\/pages\/955\/revisions\/1308"}],"wp:attachment":[{"href":"https:\/\/www.elektrosmoghilfe.com\/erdstrahlen\/wp-json\/wp\/v2\/media?parent=955"}],"curies":[{"name":"wp","href":"https:\/\/api.w.org\/{rel}","templated":true}]}}