{"id":926,"date":"2016-09-01T21:30:56","date_gmt":"2016-09-01T21:30:56","guid":{"rendered":"https:\/\/www.elektrosmoghilfe.com\/erdstrahlen\/?page_id=926"},"modified":"2017-09-15T22:58:20","modified_gmt":"2017-09-15T22:58:20","slug":"interview-mit-einer-anwenderin","status":"publish","type":"page","link":"https:\/\/www.elektrosmoghilfe.com\/erdstrahlen\/interview-mit-einer-anwenderin\/","title":{"rendered":"Interview mit einer Anwenderin"},"content":{"rendered":"<div class=\"fusion-fullwidth fullwidth-box fusion-builder-row-1 nonhundred-percent-fullwidth non-hundred-percent-height-scrolling\" style=\"background-color: rgba(255,255,255,0);background-position: left top;background-repeat: no-repeat;padding-top:0px;padding-right:0px;padding-bottom:0px;padding-left:0px;margin-bottom: 0px;margin-top: 0px;border-width: 0px 0px 0px 0px;border-color:#eae9e9;border-style:solid;\" ><div class=\"fusion-builder-row fusion-row\">\n<div class=\"fusion-layout-column fusion_builder_column fusion-builder-column-0 fusion_builder_column_2_3 2_3 fusion-two-third fusion-column-first threefifth1\" style=\"width:65.3333%; margin-right: 4%;margin-top:0px;margin-bottom:0px;\" id=\"columnMain\"><div class=\"fusion-column-wrapper fusion-flex-column-wrapper-legacy\" style=\"background-position:left top;background-repeat:no-repeat;-webkit-background-size:cover;-moz-background-size:cover;-o-background-size:cover;background-size:cover;padding: 0px 0px 0px 0px;\">\n\n<h1 class=\"subpage\">Interview mit einer Anwenderin*<br clear='none'>\n    <span class=\"h1SubTitle\">Mag. Waltraud E., 60, Lehrerin i.R., Burgenland<\/span><\/h1>\n\n<p class=\"anwendung fs16\">\n<span class=\"emphDark\">\nSehr geehrte Frau E., vielen Dank, dass Sie sich f\u00fcr dieses Gespr\u00e4ch bereit erkl\u00e4rt haben. Wie sind Sie auf den Harmonisierer gestossen?\n<\/span>\n<\/p>\n<p class=\"anwendung report report2 indent2\">\nAlternative Heilmethoden haben mich schon immer interessiert. Ich muss sagen, dass ich selbst die gr\u00f6\u00dfte Zeit meines Lebens immer kerngesund gewesen bin und mir daher mein Wissen in erster Linie f\u00fcr Freunde und Familienmitglieder angeeignet habe. Vor einiger Zeit bin ich innerhalb \u00d6sterreichs umgezogen, an einen wundersch\u00f6nen Ort am Neusiedler See im Burgenland. Ich f\u00fchle mich hier richtig wohl, nur ein Problem trat bald auf: Mich plagten enorme R\u00fcckenschmerzen. Das ging so weit, dass ich zeitweise nur geb\u00fcckt gehen und vor lauter Schmerzen das Bett nicht verlassen konnte.\n<\/p>\n\n<p class=\"anwendung fs16\">\n<span class=\"emphDark\">\nDas ist ein sehr h\u00e4ufiges Leiden. Sie als fr\u00fchere Lehrerin haben lange Jahre ihre T\u00e4tigkeit im Sitzen ausge\u00fcbt. Wieso sind Sie ausgerechnet auf die Idee gekommen, Ihre Probleme k\u00f6nnten mit Erdstrahlen zu tun haben?\n<\/span>\n<\/p>\n<p class=\"anwendung report report2 indent2\">\nZu Beginn habe ich das auch \u00fcberhaupt nicht in Betracht gezogen. Ich dachte mir, ich m\u00fcsse beim Umzug zu schwer geschleppt haben. Oder ich w\u00fcrde jetzt wohl wirklich alt. Wir lesen in den Medien dauernd vom Volksleiden R\u00fcckenschmerzen. Ich hatte mich damit abgefunden, dass es mir jetzt eben so wie vielen anderen ging. An meinem Zustand \u00e4nderte sich \u00fcber ein Jahr gar nichts. Dann fiel mir durch Zufall in der Hauptbibliothek in Wien ein Buch \u00fcber Erdstrahlen auf. Ich entwickelte ein gro\u00dfes Interesse und kannte bald jedes deutschsprachige Buch zu diesem Thema. Mir kam der Verdacht, dass meine Ortsver\u00e4nderung schuld an den R\u00fcckenschmerzen sein k\u00f6nnte. War mein altes Haus zuf\u00e4llig erdstrahlenfrei gewesen und mein neues nicht?\n<\/p>\n\n<p class=\"anwendung fs16\">\n<span class=\"emphDark\">\nSie machen es aber spannend!\n<\/span>\n<\/p>\n<p class=\"anwendung report report2 indent2\">\nUm Klarheit zu bekommen, wollte ich einen bekannten Muskeltest machen. Den Test macht man zuerst an einem unbelasteten Ort. Dabei streckt die Testperson ihren Arm waagerecht aus, der \u201eTestleiter\u201c versucht, den Arm senkrecht nach unten zu dr\u00fccken. Der Testperson wird vorher gesagt, dass sie mit voller Gegenkraft nach oben dr\u00fccken soll. Normalerweise kann sie problemlos Widerstand leisten. Dann bittet man sie, sich 10 min. in das Bett zu legen, das man austesten will. Danach wiederholt man den Test. Und nun das Unglaubliche: Ist das Bett belastet, gelingt es der Testperson beim besten Willen nicht mehr, Widerstand zu leisten. Ihr Arm sackt schlapp nach unten, egal wie sehr sie sich anstrengt. Grund daf\u00fcr ist die Belastung durch Erdstrahlen, die in der kurzen Zeit gen\u00fcgt, um den Organismus zu schw\u00e4chen.\n<\/p>\n\n<p class=\"anwendung fs16\">\n<span class=\"emphDark\">\nWas hat denn der Test ergeben?\n<\/span>\n<\/p>\n<p class=\"anwendung report report2 indent2\">\nAls Testperson suchte ich mir einen Bekannten aus, der keine Ahnung von Erdstrahlen hatte. Ich erz\u00e4hlte ihm nicht, warum er diesen Test machen sollte, sondern bat ihn nur, den Testschritten zu folgen. Nachdem er auf meinem Bett gelegen hatte, konnte er zu seinem gr\u00f6\u00dften Erstaunen mit seinem Arm \u00fcberhaupt keinen Widerstand mehr leisten. Er sagte, sein Arm sei wie Pudding! Auch wiederholte Versuche \u00e4nderten nichts. Wir beide waren vollkommen verbl\u00fcfft. Nat\u00fcrlich habe ich den Test mit anderen Personen wiederholt. Immer mit dem gleichen Ergebnis. F\u00fcr mich stand fest: Mein Bett ist belastet, ich muss dringend etwas tun!\n<\/p>\n\n<p class=\"anwendung fs16\">\n<span class=\"emphDark\">\nUm zum Harmonisierer zur\u00fcckzukommen\u2026\n<\/span>\n<\/p>\n<p class=\"anwendung report report2 indent2\">\nDen Harmonisierer habe ich \u00fcber eine Internetrecherche gefunden und gleich bestellt. Ich habe ihn auf dem Schlafzimmerboden aufgestellt und mir ehrlich gesagt nicht viel erwartet. Ich konnte mir nicht vorstellen, dass so ein Ger\u00e4t in irgendeiner Weise meine R\u00fcckenschmerzen beeinflussen k\u00f6nnte. Die erste Woche sp\u00fcrte ich auch \u00fcberhaupt keine Wirkung, doch danach ging es Schlag auf Schlag. Zuerst bemerkte ich die Verbesserung bei der Gartenarbeit. Ich hatte mich dabei schon lange nicht mehr b\u00fccken k\u00f6nnen. F\u00fcr meine Ziegen muss ich manchmal Futters\u00e4cke heben, das hatte ich nur mit stechenden Schmerzen durchgestanden oder mu\u00dfte andere um Hilfe bitten. Nun ging das auf einmal fast problemlos. Ich war sehr gl\u00fccklich, denn ich hatte auch ein gutes St\u00fcck Eigenst\u00e4ndigkeit wiedergewonnen. Heute kann ich wieder schwere Einkaufstaschen schleppen und muss nicht geb\u00fcckt gehen. Dadurch f\u00fchle ich mich ein St\u00fcck weniger als alte Frau (lacht)! Es klingt vielleicht etwas pathetisch, aber der Harmonisierer hat mir ein gro\u00dfes St\u00fcck Lebensqualit\u00e4t zur\u00fcckgegeben. Daf\u00fcr bin ich sehr dankbar.\n<\/p>\n\n<p class=\"anwendung fs16\">\n<span class=\"emphDark\">\nFrau Mag. E., vielen Dank f\u00fcr dieses Gespr\u00e4ch.\n<\/span>\n<\/p>\n\n<div class=\"fusion-clearfix\"><\/div><\/div><\/div>\n<div class=\"fusion-layout-column fusion_builder_column fusion-builder-column-1 fusion_builder_column_1_3 1_3 fusion-one-third fusion-column-last twofifth1\" style=\"width:30.6666%;margin-top:0px;margin-bottom:0px;\" id=\"columnSide\"><div class=\"fusion-column-wrapper fusion-flex-column-wrapper-legacy\" style=\"background-position:left\ntop;background-repeat:no-repeat;-webkit-background-size:cover;-moz-background-size:cover;-o-background-size:cover;background-size:cover;padding: 0px 0px 0px 0px;\">\n\n<p class=\"emphDark fs16\" style=\"text-align:center;line-height: 19px;margin-bottom: 0px;\">\n\u201eHeute kann ich wieder schwere Einkaufstaschen schleppen und muss nicht geb\u00fcckt gehen. Dadurch f\u00fchle ich mich ein St\u00fcck weniger als alte Frau (lacht)! Es klingt vielleicht etwas pathetisch, aber der Harmonisierer hat mir ein gro\u00dfes St\u00fcck Lebensqualit\u00e4t zur\u00fcckgegeben. Daf\u00fcr bin ich sehr dankbar.&#8220;\n<\/p>\n<p class=\"emphLight fs16\" style=\"text-align:center;margin-bottom: 12px;\">\n    Waltraud E.\n<\/p>\n\n\n<img style=\"margin-top: 24px;\" class=\"sidebar\"\n     src=\"https:\/\/www.elektrosmoghilfe.com\/erdstrahlen\/wp-content\/uploads\/images\/frau_e.jpg\"\n     alt=\"Frau Mag. E. mit ihrer Ziege Flora\">\n<p class=\"imgDescr\">\n<span class=\"emphDark fs14\">\nFrau Mag. E. mit ihrer Ziege Flora<\/span>\n<\/p>\n\n\n<img style=\"margin-top: 24px;\" class=\"sidebar\"\n     src=\"https:\/\/www.elektrosmoghilfe.com\/erdstrahlen\/wp-content\/uploads\/images\/frau_e_und_ziegen.jpg\"\n     alt=\"Die Ziegen Karli, Billy und Flora\">\n<p class=\"imgDescr\">\n<span class=\"emphDark fs14\">\nDie Ziegen Karli, Billy und Flora<\/span><br clear='none'>\n(von links nach rechts)\n<\/p>\n\n\n\n<div class=\"fusion-clearfix\"><\/div><\/div><\/div><\/div><\/div>","protected":false},"excerpt":{"rendered":"","protected":false},"author":1,"featured_media":0,"parent":0,"menu_order":0,"comment_status":"closed","ping_status":"closed","template":"","meta":[],"_links":{"self":[{"href":"https:\/\/www.elektrosmoghilfe.com\/erdstrahlen\/wp-json\/wp\/v2\/pages\/926"}],"collection":[{"href":"https:\/\/www.elektrosmoghilfe.com\/erdstrahlen\/wp-json\/wp\/v2\/pages"}],"about":[{"href":"https:\/\/www.elektrosmoghilfe.com\/erdstrahlen\/wp-json\/wp\/v2\/types\/page"}],"author":[{"embeddable":true,"href":"https:\/\/www.elektrosmoghilfe.com\/erdstrahlen\/wp-json\/wp\/v2\/users\/1"}],"replies":[{"embeddable":true,"href":"https:\/\/www.elektrosmoghilfe.com\/erdstrahlen\/wp-json\/wp\/v2\/comments?post=926"}],"version-history":[{"count":1,"href":"https:\/\/www.elektrosmoghilfe.com\/erdstrahlen\/wp-json\/wp\/v2\/pages\/926\/revisions"}],"predecessor-version":[{"id":1313,"href":"https:\/\/www.elektrosmoghilfe.com\/erdstrahlen\/wp-json\/wp\/v2\/pages\/926\/revisions\/1313"}],"wp:attachment":[{"href":"https:\/\/www.elektrosmoghilfe.com\/erdstrahlen\/wp-json\/wp\/v2\/media?parent=926"}],"curies":[{"name":"wp","href":"https:\/\/api.w.org\/{rel}","templated":true}]}}