{"id":914,"date":"2016-09-01T21:26:28","date_gmt":"2016-09-01T21:26:28","guid":{"rendered":"https:\/\/www.elektrosmoghilfe.com\/erdstrahlen\/?page_id=914"},"modified":"2017-09-15T22:58:21","modified_gmt":"2017-09-15T22:58:21","slug":"der-hamoni-harmonisierer-hilft-einem-blitzschlagopfer-nachdem-alle-anderen-heilmethoden-wirkungslos-geblieben-waren","status":"publish","type":"page","link":"https:\/\/www.elektrosmoghilfe.com\/erdstrahlen\/der-hamoni-harmonisierer-hilft-einem-blitzschlagopfer-nachdem-alle-anderen-heilmethoden-wirkungslos-geblieben-waren\/","title":{"rendered":"Der Hamoni\u00ae Harmonisierer hilft einem Blitzschlagopfer, nachdem alle anderen Heilmethoden wirkungslos geblieben waren"},"content":{"rendered":"<div class=\"fusion-fullwidth fullwidth-box fusion-builder-row-1 nonhundred-percent-fullwidth non-hundred-percent-height-scrolling\" style=\"background-color: rgba(255,255,255,0);background-position: left top;background-repeat: no-repeat;padding-top:0px;padding-right:0px;padding-bottom:0px;padding-left:0px;margin-bottom: 0px;margin-top: 0px;border-width: 0px 0px 0px 0px;border-color:#eae9e9;border-style:solid;\" ><div class=\"fusion-builder-row fusion-row\">\n<div class=\"fusion-layout-column fusion_builder_column fusion-builder-column-0 fusion_builder_column_2_3 2_3 fusion-two-third fusion-column-first threefifth1\" style=\"width:65.3333%; margin-right: 4%;margin-top:0px;margin-bottom:0px;\" id=\"columnMain\"><div class=\"fusion-column-wrapper fusion-flex-column-wrapper-legacy\" style=\"background-position:left top;background-repeat:no-repeat;-webkit-background-size:cover;-moz-background-size:cover;-o-background-size:cover;background-size:cover;padding: 0px 0px 0px 0px;\">\n\n<h1 class=\"subpage\">Der Harmonisierer hilft einem Blitzschlagopfer, nachdem alle anderen Heilmethoden wirkungslos\n    geblieben waren*<br clear='none'>\n    <span class=\"h1SubTitle\">Karin H., Kundin aus Bayern<\/span><\/h1>\n\n<p class=\"anwendung fs16 sum\">\n<span class=\"emphDark\">\nAnfang August 2014 erreichte uns (wieder aus Eigenimpuls einer Kundin) die unten abgedruckte email. In solchen Momenten\n  schlagen unsere Herzen fast \u00fcber vor Gl\u00fcck. Dann wissen wir n\u00e4mlich, dass unsere Arbeit sinnvoll ist und dass irgendwo da\n  drau\u00dfen ein Mensch ist, dem wir helfen konnten.\n<\/span>\n<\/p>\n\n<p class=\"anwendung report report2\">\n    \u201eSehr geehrte Damen und Herren!\n<\/p>\n\n<p class=\"anwendung report report2 indent2\">\n    Es ist mir ein Bed\u00fcrfnis, Ihnen schon jetzt von Herzen zu danken!\n    Ich habe Ihren Harmoni Harmonisierer mehr oder weniger aus purer Verzweiflung, ohne wirkliche Hoffnung auf Besserung\n    erworben.\n<\/p>\n\n<p class=\"anwendung report report2 indent2\">\n    Ich bin seit einem \u00fcberlebten Blitzschlag 1992 leider extremst sensibel und konnte wie berichtet jahrelang in meinem\n    Elternhaus nicht mehr schlafen oder habe u.a. an massivem Bruxismus gelitten. Nichts hat geholfen. S\u00e4mtliche auch\n    schon v\u00f6llig absurde \u201eAbschirmversuche\u201c mit Kupfer, Kork, Tapeten, Ger\u00e4tschaften, Bettunterlagen, Abschirmkleidung\n    und sogar irgendwelche selbsternannten \u201eHeiler\u201c (was tut man nicht alles wenn man leidet!)\u2026 etc. f\u00fcr viel Geld haben\n    allesamt nichts aber auch gar nichts gebracht, noch nicht einmal einen Placeboeffekt. Zuletzt w\u00e4re nur mehr der\n    dauerhafte Auszug geblieben.\n<\/p>\n\n<p class=\"anwendung report report2 indent2\">\n    Jedenfalls, so unglaublich das auch klingen mag und ich habe auch nach dem Durchlesen Ihrer Ausf\u00fchrungen das in\n    keinster Weise erwartet: Ich habe das Ger\u00e4t in meinem Schlafzimmer aufgestellt und habe bereits die erste Nacht\n    ganze 4 Stunden am St\u00fcck geschlafen, die folgenden N\u00e4chte sogar 6-7 Stunden durch.\n<\/p>\n\n<p class=\"anwendung report report2 indent2\">\n    Es ist mir v\u00f6llig egal, wie und warum Ihr Ger\u00e4t funktioniert, aber anscheinend erf\u00fcllt es seinen Zweck. Auch wenn\n    das mit gesundem Menschenverstand oder von Au\u00dfenstehenden, die nicht elektrosensibel sind, schwer bzw. gar nicht\n    nachvollziebar ist. Ich habe das \u201eGer\u00e4t\u201c auch bereits aus voller \u00dcberzeugung heraus zwei Nachbarinnen\n    weiterempfohlen, die genauso an Schlaflosigkeit leiden.\n<\/p>\n\n<p class=\"anwendung report report2 \">\n    Gr\u00fc\u00dfe K.H.\u201c\n<\/p>\n\n<h2>Unsere Anmerkungen<\/h2>\n\n<p class=\"anwendung\">\n    1) Am 26.7.2014 wurde der Harmonisierer geliefert, am 1.8.2014 erhielten wir obigen Brief, also nach weniger als einer\n    Woche Anwendung des Ger\u00e4ts. Wir freuen uns nat\u00fcrlich sehr \u00fcber die schnelle Wirkung, m\u00fcssen aber auch ganz klar\n    sagen: die Norm ist das nicht. So verlockend und menschlich nachvollziehbar der Wunsch nach schneller Besserung auch\n    ist: Unserer Erfahrung nach m\u00fcssen Sie mit einigen Wochen, manchmal auch Monaten rechnen, bis Sie etwas \u201esp\u00fcren\u201c.\n    Die genaue Zeit h\u00e4ngt dabei von Ihrer pers\u00f6nlichen Sensibilit\u00e4t und dem Grad der Vorsch\u00e4digung ab. Frau H.\n    bezeichnet sich selbst als sehr sensibel. Dies ist auch der Grund, warum sie so schnell die Besserung gesp\u00fcrt hat. \n<span class=\"emphDark fs16\">\nDie Wirkung des Harmonisierers ist immer sofort nach dem Aufstellen vorhanden. Wann wir diese auch am eigenen Leib wahrnehmen, h\u00e4ngt aber davon ab, wie sensibel wir sind.\n<\/span>\n<\/p>\n\n<p class=\"anwendung\">\n    2) Der Harmonisierer wirkt gegen Elektrosmog und Erdstrahlung (siehe dazu die Wirknachweise und Erfahrungsberichte auf\n    unseren Webseiten). Beide Strahlungsarten (sog. \u201eUmweltstress\u201c) setzen unseren K\u00f6rper unter Dauerstress. Dieser\n    Stress wirkt 24h am Tag und ist deshalb so gef\u00e4hrlich, weil unser Organismus nie ein Zeitfenster findet, in dem er\n    sich regenerieren k\u00f6nnte. Psychologischem Stress (z.B. wenn Sie im Stau stehen) sind Sie in der Regel nur wenige\n    Stunden ausgesetzt. \n<span class=\"emphDark fs16\">\nDer durch Elektrosmog und Erdstrahlung bedingte Umweltstress belastet Sie jedoch rund um die Uhr.\n<\/span>\n<\/p>\n\n<p class=\"anwendung\">\n    3) Was auffallend und sicher kein Zufall ist: Frau H. berichtet von zwei typischen stressbedingten Krankheiten:\n    Bruxismus (Z\u00e4hneknirschen, siehe Erkl\u00e4rung links) und Schlafst\u00f6rungen. Wenn der Harmonisierer wirksam ist, dann\n    m\u00fc\u00dfte er den Umweltstress reduzieren. \n<span class=\"emphDark fs16\">\nGenau das scheint bei Frau H. der Fall zu sein, sonst w\u00e4re es nicht zu so einer Besserung ihres Befindens gekommen.\n<\/span>\n<\/p>\n\n<p class=\"anwendung\">\n    4) Frau H. berichtet von den vielen Methoden, die sie ausprobiert hat und die alle wirkungslos blieben. Ohne diese\n    Methoden pauschal verunglimpfen zu wollen: \n<span class=\"emphDark fs16\">\nWir haben den Harmonisierer genau aus dem Wissen heraus entwickelt, dass viele der erw\u00e4hnten alternativen Methoden einfach nicht funktionieren.\n<\/span>\n<\/p>\n\n<p class=\"anwendung fs16\" style=\"text-align:center;margin-top: 24px;\">\n    <span class=\"emphDark\">Bildschirmfoto der originalen Email von Karin&nbsp;H.<\/span>\n<\/p>\n\n<div style=\"clear:both\"><\/div>\n<a class=\"fusion-modal-text-link\" data-toggle=\"modal\" data-target=\".fusion-modal.modal08\" href=\"#\">\n<p class=\"anwendung emphDark fs16\" style=\"text-align:center;\">\n    <img src=\"https:\/\/www.elektrosmoghilfe.com\/erdstrahlen\/wp-content\/uploads\/images\/erfahrungsbericht_karin_h_large.jpg\" style=\"\">\n<\/p>\n<\/a>\n<div class=\"fusion-modal modal fade modal-1 modal08\" tabindex=\"-1\" role=\"dialog\" aria-labelledby=\"modal-heading-1\" aria-hidden=\"true\"><style type=\"text\/css\">.modal-1 .modal-header, .modal-1 .modal-footer{border-color:#ebebeb;}<\/style><div class=\"modal-dialog modal-lg\" role=\"document\"><div class=\"modal-content fusion-modal-content\" style=\"background-color:#ffffff\"><div class=\"modal-header\"><button class=\"close\" type=\"button\" data-dismiss=\"modal\" aria-hidden=\"true\" aria-label=\"Close\">&times;<\/button><h3 class=\"modal-title\" id=\"modal-heading-1\" data-dismiss=\"modal\" aria-hidden=\"true\">Erfahrungsbericht von Karin H. (Originale Email)<\/h3><\/div><div class=\"modal-body fusion-clearfix\">\n<img src=\"https:\/\/www.elektrosmoghilfe.com\/erdstrahlen\/wp-content\/uploads\/images\/erfahrungsbericht_karin_h_large.jpg\">\n<\/div><\/div><\/div><\/div>\n\n\n<div class=\"fusion-clearfix\"><\/div><\/div><\/div>\n<div class=\"fusion-layout-column fusion_builder_column fusion-builder-column-1 fusion_builder_column_1_3 1_3 fusion-one-third fusion-column-last twofifth1\" style=\"width:30.6666%;margin-top:0px;margin-bottom:0px;\" id=\"columnSide\"><div class=\"fusion-column-wrapper fusion-flex-column-wrapper-legacy\" style=\"background-position:left\ntop;background-repeat:no-repeat;-webkit-background-size:cover;-moz-background-size:cover;-o-background-size:cover;background-size:cover;padding: 0px 0px 0px 0px;\">\n\n<p class=\"emphDark fs16\" style=\"text-align:center;line-height: 19px;margin-bottom: 0px;\">\n    \u201eS\u00e4mtliche auch schon v\u00f6llig absurde \u201aAbschirmversuche\u2018 mit Kupfer, Kork, Tapeten, Ger\u00e4tschaften, Bettunterlagen,\n    Abschirmkleidung und sogar irgendwelche selbsternannten \u201aHeiler\u2018 (was tut man nicht alles wenn man leidet!) \u2026etc.\n    f\u00fcr viel Geld haben allesamt nichts aber auch gar nichts gebracht, noch nicht einmal einen Placeboeffekt.\u201c\n<\/p>\n\n<p class=\"emphLight fs16\" style=\"text-align:center;margin-bottom: 12px;\">\n    Karin H.\n<\/p>\n\n<p class=\"emphLight fs14\" style=\"text-align:center;line-height:14px;\">Erfahrungsbericht als pdf-Datei:<br clear='none'>\n    <a href=\"https:\/\/www.elektrosmoghilfe.com\/erdstrahlen\/wp-content\/uploads\/documents\/hamoni_broschuere_erfahrungsbericht_blitzschlagopfer.pdf\">\n        <img class=\"img_pdf\" style=\"margin-top:0px;margin-bottom:24px\"\n             src=\"https:\/\/www.elektrosmoghilfe.com\/erdstrahlen\/wp-content\/uploads\/images\/hamoni_broschuere_erfahrungsbericht_blitzschlagopfer.jpg\">\n    <\/a>\n<\/p>\n\n<img style=\"margin-top: 0px;\" class=\"sidebar\"\n     src=\"https:\/\/www.elektrosmoghilfe.com\/erdstrahlen\/wp-content\/uploads\/images\/bruxismus_small.jpg\"\n     alt=\"Illustration Bruxismus\">\n\n<p class=\"imgDescr\">\n<span class=\"emphDark fs14\">\nWas ist Bruxismus?<\/span>\n    Unter Bruxismus versteht man das meist n\u00e4chtliche, selten auch tags\u00fcber auftretende Z\u00e4hneknirschen bzw. starke\n    Aufeinanderpressen der Z\u00e4hne. Man verschlei\u00dft dadurch die Z\u00e4hne und \u00fcberlastet den Zahnhalteapparat und das\n    Kiefergelenk, auch die Kopfmuskulatur wird beeintr\u00e4chtigt. Folgeerkrankungen k\u00f6nnen schwere Schmerzsyndrome,\n    Schwindel, Sehst\u00f6rungen, \u00dcbelkeit und Ohrpfeifen (Tinnitus) sein. \u00c4rzte sehen Stress, Angstst\u00f6rungen und\n    Depressionen als Hauptursachen an.\n<span class=\"emphDark fs14\">\nDas Z\u00e4hneknirschen wird als emotionales Entlastungsventil angesehen, das dabei hilft, Stresshormone abzubauen. \n<\/span>\n<\/p>\n\n<img class=\"sidebar\" style=\"margin-top: 24px;\"\n     src=\"https:\/\/www.elektrosmoghilfe.com\/erdstrahlen\/wp-content\/uploads\/images\/mundschutz_gesicht.jpg\"\n     alt=\"Mann tr\u00e4gt Zahnschutz gegen Bruxismus\">\n\n<p class=\"imgDescr\">\n<span class=\"emphDark fs14\">\nZahnschutz aus Kunststoff.<\/span>\n    Um die Z\u00e4hne zu sch\u00fctzen verwenden von Bruxismus Betroffene zumindest nachts einen Zahnschutz.\n<\/p>\n\n<img class=\"sidebar\" style=\"margin-top: 24px;\"\n     src=\"https:\/\/www.elektrosmoghilfe.com\/erdstrahlen\/wp-content\/uploads\/images\/mundschutz.jpg\"\n     alt=\"Zahnschutz gegen Bruxismus in Gro\u00dfaufnahme\">\n\n<p class=\"imgDescr\">\n<span class=\"emphDark fs14\">\nZahnschutz gegen Bruxismus in Gro\u00dfaufnahme<\/span>\n<\/p>\n\n<div class=\"fusion-clearfix\"><\/div><\/div><\/div><\/div><\/div>","protected":false},"excerpt":{"rendered":"","protected":false},"author":1,"featured_media":0,"parent":0,"menu_order":0,"comment_status":"closed","ping_status":"closed","template":"","meta":[],"_links":{"self":[{"href":"https:\/\/www.elektrosmoghilfe.com\/erdstrahlen\/wp-json\/wp\/v2\/pages\/914"}],"collection":[{"href":"https:\/\/www.elektrosmoghilfe.com\/erdstrahlen\/wp-json\/wp\/v2\/pages"}],"about":[{"href":"https:\/\/www.elektrosmoghilfe.com\/erdstrahlen\/wp-json\/wp\/v2\/types\/page"}],"author":[{"embeddable":true,"href":"https:\/\/www.elektrosmoghilfe.com\/erdstrahlen\/wp-json\/wp\/v2\/users\/1"}],"replies":[{"embeddable":true,"href":"https:\/\/www.elektrosmoghilfe.com\/erdstrahlen\/wp-json\/wp\/v2\/comments?post=914"}],"version-history":[{"count":1,"href":"https:\/\/www.elektrosmoghilfe.com\/erdstrahlen\/wp-json\/wp\/v2\/pages\/914\/revisions"}],"predecessor-version":[{"id":1321,"href":"https:\/\/www.elektrosmoghilfe.com\/erdstrahlen\/wp-json\/wp\/v2\/pages\/914\/revisions\/1321"}],"wp:attachment":[{"href":"https:\/\/www.elektrosmoghilfe.com\/erdstrahlen\/wp-json\/wp\/v2\/media?parent=914"}],"curies":[{"name":"wp","href":"https:\/\/api.w.org\/{rel}","templated":true}]}}