{"id":894,"date":"2016-09-01T20:57:30","date_gmt":"2016-09-01T20:57:30","guid":{"rendered":"https:\/\/www.elektrosmoghilfe.com\/erdstrahlen\/?page_id=894"},"modified":"2017-09-15T22:58:21","modified_gmt":"2017-09-15T22:58:21","slug":"was-ist-elektrosmog-ein-ueberblick","status":"publish","type":"page","link":"https:\/\/www.elektrosmoghilfe.com\/erdstrahlen\/was-ist-elektrosmog-ein-ueberblick\/","title":{"rendered":"Was ist Elektrosmog? Ein \u00dcberblick"},"content":{"rendered":"<div class=\"fusion-fullwidth fullwidth-box fusion-builder-row-1 nonhundred-percent-fullwidth non-hundred-percent-height-scrolling\" style=\"background-color: rgba(255,255,255,0);background-position: left top;background-repeat: no-repeat;padding-top:0px;padding-right:0px;padding-bottom:0px;padding-left:0px;margin-bottom: 0px;margin-top: 0px;border-width: 0px 0px 0px 0px;border-color:#eae9e9;border-style:solid;\" ><div class=\"fusion-builder-row fusion-row\">\n<div class=\"fusion-layout-column fusion_builder_column fusion-builder-column-0 fusion_builder_column_2_3 2_3 fusion-two-third fusion-column-first threefifth1\" style=\"width:65.3333%; margin-right: 4%;margin-top:0px;margin-bottom:0px;\" id=\"columnMain\"><div class=\"fusion-column-wrapper fusion-flex-column-wrapper-legacy\" style=\"background-position:left top;background-repeat:no-repeat;-webkit-background-size:cover;-moz-background-size:cover;-o-background-size:cover;background-size:cover;padding: 0px 0px 0px 0px;\">\n<div class=\"fusion-text fusion-text-1\"><h1 class=\"subpage\">Was ist Elektrosmog?<br clear='none'>\n    <span class=\"h1SubTitle\">Ein \u00dcberblick<\/span><\/h1>\n<p class=\"anwendung indent2\">\n    Elektrosmog ist ein Ph\u00e4nomen, das in den letzten 25 Jahren enorm an Bedeutung\n    gewonnen hat. Nat\u00fcrlich gab es auch schon davor Belastung durch elektromagnetische\n    Felder, allerdings vorwiegend anderer Natur. Wir k\u00f6nnen Elektrosmog grob in\n2 gro\u00dfe Klassen einteilen, die sich sowohl physikalisch als auch in ihrer biologischen\nWirkung voneinander unterscheiden:\n<\/p>\n<h2>1) Niederfrequente elektromagnetische Wechselfelder<\/h2>\n<p class=\"anwendung indent2\">\n    Seit der Elektrifizierung der Industrienationen am Ende des 19. Jh. wurden wir vor\n    allem von sog. niederfrequenten Wechselfeldern (heute in Europa bei 50 Hz, in den\n    USA 60 Hz) \u201ebelastet\u201c. Diese Felder sind heute alle auch noch als Belastung f\u00fcr unseren\n    K\u00f6rper vorhanden und zwar jedes Jahr st\u00e4rker, da unser Stromverbrauch mit dem\n    Wirtschaftswachstum zunimmt.\n<\/p>\n<p class=\"anwendung indent2\">\n    Hier sprechen wir von den elektrischen und magnetischen\n    Feldern, die bei der <span class=\"emphLight\">Energie\u00fcbertragung<\/span> (Hochspannungsleitungen, normale\n    Freileitungen, Stromversorgungsleitungen in Ihrem Haushalt),  <span class=\"emphLight\">Transformation<\/span>\n    (denken Sie an die n\u00e4chste Trafostation, aber auch an das Ladeger\u00e4t Ihres Handys)\n    und beim  <span class=\"emphLight\">Energieverbrauch<\/span> in Industrie, Verkehr, B\u00fcro oder Privatleben entstehen.\n    Beispielsweise wenn Sie kochen, das Licht anschalten oder vor dem Fernseher sitzen.\n<\/p>\n<p class=\"anwendung indent2\">\n    Was vielen Menschen so noch nicht bewusst geworden ist: Die viel gepriesene (und staatlich gef\u00f6rderte)\n    Revolution durch Elektroautos wird im Bereich der Stromversorgung und -transformation nat\u00fcrlich eine\n    stark steigende Belastung durch niederfrequente Felder nach sich ziehen. Derzeit ist das noch nicht zu\n    sp\u00fcren, da der Anteil an Elektrofahrzeugen verschwindend klein ist. Doch sobald die Fahrzeuge billiger geworden\n    und damit breitere Akzeptanz erreicht haben werden, gilt es, diese t\u00e4glich aufzuladen. Eine kurze Berechnung\n    zeigt, dass unsere vorhandenen Stromnetze dieser Last bei weitem nicht gewachsen sind und stark aufger\u00fcstet\n    werden m\u00fcssen, um die deutlich h\u00f6heren Stromst\u00e4rken zu bew\u00e4ltigen.\n<\/p>\n<p class=\"anwendung\" style=\"text-align: center;\">\n    <img class=\"anwendung mainColumn\" src=\"https:\/\/www.elektrosmoghilfe.com\/erdstrahlen\/wp-content\/uploads\/images\/hochspannungsleitung.jpg\"\n         alt=\"Hochspannungsleitung in Bayern\">\n    <i>Die sog. niederfrequenten Wechselfelder, wie sie hier z.B. eine Hochspannungsleitung in Bayern erzeugt, waren bis\n        zum \u201eInformationszeitalter\u201c die Hauptquelle von Elektrosmog<\/i>\n<\/p>\n<p class=\"anwendung indent2\">\n    Insbesondere in Deutschland muss eine deutliche erste Netzaufr\u00fcstung aufgrund der erneuerbaren Energierevolution\n    schon jetzt stattfinden. Dies hat aber noch gar nichts mit dem Bedarf von Elektroautos zu tun, sondern liegt darin\n    begr\u00fcndet, dass die Orte, wo erneuerbare Energie im Land erzeugt wird, \u00fcberwiegend weit entfernt von den Orten\n    liegen,\n    wo die Energie verbraucht wird. So kommt der Windstrom aus Norddeutschland, wird aber im industriereichen S\u00fcden\n    beispielsweise in der Autoindustrie ben\u00f6tigt. Daher braucht man neue Starkstrom-Stromtrassen, die bei der\n    Bev\u00f6lkerung verst\u00e4ndlicherweise sehr umstritten sind.\n<\/p>\n<h2>2) Hochfrequente elektromagnetische Felder: Mikrowellenstrahlung<\/h2>\n<p class=\"anwendung indent2\">\n    In den 1990er Jahren kam es dann zu zwei technologischen Revolutionen, die nicht\n    nur unser aller Leben stark ver\u00e4ndert hat, sondern auch f\u00fcr eine ganz neue, bislang\n    in dem Ausma\u00df v\u00f6llig unbekannte Belastung mit hochfrequenter elektromagnetischer\n    Strahlung gesorgt haben. Das waren einerseits die Mobilfunktechnologie und\n    andererseits das Internet, das bald am liebsten drahtlos per WLAN genutzt wurde.\n<\/p>\n<p class=\"anwendung indent2\">\n    2007 kam es dann mit der Einf\u00fchrung des\n    ersten sog. Smartphones (das iPhone von Apple)\n    zur Konvergenz beider Technologien, sodass\n    das Internet in zunehmendem Ma\u00dfe per\n    Mobilfunk genutzt wurde. Die weitere Entwicklung\n    seither d\u00fcrfte Ihnen bekannt sein.\n    Die Smartphone-Nutzung explodierte, einhergehend\n    mit der Einf\u00fchrung anderer mobiler\n    Ger\u00e4te wie sog. Tablets so stark, dass\n    heute damit die Mehrzahl der Nutzer online\n    geht.\n<\/p>\n<p class=\"anwendung indent2\">\n    <span class=\"emphLight\">Vom technischen Standpunkt her bedeutet\n    das, dass heute praktisch jeder\n    Mensch einen oder mehrere Mikrowellensender\n    und -empf\u00e4nger meist sehr nahe am\n    K\u00f6rper tr\u00e4gt.<\/span> Die zahlreichen Sendeanlagen,\n    die von Mobilfunkunternehmen zur Vernetzung\n    der Ger\u00e4te betrieben werden m\u00fcssen,\n    haben wir dabei noch gar nicht erw\u00e4hnt.\n    Zudem potenziert sich die Belastung auf kleinem\n    Raum mit vielen Menschen. Ein Klassenzimmer, ein Bahnabteil, eine Einkaufspassage,\n    das Gro\u00dfraumb\u00fcro oder normale Wohnh\u00e4user in Ballungsgebieten: Sie\n    alle sind zu Orten geworden, die von Mikrowellenstrahlung vieler einzelner Sender\n    und Empf\u00e4nger belastet werden.\n<\/p>\n<p class=\"anwendung\" style=\"text-align: center;\"><img class=\"anwendung mainColumn\"\n                                                      src=\"https:\/\/www.elektrosmoghilfe.com\/erdstrahlen\/wp-content\/uploads\/images\/Illustration_Informationszeitalter.jpg\"\n                                                      alt=\"Ein Potpourri an Bildern aus dem Informationszeitalter\">\n    <i>Ein Potpourri an Bildern aus dem Informationszeitalter<\/i>\n<\/p>\n<p class=\"anwendung indent2\">\n    <span class=\"emphDark\">Verstehen Sie uns bitte nicht falsch:<\/span>\n    Wir sind selbst ma\u00dfvolle Nutzer all dieser Technologien und sch\u00e4tzen durchaus die Vorteile, die sich f\u00fcr unser aller\n    Leben dadurch ergeben. Ein v\u00f6lliger Verzicht ist unrealistisch und w\u00fcrde unser Leben einschr\u00e4nken. Jeglicher Gedanke\n    in diese Richtung\n    ist auch aus dem Grunde m\u00fc\u00dfig, weil der zugrundeliegende Industriezweig inzwischen viel zu wichtig f\u00fcr die\n    Wirtschaft geworden ist.\n<\/p>\n<p class=\"anwendung\" style=\"text-align:center;\">\n<span class=\"emphLight\">Ein bedachtsamer Umgang mit dieser Technologie ist allerdings sehr wohl m\u00f6glich.<\/span>\n<\/p>\n<p class=\"anwendung indent2\">\n    <span class=\"emphDark\">Wir haben ins Potpourri an Bildern bewusst zwei Schwangere und ein Baby aufgenommen.<\/span>\nOb Sie es glauben oder nicht: In sch\u00f6ner Regelm\u00e4\u00dfigkeit erreichen uns\n    Anrufe von besorgten M\u00fcttern, deren schwangere T\u00f6chter ihr Tablet, Laptop oder Smartphone auf dem nackten Bauch\n    platzieren. Den T\u00f6chtern fehlt genau das angesprochene Problembewusstsein, das ein verantwortungsvoller Umgang mit der Technik\n    voraussetzt. Auf keinen Fall m\u00f6chten wir Moralapostel sein, viel lieber objektiv informieren und hoffentlich einen\n    Anstoss in die richtige Richtung geben. Denn wenn das Kind durch diesen sorglosen Technikumgang Sch\u00e4den davontragen sollte, ist das nicht\n    nur f\u00fcr dieses selbst bitter, sondern auch f\u00fcr die Mutter, nicht zuletzt wegen der unvermeidlichen Schuldgef\u00fchle.\n<\/p>\n<p class=\"anwendung indent2\">\n    <span class=\"emphDark\">Und auch Vertreter der \u00e4lteren Generation erkennen Sie in den Bildern.<\/span>\nWarum? Weil es auff\u00e4llig ist, welch gro\u00dfer Prozentsatz unserer Kunden dieser Gruppe angeh\u00f6rt. Das ist nicht\n\u00fcberraschend. Wenn Sie das Kapitel \u00fcber Stress in unserer Infobrosch\u00fcre lesen, werden Sie lernen, dass\nBiologen das Altern genau \u00fcber eine geringere Resistenz gegen\u00fcber Stress und Krankheiten definieren. Der\ndurch Elektrosmog verursachte Dauerstress macht sich i.d.R. umso st\u00e4rker bemerkbar, je \u00e4lter man ist. Junge\nMenschen stehen nat\u00fcrlich genauso unter dem Stresseinfluss, ihre Widerstandskraft ist aber noch h\u00f6her. Dies\nhei\u00dft nicht, dass wir keine jungen Kunden h\u00e4tten. Allerdings sind es statistisch\ndeutlich weniger als \u00e4ltere Menschen, was nat\u00fcrlich auch mit dem geringeren Problembewusstsein \n(Stichwort: &#8222;Unbek\u00fcmmertheit der Jugend&#8220;) zu tun hat.<\/p>\n<\/div>\n<div class=\"fusion-clearfix\"><\/div><\/div><\/div>\n<div class=\"fusion-layout-column fusion_builder_column fusion-builder-column-1 fusion_builder_column_1_3 1_3 fusion-one-third fusion-column-last twofifth1\" style=\"width:30.6666%;margin-top:0px;margin-bottom:0px;\" id=\"columnSide\"><div class=\"fusion-column-wrapper fusion-flex-column-wrapper-legacy\" style=\"background-position:left \ntop;background-repeat:no-repeat;-webkit-background-size:cover;-moz-background-size:cover;-o-background-size:cover;background-size:cover;padding: 0px 0px 0px 0px;\">\n\n<span class=\"emphDark fs14\">Informationsteil Elektrosmog als pdf-Datei:<\/span><br clear='none'>\n<a href=\"https:\/\/www.elektrosmoghilfe.com\/erdstrahlen\/wp-content\/uploads\/documents\/hamoni_broschuere_informationsteil_elektrosmog.pdf\">\n    <img class=\"img_pdf\" src=\"https:\/\/www.elektrosmoghilfe.com\/erdstrahlen\/wp-content\/uploads\/images\/hamoni_broschuere_informationsteil_elektrosmog.jpg\"><\/a>\n<br clear='none'>\n<img class=\"sidebar\" src=\"https:\/\/www.elektrosmoghilfe.com\/erdstrahlen\/wp-content\/uploads\/images\/Bluetooth_Zahnbuerste_02.jpg\"\n     alt=\"Zahnb\u00fcrste mit Bluetooth-Verbindung\">\n\n<p class=\"imgDescr\">\n    <span class=\"emphDark fs16\">Einfache Vermeidung von Elektrosmog<\/span><br clear='none'>\n    durch bewusste Kaufentscheidungen: In zunehmendem Ma\u00dfe werden uns heute\n    Produkte angeboten, die Elektrosmog erzeugen, ohne einen signifikanten\n    Zusatznutzen zu bieten. Paradebeispiel daf\u00fcr ist wohl die mit dem Funkstandard <i>Bluetooth<\/i> versehene\n    elektrische Zahnb\u00fcrste, die Daten zum Z\u00e4hneputz-Verhalten\n    ans Smartphone funkt. \n<\/p>\n<p class=\"imgDescr indent2\">\nSo verst\u00e4ndlich der Wunsch der Hersteller ist, sich ein\n    neues Gesch\u00e4ftsfeld zu erschlie\u00dfen: Hier wird Funktechnologie und damit Elektrosmog\n    in ein Produkt gepackt, der absolut vermeidbar ist. Als m\u00fcndiger Konsument haben\n    Sie hier jedoch die Wahl und k\u00f6nnen sich bewusst dagegen entscheiden.\n<\/p>\n\n<img class=\"sidebar\" src=\"https:\/\/www.elektrosmoghilfe.com\/erdstrahlen\/wp-content\/uploads\/images\/iphone_ipad.jpg\" alt=\"iPhone und iPad\">\n\n<p class=\"imgDescr\">\n<span class=\"emphDark fs16\">Kaum zwei Produkte<\/span> stehen so ikonenhaft\n                f\u00fcr die mobile Internetrevolution wie das iPhone (rechts) und iPad\n    (links) von Hersteller Apple\n<\/p>\n\n<img class=\"sidebar\" src=\"https:\/\/www.elektrosmoghilfe.com\/erdstrahlen\/wp-content\/uploads\/images\/kabel_im_auto.jpg\"\n     alt=\"Kabelstr\u00e4nge und Elektrosmog in einem PKW\">\n\n<p class=\"imgDescr\">\n    <span class=\"emphDark fs16\">Elektrosmog im Auto<\/span><br clear='none'>\n    Vielen Menschen ist nicht bewusst, dass sie an manchen Orten besonders\n    starkem Elektrosmog ausgesetzt sind. Dies ist oft in Fahrzeugen der Fall.\n    Ein handels\u00fcblicher PKW enth\u00e4lt heute mehr Kabelkilometer als ein Einfamilienhaus.\n    Das Bild oben soll das anhand eines Fotos illustrieren, das teilweise Einblicke\n    in die Verkabelung gibt. \n<\/p>\n<p class=\"imgDescr indent2\">\nHier sprechen wir noch gar nicht von Elektroautos oder selbstfahrenden Fahrzeugen,\n    sondern vom ganz normalen Benziner oder Diesel-PKW. Auff\u00e4llig ist, dass deutlich\n    unterschiedliche Belastungen zwischen den Modellen gemessen wurden.\n    Man kann auch nicht generell sagen, ein Hersteller sei in Bezug auf Elektrosmog\n    besser als ein anderer. \n<\/p>\n<p class=\"imgDescr indent2\">\nAls grobe Faustregel jedoch gilt: Je teurer der Wagen,\n    desto eher die Wahrscheinlichkeit einer hohen Belastung. Dies hat damit zu tun,\n    dass teurere Fahrzeuge i.d.R. mit mehr elektronischer Zusatzausstattung versehen sind.\n<\/p>\n\n<div class=\"fusion-clearfix\"><\/div><\/div><\/div><\/div><\/div>","protected":false},"excerpt":{"rendered":"","protected":false},"author":1,"featured_media":0,"parent":0,"menu_order":0,"comment_status":"closed","ping_status":"closed","template":"","meta":[],"_links":{"self":[{"href":"https:\/\/www.elektrosmoghilfe.com\/erdstrahlen\/wp-json\/wp\/v2\/pages\/894"}],"collection":[{"href":"https:\/\/www.elektrosmoghilfe.com\/erdstrahlen\/wp-json\/wp\/v2\/pages"}],"about":[{"href":"https:\/\/www.elektrosmoghilfe.com\/erdstrahlen\/wp-json\/wp\/v2\/types\/page"}],"author":[{"embeddable":true,"href":"https:\/\/www.elektrosmoghilfe.com\/erdstrahlen\/wp-json\/wp\/v2\/users\/1"}],"replies":[{"embeddable":true,"href":"https:\/\/www.elektrosmoghilfe.com\/erdstrahlen\/wp-json\/wp\/v2\/comments?post=894"}],"version-history":[{"count":1,"href":"https:\/\/www.elektrosmoghilfe.com\/erdstrahlen\/wp-json\/wp\/v2\/pages\/894\/revisions"}],"predecessor-version":[{"id":1324,"href":"https:\/\/www.elektrosmoghilfe.com\/erdstrahlen\/wp-json\/wp\/v2\/pages\/894\/revisions\/1324"}],"wp:attachment":[{"href":"https:\/\/www.elektrosmoghilfe.com\/erdstrahlen\/wp-json\/wp\/v2\/media?parent=894"}],"curies":[{"name":"wp","href":"https:\/\/api.w.org\/{rel}","templated":true}]}}