{"id":878,"date":"2016-09-01T20:46:29","date_gmt":"2016-09-01T20:46:29","guid":{"rendered":"https:\/\/www.elektrosmoghilfe.com\/erdstrahlen\/?page_id=878"},"modified":"2017-09-15T22:58:22","modified_gmt":"2017-09-15T22:58:22","slug":"bedienungsanleitung-des-hamoni-harmonisierers","status":"publish","type":"page","link":"https:\/\/www.elektrosmoghilfe.com\/erdstrahlen\/bedienungsanleitung-des-hamoni-harmonisierers\/","title":{"rendered":"Bedienungsanleitung des Hamoni\u00ae Harmonisierers"},"content":{"rendered":"<div class=\"fusion-fullwidth fullwidth-box fusion-builder-row-1 nonhundred-percent-fullwidth non-hundred-percent-height-scrolling\" style=\"background-color: rgba(255,255,255,0);background-position: left top;background-repeat: no-repeat;padding-top:0px;padding-right:0px;padding-bottom:0px;padding-left:0px;margin-bottom: 0px;margin-top: 0px;border-width: 0px 0px 0px 0px;border-color:#eae9e9;border-style:solid;\" ><div class=\"fusion-builder-row fusion-row\">\n<div class=\"fusion-layout-column fusion_builder_column fusion-builder-column-0 fusion_builder_column_2_3 2_3 fusion-two-third fusion-column-first threefifth1\" style=\"width:65.3333%; margin-right: 4%;margin-top:0px;margin-bottom:0px;\" id=\"columnMain\"><div class=\"fusion-column-wrapper fusion-flex-column-wrapper-legacy\" style=\"background-position:left top;background-repeat:no-repeat;-webkit-background-size:cover;-moz-background-size:cover;-o-background-size:cover;background-size:cover;padding: 0px 0px 0px 0px;\">\n\n<h1 class=\"subpage\">Anwendung des Hamoni\u00ae Harmonisierers<br clear='none'>\n    <span class=\"h1SubTitle\">Die Bedienungsanleitung<\/span><\/h1>\n\n<p class=\"anwendung emphDark fs16 sum\">\n    Viele Menschen haben eine instinktive Abneigung gegen Bedienungsanleitungen. Keine Angst, wir haben uns sehr\n    bem\u00fcht, diese hier klar und verst\u00e4ndlich zu schreiben. Nehmen Sie sich jetzt einfach einige ruhige Minuten und beginnen Sie\n    zu lesen. Sie werden sehen, f\u00fcr die korrekte Verwendung des Hamoni\u00ae Harmonisierers reicht etwas gesunder\n    Menschenverstand vollkommen aus.\n<\/p>\n\n<h2 class=\"light\">Kurze Ger\u00e4tebeschreibung<\/h2>\n<table class=\"anwendung\">\n    <tr>\n        <td class=\"icon\">\n            <img class=\"icon\" src=\"https:\/\/www.elektrosmoghilfe.com\/erdstrahlen\/wp-content\/uploads\/images\/Bedienungsanleitung_Varianten_Geraete.png\">\n        <\/td>\n        <td>\n            <span class=\"emphDark fs16\">1. Sie erhalten den Hamoni\u00ae Harmonisierer in Form einer schwarzen oder cremefarbenen\n                    Kunststoffbox.<\/span> Die Box dient als Geh\u00e4use f\u00fcr das empfindliche Innenleben,\n            das den eigentlichen Schutz vor Elektrosmog und Erdstrahlen ausmacht.\n            Einen \u00dcberblick \u00fcber die geographische Herkunft der Komponenten finden Sie\n            an anderer Stelle auf dieser Webseite.\n        <\/td>\n    <\/tr>\n    <tr>\n        <td class=\"icon\">\n            <img class=\"icon\" src=\"https:\/\/www.elektrosmoghilfe.com\/erdstrahlen\/wp-content\/uploads\/images\/Bedienungsanleitung_blauer_Punkt.png\">\n        <\/td>\n        <td>\n            <span class=\"emphDark fs16\">2. Auf der Oberseite des Ger\u00e4ts befindet sich als Designelement das Symbol der\n                    \u201cBlume des Lebens\u201d.<\/span> Auf der Unterseite befinden sich vier F\u00fc\u00dfchen als Rutschbzw.\n            Vibrationsschutz. Auf der vorderen Seitenfl\u00e4che ist ein blauer, punktf\u00f6rmiger\n            Aufkleber angebracht. Dieser dient unserem Radi\u00e4stheten als Hilfe bei der\n            genauen Kalibrierung des Ger\u00e4tes.\n        <\/td>\n    <\/tr>\n    <tr>\n        <td class=\"icon\">\n            <img class=\"icon\" src=\"https:\/\/www.elektrosmoghilfe.com\/erdstrahlen\/wp-content\/uploads\/images\/Bedienungsanleitung_Lebensdauer.png\">\n        <\/td>\n        <td>\n            <span class=\"emphDark fs16\">3. Der Harmonisierer ist vollkommen energieunabh\u00e4ngig und wartungsfrei.<\/span>\n            Wird\n            er sorgsam behandelt (d.h. keine schweren St\u00f6\u00dfe, Feuchtigkeitseinwirkung etc.),\n            sollten Sie sich an einer praktisch unbegrenzten Lebensdauer erfreuen k\u00f6nnen.\n        <\/td>\n    <\/tr>\n<\/table>\n<h2 class=\"light\">Wie nehme ich den Hamoni\u00ae Harmonisierer in Betrieb?<\/h2>\n\n<p class=\"anwendung\" style=\"text-align:center;line-height: 20px;\">\n    <span class=\"emphDark\">Die Installation des Ger\u00e4ts kann man ganz einfach in einem Satz zusammenfassen:<\/span><br\/>\n    <span class=\"emphLight\">Der Harmonisierer muss am richtigen Ort am Fu\u00dfboden aufgestellt werden.<\/span><br\/>\n    <span class=\"emphDark\">Wie immer im Leben stecken dabei die Feinheiten in den Details.<\/span>\n<\/p>\n<table class=\"anwendung\">\n    <tr>\n        <td class=\"icon\">\n            <img class=\"icon\" src=\"https:\/\/www.elektrosmoghilfe.com\/erdstrahlen\/wp-content\/uploads\/images\/Bedienungsanleitung_Abstand.png\">\n        <\/td>\n        <td>\n            <span class=\"emphDark fs16\">1. Stellen Sie das Ger\u00e4t am Fu\u00dfboden auf, vorzugsweise freistehend.<\/span> Gerne\n            k\u00f6nnen\n            sie es an eine Wand oder in eine Ecke stellen. Sollten Ihre Platzverh\u00e4ltnisse es\n            nicht zulassen, ist auch ein Aufstellen hinter einem M\u00f6belst\u00fcck oder Vorhang\n            zul\u00e4ssig. Alternativ k\u00f6nnen Sie das Ger\u00e4t auch auf den untersten Boden eines\n            Holzregals (kein Metall!) stellen, sofern es sich nicht h\u00f6her als ca. 10 cm \u00fcber dem\n            Fu\u00dfboden befindet. Allerdings sollte die freie Aufstellung immer erste Wahl sein.\n            Ein Mindestabstand von 1,5 Metern zu Schlafstellen und \u00d6rtlichkeiten dauerhaften\n            Aufenthalts ist f\u00fcr die Mehrzahl der Anwender optimal. Ein geringerer Abstand\n            ist nicht sch\u00e4dlich. Erfahrungswerte zeigen aber, dass bei Einhalten des\n            Mindestabstandes eine etwas bessere Wirkung erzielt wird.\n        <\/td>\n    <\/tr>\n    <tr>\n        <td class=\"icon\">\n            <img class=\"icon\" src=\"https:\/\/www.elektrosmoghilfe.com\/erdstrahlen\/wp-content\/uploads\/images\/Bedienungsanleitung_Metall.png\">\n        <\/td>\n        <td>\n            <span class=\"emphDark fs16\">2. Gehen Sie am vorgesehenen Aufstellort in die Hocke<\/span> und blicken nun\n            (auch im\n            Geiste durch die W\u00e4nde bzw. nach oben durch die Decke) zu den Orten, wo Sie\n            sich lange aufhalten (Schlaf- und Wohnzimmer, Arbeitsraum etc.) Die Sichtachse\n            zu diesen Orten soll m\u00f6glichst nicht durch gro\u00dfe Metallfl\u00e4chen unterbrochen\n            werden, wie man sie z.B. in K\u00fcchenger\u00e4ten und Metallschr\u00e4nken antrifft.\n        <\/td>\n    <\/tr>\n    <tr>\n        <td class=\"icon\">\n            <img class=\"icon\" src=\"https:\/\/www.elektrosmoghilfe.com\/erdstrahlen\/wp-content\/uploads\/images\/Bedienungsanleitung_blauer_Punkt.png\">\n        <\/td>\n        <td>\n            <span class=\"emphDark fs16\">3. Nun blicken Sie vom Aufstellort des Ger\u00e4ts in Richtung Ihres Bettes.<\/span>\n            Bei geringem\n            Abstand blicken Sie zur Bettmitte. Liegt der Aufstellort au\u00dferhalb des Schlafzimmers,\n            blicken Sie wieder im Geiste durch die W\u00e4nde bzw. durch die Decke.\n            Nun drehen Sie das Ger\u00e4t am Fu\u00dfboden so, dass der blaue Punkt, den Sie an der\n            Vorderfront des Ger\u00e4tes aufgeklebt finden, in Richtung Bett zeigt. Falls sich Ihr\n            Bett im Stockwerk \u00fcber Ihnen befindet, denken Sie sich einfach eine senkrechte\n            Linie, die durch Ihr Bett hindurch geht. Drehen Sie in diesem Fall das Ger\u00e4t so,\n            dass der blaue Punkt zu dieser Linie blickt. Es ist wichtig, dass das Ger\u00e4t nach\n            dem Drehen wieder auf seinen F\u00fc\u00dfchen horizontal am Fu\u00dfboden steht.\n        <\/td>\n    <\/tr>\n    <tr>\n        <td class=\"icon\">\n            <img class=\"icon\" src=\"https:\/\/www.elektrosmoghilfe.com\/erdstrahlen\/wp-content\/uploads\/images\/Bedienungsanleitung_12m.png\">\n        <\/td>\n        <td>\n            <span class=\"emphDark fs16\">4. Leben Sie in einem Haus bzw. einer Wohnung mit mehreren Stockwerken,<\/span>\n            stellen\n            Sie den Harmonisierer in einem Raum im untersten Stockwerk am Boden auf.\n            Der Harmonisierer entst\u00f6rt auch die dar\u00fcber liegende(n) Etage(n), sofern diese\n            im Wirkradius von ca. 12m liegen.\n        <\/td>\n    <\/tr>\n<\/table>\n<p class=\"anwendung\" style=\"text-align:center;line-height: 20px;\">\n    <span class=\"emphDark fs18\">Gratulation! Sie haben gerade ihren Harmonisierer in Betrieb genommen.<\/span><br\/>\n    <span class=\"emphLight fs18\">Geben Sie es zu: Das war wirklich nicht schwierig.<\/span>\n<\/p>\n\n<h2 style=\"margin-bottom:24px\">Beispiel f\u00fcr einen guten Aufstellort<\/h2>\n<a class=\"fusion-modal-text-link\" data-toggle=\"modal\" data-target=\".fusion-modal.modal01\" href=\"#\">\n<img src=\"https:\/\/www.elektrosmoghilfe.com\/erdstrahlen\/wp-content\/uploads\/images\/guter_Aufstellort.jpg\"><br clear='none'>\n<\/a>\n<div class=\"fusion-modal modal fade modal-1 modal01\" tabindex=\"-1\" role=\"dialog\" aria-labelledby=\"modal-heading-1\" aria-hidden=\"true\"><style type=\"text\/css\">.modal-1 .modal-header, .modal-1 .modal-footer{border-color:#ebebeb;}<\/style><div class=\"modal-dialog modal-lg\" role=\"document\"><div class=\"modal-content fusion-modal-content\" style=\"background-color:#ffffff\"><div class=\"modal-header\"><button class=\"close\" type=\"button\" data-dismiss=\"modal\" aria-hidden=\"true\" aria-label=\"Close\">&times;<\/button><h3 class=\"modal-title\" id=\"modal-heading-1\" data-dismiss=\"modal\" aria-hidden=\"true\">Beispiel f\u00fcr einen guten Aufstellort<\/h3><\/div><div class=\"modal-body fusion-clearfix\">\n<img src=\"https:\/\/www.elektrosmoghilfe.com\/erdstrahlen\/wp-content\/uploads\/images\/guter_Aufstellort.jpg\"><br clear='none'>\n<\/div><\/div><\/div><\/div>\n<p class=\"anwendung indent2\" style=\"margin-top:0px\">\n    <span class=\"emphDark\">Ein guter Aufstellort:<\/span> Der Harmonisierer steht unverdeckt in ca. 2m Abstand von der\n    Bettmitte, damit ist der Mindestabstand von 1,5m sowohl zum Bett als auch zum Sofa im Wohnzimmer, wo man sich\n    wahrscheinlich auch l\u00e4nger aufhalten wird, eingehalten. Der blaue Punkt an der Vorderfront zeigt direkt in Richtung\n    Bett. Zudem liegt das ganze Haus innerhalb des Wirkradius von 12m (gr\u00fcn eingezeichnet).\n<\/p>\n\n<h2 class=\"light\">Wichtiger Hinweis<\/h2>\n\n<p class=\"anwendung indent2\">\n    Die positive Wirkung des Ger\u00e4ts stellt sich i.d.R. unabh\u00e4ngig vom Ger\u00e4teabstand zum Bett ein. \n<span class=\"emphDark fs16\">\nW\u00e4hrend die gro\u00dfe Mehrzahl der Anwender kaum sensibel auf den Aufstellort des Ger\u00e4ts reagiert, gibt es aber eine kleine Zahl an Kunden, die sehr wohl sensibel auf den Abstand reagiert.\n<\/span>\n    F\u00fcr diese Menschen ist ein ganz bestimmter Abstand optimal. Sollten Sie zu dieser Gruppe geh\u00f6ren, k\u00f6nnen wir Ihnen\n    leider kein Patentrezept liefern. Sie k\u00f6nnen diesen optimalen Abstand nur selbst herausfinden.\n<\/p>\n\n<p class=\"anwendung indent2\">\n    Wir raten Ihnen dabei zu folgender Vorgehensweise: Beginnen Sie mit einem Abstand von 1,5&nbsp;m und h\u00f6ren Sie einige\n    Tage auf Ihren K\u00f6rper, ob er sich bei diesem Abstand wohlf\u00fchlt. Wenn ja, dann behalten Sie den gefundenen\n    Aufstellort bei. Wenn nein, dann vergr\u00f6\u00dfern Sie den Abstand sukzessive um 1&nbsp;m bis 2&nbsp;m (bis max. 12&nbsp;m) und beobachten\n    immer wieder Ihre K\u00f6rperreaktion.\n<span class=\"emphDark fs16\">\nHaben Sie einen Abstand gefunden, bei dem Sie sich wohl f\u00fchlen, behalten Sie diesen f\u00fcr die Zukunft m\u00f6glichst bei.\n<\/span>\n<\/p>\n\n<div class=\"fusion-clearfix\"><\/div><\/div><\/div>\n<div class=\"fusion-layout-column fusion_builder_column fusion-builder-column-1 fusion_builder_column_1_3 1_3 fusion-one-third fusion-column-last twofifth1\" style=\"width:30.6666%;margin-top:0px;margin-bottom:0px;\" id=\"columnSide\"><div class=\"fusion-column-wrapper fusion-flex-column-wrapper-legacy\" style=\"background-position:left\ntop;background-repeat:no-repeat;-webkit-background-size:cover;-moz-background-size:cover;-o-background-size:cover;background-size:cover;padding: 0px 0px 0px 0px;\">\n\n<span class=\"emphLight fs14\">Die Bedienungsanleitung als pdf-Datei:<\/span><br clear='none'>\n<a href=\"https:\/\/www.elektrosmoghilfe.com\/erdstrahlen\/wp-content\/uploads\/documents\/hamoni_broschuere_bedienungsanleitung.pdf\">\n    <img class=\"img_pdf\"\n         src=\"https:\/\/www.elektrosmoghilfe.com\/erdstrahlen\/wp-content\/uploads\/images\/hamoni_broschuere_bedienungsanleitung.jpg\"><\/a>\n\n<p style=\"text-align:center;margin-top: 24px;\">\n    <span class=\"emphDark\">Ung\u00fcnstige Aufstellorte:<\/span>\n    <img style=\"margin-top: 6px;\" class=\"sidebar\"\n         src=\"https:\/\/www.elektrosmoghilfe.com\/erdstrahlen\/wp-content\/uploads\/images\/ungeeignete_Aufstellorte_01.jpg\"\n         alt=\"Ung\u00fcnstige Aufstellorte f\u00fcr den Hamoni\u00ae Harmonisierer\">\n<\/p>\n\n<p class=\"imgDescr\">\n    <span class=\"emphDark fs14\">1) Keller:<\/span> Wir raten davon ab, das Ger\u00e4t dort aufzustellen, au\u00dfer es handelt sich\n    um\n    einen Keller, der dauerhaft zu Wohnzwecken verwendet wird. Die Luftfeuchtigkeit\n    in Kellern ist oft hoch, was die Lebensdauer negativ beeinflussen k\u00f6nnte.\n    Zudem liegen die Temperaturen meist deutlich unter denen in Wohnr\u00e4umen.\n    Der Harmonisierer entfaltet seine beste Wirkung jedoch bei Zimmertemperatur.<br\/>\n    <span class=\"emphDark fs14\">2) K\u00fcche:<\/span> Die Metallfl\u00e4chen der K\u00fcchenger\u00e4te blockieren die Ger\u00e4tewirkung.\n    Ausnahme\n    w\u00e4re eine gro\u00dfe Wohnk\u00fcche, wo das Ger\u00e4t im Wohnteil aufgestellt wird.<br\/>\n    <span class=\"emphDark fs14\">3) Badezimmer:<\/span> Luftfeuchtigkeit und Spritzwasser k\u00f6nnten dem empfindlichen\n    Ger\u00e4teinneren auf Dauer Schaden zuf\u00fcgen. <\/p>\n<\/p>\n<img style=\"margin-top: 0px;\" class=\"sidebar\" src=\"https:\/\/www.elektrosmoghilfe.com\/erdstrahlen\/wp-content\/uploads\/images\/ungeeignete_Aufstellorte_02.jpg\"\n     alt=\"Ung\u00fcnstige Aufstellorte f\u00fcr den Hamoni\u00ae Harmonisierer\">\n\n<p class=\"imgDescr\">\n    <span class=\"emphDark fs14\">4) Orte, von denen das Ger\u00e4t leicht ungewollt entfernt werden kann:<\/span>\n    Falls Sie Kinder oder Haustiere haben, die den Harmonisierer verschieben k\u00f6nnten, versuchen Sie, ihn z.B. mit einem\n    doppelseitigen Montageklebeband am Boden zu fixieren. Ein Verschieben ist kein Malheur \u2013 Stellen Sie das Ger\u00e4t\n    einfach wieder an seinen gewohnten Platz.\n<\/p>\n\n<div class=\"fusion-clearfix\"><\/div><\/div><\/div><\/div><\/div>","protected":false},"excerpt":{"rendered":"","protected":false},"author":1,"featured_media":0,"parent":0,"menu_order":0,"comment_status":"closed","ping_status":"closed","template":"","meta":[],"_links":{"self":[{"href":"https:\/\/www.elektrosmoghilfe.com\/erdstrahlen\/wp-json\/wp\/v2\/pages\/878"}],"collection":[{"href":"https:\/\/www.elektrosmoghilfe.com\/erdstrahlen\/wp-json\/wp\/v2\/pages"}],"about":[{"href":"https:\/\/www.elektrosmoghilfe.com\/erdstrahlen\/wp-json\/wp\/v2\/types\/page"}],"author":[{"embeddable":true,"href":"https:\/\/www.elektrosmoghilfe.com\/erdstrahlen\/wp-json\/wp\/v2\/users\/1"}],"replies":[{"embeddable":true,"href":"https:\/\/www.elektrosmoghilfe.com\/erdstrahlen\/wp-json\/wp\/v2\/comments?post=878"}],"version-history":[{"count":1,"href":"https:\/\/www.elektrosmoghilfe.com\/erdstrahlen\/wp-json\/wp\/v2\/pages\/878\/revisions"}],"predecessor-version":[{"id":1332,"href":"https:\/\/www.elektrosmoghilfe.com\/erdstrahlen\/wp-json\/wp\/v2\/pages\/878\/revisions\/1332"}],"wp:attachment":[{"href":"https:\/\/www.elektrosmoghilfe.com\/erdstrahlen\/wp-json\/wp\/v2\/media?parent=878"}],"curies":[{"name":"wp","href":"https:\/\/api.w.org\/{rel}","templated":true}]}}