{"id":876,"date":"2016-09-01T20:44:46","date_gmt":"2016-09-01T20:44:46","guid":{"rendered":"https:\/\/www.elektrosmoghilfe.com\/erdstrahlen\/?page_id=876"},"modified":"2020-06-03T07:52:35","modified_gmt":"2020-06-03T07:52:35","slug":"der-hamoni-harmonisierer-im-portrait","status":"publish","type":"page","link":"https:\/\/www.elektrosmoghilfe.com\/erdstrahlen\/der-hamoni-harmonisierer-im-portrait\/","title":{"rendered":"Der Hamoni\u00ae Harmonisierer im Portrait"},"content":{"rendered":"<div class=\"fusion-fullwidth fullwidth-box fusion-builder-row-1 nonhundred-percent-fullwidth non-hundred-percent-height-scrolling\" style=\"background-color: rgba(255,255,255,0);background-position: left top;background-repeat: no-repeat;padding-top:0px;padding-right:0px;padding-bottom:0px;padding-left:0px;margin-bottom: 0px;margin-top: 0px;border-width: 0px 0px 0px 0px;border-color:#eae9e9;border-style:solid;\" ><div class=\"fusion-builder-row fusion-row\">\r\n<div class=\"fusion-layout-column fusion_builder_column fusion-builder-column-0 fusion_builder_column_2_3 2_3 fusion-two-third fusion-column-first threefifth1\" style=\"width:65.3333%; margin-right: 4%;margin-top:0px;margin-bottom:0px;\" id=\"columnMain\"><div class=\"fusion-column-wrapper fusion-flex-column-wrapper-legacy\" style=\"background-position:left top;background-repeat:no-repeat;-webkit-background-size:cover;-moz-background-size:cover;-o-background-size:cover;background-size:cover;padding: 0px 0px 0px 0px;\">\r\n\r\n<h1 class=\"subpage\">Der Hamoni\u00ae Harmonisierer im Portrait<br clear='none'>\r\n    <span class=\"h1SubTitle\">Der hochwirksame Schutz gegen Elektrosmog<br clear='none'> \r\n(WLAN, Handy, Stromnetz,&#8230;) und Erdstrahlung<\/span>\r\n<\/h1>\r\n\r\n<p class=\"anwendung\" style=\"text-align:center;line-height: 19px;width: 90%;margin-left: auto;margin-right: auto;\">\r\n<span class=\"emphDark\">Wir vom Hamoni\u00ae Forschungsteam haben in vielen Lebensjahren unser Herzblut in die Entwicklung desjenigen Ger\u00e4ts\r\ngesteckt, um das sich alles auf dieser Webseite dreht: Der Hamoni\u00ae Harmonisierer.\r\nDas Resultat ist ein hochwirksamer Schutz vor den wichtigsten Elektrosmog-Belastungen unserer Zeit (Handy, WLAN, Stromnetz&#8230;) \r\nsowie vor geopathischen Belastungen durch Erdstrahlung.<\/span>\r\n<\/p>\r\n\r\n<p class=\"anwendung\" style=\"text-align:center\">\r\n    <img src=\"https:\/\/www.elektrosmoghilfe.com\/erdstrahlen\/wp-content\/uploads\/images\/Harmonisierer_Creme.png\">\r\n<\/p>\r\n\r\n<table class=\"anwendung\">\r\n    <tr>\r\n        <td class=\"icon\">\r\n            <img class=\"icon\" src=\"https:\/\/www.elektrosmoghilfe.com\/erdstrahlen\/wp-content\/uploads\/images\/Portraet_Schutz.png\">\r\n        <\/td>\r\n        <td>\r\n            <span class=\"emphLight fs18\">Hochwirksamer Schutz<\/span>\r\n            <span class=\"emphDark fs18\">gegen Elektrosmog (WLAN, Handy, Stromnetz) und Erdstrahlung (geopathische Belastungen).<\/span>\r\n        <\/td>\r\n    <\/tr>\r\n    <tr>\r\n        <td class=\"icon\">\r\n            <img class=\"icon\" src=\"https:\/\/www.elektrosmoghilfe.com\/erdstrahlen\/wp-content\/uploads\/images\/Portraet_Kunden_Heilpraktiker.png\">\r\n        <\/td>\r\n        <td>\r\n            <span class=\"emphLight fs18\">Kunden und Heilpraktiker berichten von Hilfe<\/span>\r\n            <span class=\"emphDark fs18\"> bei diversen, teils schweren und chronischen Erkrankungen.*<\/span>\r\n        <\/td>\r\n    <\/tr>\r\n    <tr>\r\n        <td class=\"icon\">\r\n            <img class=\"icon\" src=\"https:\/\/www.elektrosmoghilfe.com\/erdstrahlen\/wp-content\/uploads\/images\/Portraet_HRV.png\">\r\n        <\/td>\r\n        <td>\r\n            <span class=\"emphLight fs18\">Baubiologe zeigt im Herzfrequenz-Variabilit\u00e4ts-Test:<\/span> \r\n<span class=\"emphDark fs18\"> Dauerstress bei Belastung durch Elektrosmog (Mobiltelefon) und auch bei \r\nErdstrahlung (Wasserader) bei allen Probanden stark reduziert.*<\/span>\r\n        <\/td>\r\n    <\/tr>\r\n    <tr>\r\n        <td class=\"icon\">\r\n            <img class=\"icon\" src=\"https:\/\/www.elektrosmoghilfe.com\/erdstrahlen\/wp-content\/uploads\/images\/Portraet_Heilpraktiker.png\">\r\n        <\/td>\r\n        <td>\r\n            <span class=\"emphLight fs18\">2 Heilpraktiker-Tests<\/span>\r\n            <span class=\"emphDark fs18\"> zeigen mit Hilfe der NLS-Diagnose-Methode <\/span>\r\n            <span class=\"emphLight fs18\">sehr hohe positive Wirkung des Ger\u00e4ts.*<\/span>\r\n        <\/td>\r\n    <\/tr>\r\n    <tr>\r\n        <td class=\"icon\">\r\n            <img class=\"icon\" src=\"https:\/\/www.elektrosmoghilfe.com\/erdstrahlen\/wp-content\/uploads\/images\/Portraet_Schutzbereich.png\">\r\n        <\/td>\r\n        <td>\r\n            <span class=\"emphLight fs18\">Nur 1 Ger\u00e4t sch\u00fctzt<\/span>\r\n            <span class=\"emphDark fs18\"> auch gro\u00dfe H\u00e4user und Wohnungen. Gro\u00dfer Schutzbereich: Halbkugel von ca. 12m Radius.<\/span>\r\n        <\/td>\r\n    <\/tr>\r\n    <tr>\r\n        <td class=\"icon\">\r\n            <img class=\"icon\" src=\"https:\/\/www.elektrosmoghilfe.com\/erdstrahlen\/wp-content\/uploads\/images\/Portraet_einfache_Anwendung.png\">\r\n        <\/td>\r\n        <td>\r\n            <span class=\"emphLight fs18\">Einfache Anwendung:<\/span>\r\n            <span class=\"emphDark fs18\"> \tGer\u00e4t wird am passenden Ort am Fu\u00dfboden platziert. Kurze, gut verst\u00e4ndliche Bedienungsanleitung liegt bei.<\/span>\r\n        <\/td>\r\n    <\/tr>\r\n    <tr>\r\n        <td class=\"icon\">\r\n            <img class=\"icon\" src=\"https:\/\/www.elektrosmoghilfe.com\/erdstrahlen\/wp-content\/uploads\/images\/Portraet_wartungsfrei.png\">\r\n        <\/td>\r\n        <td>\r\n            <span class=\"emphLight fs18\">Wartungsfrei und sehr langlebig:<\/span> \r\n<span class=\"emphDark fs18\"> Hochwertige, vergoldete Innenkomponenten\r\n                    f\u00fcr jahrzehntelange Lebensdauer. Kein Stromanschluss, Batterie bzw. Erdung notwendig.\r\nGer\u00e4t versorgt sich per &#8222;Energy Harvesting&#8220; selbst mit elektr. Energie.\r\n<\/span>\r\n        <\/td>\r\n    <\/tr>\r\n    <tr>\r\n        <td class=\"icon\">\r\n            <img class=\"icon\" src=\"https:\/\/www.elektrosmoghilfe.com\/erdstrahlen\/wp-content\/uploads\/images\/Portraet_zwei_Komponenten.png\">\r\n        <\/td>\r\n        <td>\r\n            <span class=\"emphLight fs18\">2-Komponenten-Technologie:<\/span>\r\n            <span class=\"emphDark fs18\"> Elektronische und Festk\u00f6rperphysik-Komponente. Bauteile aus 5 Kontinenten.<\/span>\r\n        <\/td>\r\n    <\/tr>\r\n    <tr>\r\n        <td class=\"icon\">\r\n            <img class=\"icon\" src=\"https:\/\/www.elektrosmoghilfe.com\/erdstrahlen\/wp-content\/uploads\/images\/Portraet_Herkunft.png\">\r\n        <\/td>\r\n        <td>\r\n            <span class=\"emphDark fs18\">30j\u00e4hrige Entwicklungshistorie (Deutschland, Kanada, \u00d6sterreich).<\/span>\r\n            <span class=\"emphLight fs18\">Patentierte Technologie.<\/span>\r\n            <span class=\"emphDark fs18\"> Jedes St\u00fcck Handarbeit.<\/span>\r\n        <\/td>\r\n    <\/tr>\r\n    <tr>\r\n        <td class=\"icon\">\r\n            <img class=\"icon\" src=\"https:\/\/www.elektrosmoghilfe.com\/erdstrahlen\/wp-content\/uploads\/images\/Portraet_Forschungsteam.png\">\r\n        <\/td>\r\n        <td>\r\n            <span class=\"emphLight fs18\">Hochqualifiziertes, wissenschaftliches Entwicklungsteam:<\/span>\r\n            <span class=\"emphDark fs18\"> Dipl.Ing. der techn. Physik, Dipl.Ing. des Maschinenbaus, Radi\u00e4sthet mit jahrzehntelanger Erfahrung.<\/span>\r\n        <\/td>\r\n    <\/tr>\r\n    <tr>\r\n        <td class=\"icon\">\r\n            <img class=\"icon\" src=\"https:\/\/www.elektrosmoghilfe.com\/erdstrahlen\/wp-content\/uploads\/images\/Portraet_Preis.png\">\r\n        <\/td>\r\n        <td>\r\n            <span class=\"emphLight fs18\">Preis: 169,- EUR. Keine Versandkosten.<\/span><br clear='none'>\r\n            <span class=\"emphDark fs18\"> F\u00fcr jedermann (hoffentlich) leistbar.<\/span>\r\n        <\/td>\r\n    <\/tr>\r\n<\/table>\r\n\r\n<a class=\"fusion-modal-text-link\" data-toggle=\"modal\" data-target=\".fusion-modal.modal01\" href=\"#\">\r\n<img src=\"https:\/\/www.elektrosmoghilfe.com\/erdstrahlen\/wp-content\/uploads\/images\/schutzkuppel2.jpg\"><br clear='none'>\r\n<\/a>\r\n<div class=\"fusion-modal modal fade modal-1 modal01\" tabindex=\"-1\" role=\"dialog\" aria-labelledby=\"modal-heading-1\" aria-hidden=\"true\"><style type=\"text\/css\">.modal-1 .modal-header, .modal-1 .modal-footer{border-color:#ebebeb;}<\/style><div class=\"modal-dialog modal-lg\" role=\"document\"><div class=\"modal-content fusion-modal-content\" style=\"background-color:#ffffff\"><div class=\"modal-header\"><button class=\"close\" type=\"button\" data-dismiss=\"modal\" aria-hidden=\"true\" aria-label=\"Close\">&times;<\/button><h3 class=\"modal-title\" id=\"modal-heading-1\" data-dismiss=\"modal\" aria-hidden=\"true\">Der Hamoni\u00ae Harmonisierer sch\u00fctzt eine Halbkugel von ca. 12m Radius vor Elektrosmog und\r\nErdstrahlung<\/h3><\/div><div class=\"modal-body fusion-clearfix\">\r\n<img src=\"https:\/\/www.elektrosmoghilfe.com\/erdstrahlen\/wp-content\/uploads\/images\/schutzkuppel2.jpg\"><br clear='none'>\r\n<\/div><\/div><\/div><\/div>\r\n\r\n<p class=\"anwendung\" style=\"margin-top:0px;text-align:center\">\r\n    <span class=\"emphDark\">Der Hamoni\u00ae Harmonisierer sch\u00fctzt eine Halbkugel von ca. 12m Radius<\/span>\r\n    <br clear='none'> Die Schutzkuppel wirkt von der Aufstellebene des Ger\u00e4ts nach oben.<br clear='none'> Der gro\u00dfe Wirkbereich sch\u00fctzt\r\n    auch gro\u00dfe Wohnungen und Einfamilienh\u00e4user\r\n<\/p>\r\n\r\n<div class=\"fusion-clearfix\"><\/div><\/div><\/div>\r\n<div class=\"fusion-layout-column fusion_builder_column fusion-builder-column-1 fusion_builder_column_1_3 1_3 fusion-one-third fusion-column-last twofifth1\" style=\"width:30.6666%;margin-top:0px;margin-bottom:0px;\" id=\"columnSide\"><div class=\"fusion-column-wrapper fusion-flex-column-wrapper-legacy\" style=\"background-position:left\r\ntop;background-repeat:no-repeat;-webkit-background-size:cover;-moz-background-size:cover;-o-background-size:cover;background-size:cover;padding: 0px 0px 0px 0px;\">\r\n\r\n<p class=\"emphLight fs18\" style=\"text-align:center;line-height: 20px;margin-bottom: 14px;\">Das sagen Heilpraktiker<br clear='none'>\r\n    und Baubiologen:<\/span><br clear='none'>\r\n\r\n<p class=\"emphDark fs16\" style=\"line-height: 19px;margin-bottom: 6px;\">\r\n    \u201eVerbesserungen im Bereich 80% wie mit der Anwendung des Hamoni sind bei der Austestung der Medikamente\r\n    ausgesprochen superselten zu erzielen und nur bei ganz wenigen Patienten im Jahr erleben wir dieses Wunder\u2026\u201c *\r\n<\/p>\r\n\r\n<p class=\"emphLight fs16\" style=\"text-align:right;margin-bottom: 6px;\">\r\n    Heilpraktiker Lothar Kappes\r\n<\/p>\r\n<hr style=\"width:90%\">\r\n<p class=\"emphDark fs16\" style=\"line-height: 19px;margin-bottom: 6px;\">\r\n    \u201cTats\u00e4chlich zeigte sich durch Aufstellung des \u201cHamoni\u201d in jedem dieser Tests bei jedem der Probanden eine deutliche\r\n    Reduzierung d. Stressindex bis zu 30%.\u201d *\r\n<\/p>\r\n\r\n<p class=\"emphLight fs16\" style=\"text-align:right;margin-bottom: 6px;\">\r\n    Baubiologe Udo Grundmann\r\n<\/p>\r\n<hr style=\"width:90%\">\r\n<p class=\"emphDark fs16\" style=\"line-height: 19px;margin-bottom: 6px;\">\r\n    \u201eHallo Herr Fennesz, Ihr Harmonisierer schreibt eine weitere Erfolgsgeschichte! Alle PatientInnen, denen ich bislang\r\n    den Hamoni zum Testen mitgab, haben ihn behalten! Andere haben diesen, auf meine Empfehlung hin, gleich selbst\r\n    gekauft. Heute werde ich wieder zwei Ger\u00e4te bestellen\u2026\u201c *\r\n<\/p>\r\n\r\n<p class=\"emphLight fs16\" style=\"text-align:right;margin-bottom: 6px;\">\r\n    Heilpraktiker Stefan Mattausch\r\n<\/p>\r\n<img class=\"sidebar\" style=\"margin-top: 24px;\"\r\nsrc=\"https:\/\/www.elektrosmoghilfe.com\/erdstrahlen\/wp-content\/uploads\/images\/Harmonisierer_Patent.jpg\"\r\n     alt=\"Patenturkunde des Hamoni\u00ae Harmonisierers\">\r\n\r\n<p class=\"imgDescr\">\r\n    <span class=\"emphDark fs16\">Patenturkunde<\/span>\r\n    eines in der Entwicklungsphase erteilten Patents des Hamoni\u00ae Harmonisierers\r\n<\/p>\r\n\r\n<img class=\"sidebar\" style=\"margin-top: 24px;\"\r\nsrc=\"https:\/\/www.elektrosmoghilfe.com\/erdstrahlen\/wp-content\/uploads\/images\/vetrauen_elefanten.jpg\"\r\n     alt=\"Patenturkunde des Hamoni\u00ae Harmonisierers\">\r\n\r\n<p class=\"imgDescr\">\r\n    <span class=\"emphDark fs16\">Unsere moralisch-ethischen Grunds\u00e4tze:<\/span>\r\n    Wir haben t\u00e4glich mit Menschen zu tun, die Hilfe bei Beschwerden suchen, die von Elektrosmog oder geopathischen\r\n    Belastungen verursacht werden. Die Hoffnung dieser Menschen setzt uns automatisch unter Druck, die hohe\r\n    Erwartungshaltung zu erf\u00fcllen. \r\n<\/p>\r\n\r\n<p class=\"imgDescr indent2\">\r\nWir wissen, dass wir durch das blo\u00dfe Anbieten des Hamoni\u00ae Harmonisierers eine gro\u00dfe\r\n    Verantwortung \u00fcbernehmen, wenngleich wir nat\u00fcrlich keinerlei Heilung versprechen k\u00f6nnen und d\u00fcrfen. Lesen Sie dazu\r\n    auch den mit * gekennzeichneten Hinweis ganz unten. Dieses Gef\u00fchl der Verantwortung resultiert auch aus einer hohen\r\n    moralisch-ethischen Anforderung an uns selbst. Wenn wir von der Wirksamkeit unseres Ger\u00e4ts nicht absolut selbst\r\n    \u00fcberzeugt w\u00e4ren, k\u00f6nnten wir es mit unserem Gewissen nicht vereinbaren, es anderen Menschen anzubieten.\r\n<\/p>\r\n\r\n<p class=\"imgDescr indent2\">\r\n    Ohne pauschal verurteilen zu wollen: Auf dem Gebiet von Elektrosmog und Erdstrahlen tummeln sich leider viele\r\n    Scharlatane. Sie nutzen ahnungslose Menschen aus und drehen Ihnen die dubiosesten Ger\u00e4te, oft zu Wucherpreisen an.\r\n    Wie diese ihre \u201eT\u00e4tigkeit\u201c mit dem eigenen Gewissen vereinbaren k\u00f6nnen, ist uns schleierhaft.\r\n<\/p>\r\n\r\n<p class=\"imgDescr indent2\">\r\n    Wir wenden viel Zeit, Geld und Energie f\u00fcr unsere Forschung auf. Zudem bieten wir professionelle Kundenberatung\r\n    durch unser Team. Jeder Harmonisierer wird bewusst in Wien zu hohen \u00f6sterr. Arbeitskosten gefertigt. Wir k\u00f6nnen\r\n    daher das Ger\u00e4t nicht verschenken, wollen uns aber auch daran nicht bereichern. Die Gesundheit ist das Wichtigste,\r\n    was wir besitzen, und viel zu kostbar, um damit unseri\u00f6se Gesch\u00e4fte zu machen. Wir hoffen, dass Sie diesen Satz\r\n    nicht als blo\u00dfe Floskel ansehen, sondern uns vertrauen, dass wir wirklich danach leben.\r\n<\/p>\r\n\r\n<p class=\"emphDark fs18\" style=\"text-align:center;line-height: 19px;margin-top: 24px;\">Bitte bestellen Sie den\r\n    Harmonisierer nur, wenn Sie sowohl vom Ger\u00e4t als auch von unseren moralisch-ethischen Grunds\u00e4tzen \u00fcberzeugt sind.\r\n    Danke.<\/p>\r\n<div class=\"fusion-clearfix\"><\/div><\/div><\/div><\/div><\/div>","protected":false},"excerpt":{"rendered":"","protected":false},"author":1,"featured_media":0,"parent":0,"menu_order":0,"comment_status":"closed","ping_status":"closed","template":"","meta":[],"_links":{"self":[{"href":"https:\/\/www.elektrosmoghilfe.com\/erdstrahlen\/wp-json\/wp\/v2\/pages\/876"}],"collection":[{"href":"https:\/\/www.elektrosmoghilfe.com\/erdstrahlen\/wp-json\/wp\/v2\/pages"}],"about":[{"href":"https:\/\/www.elektrosmoghilfe.com\/erdstrahlen\/wp-json\/wp\/v2\/types\/page"}],"author":[{"embeddable":true,"href":"https:\/\/www.elektrosmoghilfe.com\/erdstrahlen\/wp-json\/wp\/v2\/users\/1"}],"replies":[{"embeddable":true,"href":"https:\/\/www.elektrosmoghilfe.com\/erdstrahlen\/wp-json\/wp\/v2\/comments?post=876"}],"version-history":[{"count":2,"href":"https:\/\/www.elektrosmoghilfe.com\/erdstrahlen\/wp-json\/wp\/v2\/pages\/876\/revisions"}],"predecessor-version":[{"id":2293,"href":"https:\/\/www.elektrosmoghilfe.com\/erdstrahlen\/wp-json\/wp\/v2\/pages\/876\/revisions\/2293"}],"wp:attachment":[{"href":"https:\/\/www.elektrosmoghilfe.com\/erdstrahlen\/wp-json\/wp\/v2\/media?parent=876"}],"curies":[{"name":"wp","href":"https:\/\/api.w.org\/{rel}","templated":true}]}}