{"id":665,"date":"2016-07-15T00:37:50","date_gmt":"2016-07-15T00:37:50","guid":{"rendered":"http:\/\/localhost\/hamoni8b\/?page_id=665"},"modified":"2021-06-28T17:40:37","modified_gmt":"2021-06-28T17:40:37","slug":"widerruf","status":"publish","type":"page","link":"https:\/\/www.elektrosmoghilfe.com\/erdstrahlen\/widerruf\/","title":{"rendered":"Widerruf"},"content":{"rendered":"<div class=\"fusion-fullwidth fullwidth-box fusion-builder-row-1 nonhundred-percent-fullwidth non-hundred-percent-height-scrolling\" style=\"background-color: rgba(255,255,255,0);background-position: left top;background-repeat: no-repeat;padding-top:20px;padding-right:0px;padding-bottom:0px;padding-left:0px;margin-bottom: 0px;margin-top: 0px;border-width: 0px 0px 0px 0px;border-color:#eae9e9;border-style:solid;\" ><div class=\"fusion-builder-row fusion-row\">\r\n<div class=\"fusion-layout-column fusion_builder_column fusion-builder-column-0 fusion_builder_column_2_3 2_3 fusion-two-third fusion-column-first threefifth1\" style=\"width:65.3333%; margin-right: 4%;margin-top:0px;margin-bottom:0px;\" id=\"columnMain\"><div class=\"fusion-column-wrapper fusion-flex-column-wrapper-legacy\" style=\"background-position:left top;background-repeat:no-repeat;-webkit-background-size:cover;-moz-background-size:cover;-o-background-size:cover;background-size:cover;padding: 0px 0px 0px 0px;\">\r\n\r\n<h1 class=\"subpage\">Widerrufsrecht f\u00fcr Verbraucher<\/h1>\r\n<br clear='none'>\r\n<span style=\"font-size:14px;\">\r\n(Verbraucher ist jede nat\u00fcrliche Person, die ein Rechtsgesch\u00e4ft zu \r\nZwecken abschlie\u00dft, die \u00fcberwiegend weder ihrer gewerblichen noch ihrer \r\nselbstst\u00e4ndigen beruflichen T\u00e4tigkeit zugerechnet werden kann.)<\/span><br clear='none'>\r\n<br clear='none'>\r\n<span style=\"font-size:16px;\"><strong>Widerrufsbelehrung<\/strong><\/span><br clear='none'>\r\n<br clear='none'>\r\n<span style=\"font-size:14px;\"><strong>Widerrufsrecht<\/strong><br clear='none'>\r\nSie haben das Recht, binnen vierzehn Tagen ohne Angabe von Gr\u00fcnden diesen Vertrag zu widerrufen.<br clear='none'>\r\nDie Widerrufsfrist betr\u00e4gt vierzehn Tage ab dem Tag, <\/span><br clear='none'>\r\n<br clear='none'>\r\n<span style=\"font-size:14px;\">&#8211; an dem Sie oder ein von Ihnen benannter \r\nDritter, der nicht der Bef\u00f6rderer ist, die Waren in Besitz genommen \r\nhaben bzw. hat, sofern Sie eine oder mehrere Waren im Rahmen einer \r\neinheitlichen Bestellung bestellt haben und diese einheitlich geliefert \r\nwird bzw. werden<\/span>;<br clear='none'>\r\n<br clear='none'>\r\n<span style=\"font-size:14px;\">&#8211; an dem Sie oder ein von Ihnen benannter \r\nDritter, der nicht der Bef\u00f6rderer ist, die letzte Ware in Besitz \r\ngenommen haben bzw. hat, sofern Sie mehrere Waren im Rahmen einer \r\neinheitlichen Bestellung bestellt haben und diese getrennt geliefert \r\nwerden<\/span>;<br clear='none'>\r\n<br clear='none'>\r\n<span style=\"font-size:14px;\">&#8211; an dem Sie oder ein von Ihnen benannter \r\nDritter, der nicht der Bef\u00f6rderer ist, die letzte Teilsendung oder das \r\nletzte St\u00fcck in Besitz genommen haben bzw. hat, sofern Sie eine Ware \r\nbestellt haben, die in mehreren Teilsendungen oder St\u00fccken geliefert \r\nwird<\/span>;<br clear='none'>\r\n<br clear='none'>\r\n<span style=\"font-size:14px;\">Um Ihr Widerrufsrecht auszu\u00fcben, m\u00fcssen Sie uns <strong>(Manfred\r\n Fennesz Handels GmbH, Amtshausgasse 3-5\/3\/R01, 1050 Wien, Telefonnummer: +43 676 526 76 \r\n40, E-Mail-Adresse: forschung@elektrosmoghilfe.com)<\/strong> mittels \r\neiner eindeutigen Erkl\u00e4rung (z.B. ein mit der Post versandter Brief, \r\nTelefax oder E-Mail) \u00fcber Ihren Entschluss, diesen Vertrag zu \r\nwiderrufen, informieren. Sie k\u00f6nnen daf\u00fcr das beigef\u00fcgte \r\nMuster-Widerrufsformular verwenden, das jedoch nicht vorgeschrieben ist.<\/span><br clear='none'>\r\n<br clear='none'>\r\n<span style=\"font-size:14px;\">Zur Wahrung der Widerrufsfrist reicht es \r\naus, dass Sie die Mitteilung \u00fcber die Aus\u00fcbung des Widerrufsrechts vor \r\nAblauf der Widerrufsfrist absenden.<\/span><br clear='none'>\r\n<br clear='none'>\r\n<span style=\"font-size:14px;\"><strong>Folgen des Widerrufs<\/strong><br clear='none'>\r\n<br clear='none'>\r\nWenn Sie diesen Vertrag widerrufen, haben wir Ihnen alle Zahlungen, die \r\nwir von Ihnen erhalten haben, einschlie\u00dflich der Lieferkosten (mit \r\nAusnahme der zus\u00e4tzlichen Kosten, die sich daraus ergeben, dass Sie eine\r\n andere Art der Lieferung als die von uns angebotene, g\u00fcnstigste \r\nStandardlieferung gew\u00e4hlt haben), unverz\u00fcglich und sp\u00e4testens binnen <span style=\"font-size:14px;\">vierzehn Tagen<\/span>\r\n ab dem Tag zur\u00fcckzuzahlen, an dem die Mitteilung \u00fcber Ihren Widerruf \r\ndieses Vertrags bei uns eingegangen ist. F\u00fcr diese R\u00fcckzahlung verwenden\r\n wir dasselbe Zahlungsmittel, das Sie bei der urspr\u00fcnglichen Transaktion\r\n eingesetzt haben, es sei denn, mit Ihnen wurde ausdr\u00fccklich etwas \r\nanderes vereinbart; in keinem Fall werden Ihnen wegen dieser R\u00fcckzahlung\r\n Entgelte berechnet.<\/span><br clear='none'>\r\n<br clear='none'>\r\n<span style=\"font-size:14px;\">Wir k\u00f6nnen die R\u00fcckzahlung verweigern, bis\r\n wir die Waren wieder zur\u00fcckerhalten haben oder bis Sie den Nachweis \r\nerbracht haben, dass Sie die Waren zur\u00fcckgesandt haben, je nachdem, \r\nwelches der fr\u00fchere Zeitpunkt ist.<\/span><br clear='none'>\r\n<br clear='none'>\r\n<span style=\"font-size:14px;\">Sie haben die Waren unverz\u00fcglich und in jedem Fall sp\u00e4testens binnen <span style=\"font-size:14px;\"><span style=\"font-size:14px;\"><span style=\"font-size:14px;\">vierzehn Tagen<\/span><\/span> <\/span>ab dem Tag, an dem Sie uns \u00fcber den Widerruf dieses Vertrags unterrichten, an uns<\/span><span style=\"font-size:14px;\"> zur\u00fcckzusenden oder zu \u00fcbergeben. Die Frist ist gewahrt, wenn Sie die Waren vor Ablauf der Frist von <span style=\"font-size:14px;\">vierzehn Tagen<\/span> absenden.<\/span><br clear='none'>\r\n<br clear='none'>\r\n<span style=\"font-size:14px;\">Sie tragen die unmittelbaren Kosten der R\u00fccksendung der Waren.<\/span><br clear='none'>\r\n<br clear='none'>\r\n<span style=\"font-size:14px;\">Sie m\u00fcssen f\u00fcr einen etwaigen Wertverlust \r\nder Waren nur aufkommen, wenn dieser Wertverlust auf einen zur Pr\u00fcfung \r\nder Beschaffenheit, Eigenschaften und Funktionsweise der Waren nicht \r\nnotwendigen Umgang mit ihnen zur\u00fcckzuf\u00fchren ist.<\/span><br clear='none'>\r\n<br clear='none'>\r\n<span style=\"font-size:14px;\"><strong>Ausschluss- bzw. Erl\u00f6schensgr\u00fcnde<\/strong><br clear='none'>\r\n<br clear='none'>\r\nDas Widerrufsrecht besteht nicht bei Vertr\u00e4gen<\/span><br clear='none'>\r\n<br clear='none'>\r\n<span style=\"font-size:14px;\">&#8211; zur Lieferung von Waren, die nicht \r\nvorgefertigt sind und f\u00fcr deren Herstellung eine individuelle Auswahl \r\noder Bestimmung durch den Verbraucher ma\u00dfgeblich ist oder die eindeutig \r\nauf die pers\u00f6nlichen Bed\u00fcrfnisse des Verbrauchers zugeschnitten sind;<\/span><br clear='none'>\r\n<span style=\"font-size:14px;\">&#8211; zur Lieferung von Waren, die schnell verderben k\u00f6nnen oder deren Verfallsdatum schnell \u00fcberschritten w\u00fcrde;<\/span><br clear='none'>\r\n<span style=\"font-size:14px;\">&#8211; zur Lieferung alkoholischer Getr\u00e4nke, \r\nderen Preis bei Vertragsschluss vereinbart wurde, die aber fr\u00fchestens 30\r\n Tage nach Vertragsschluss geliefert werden k\u00f6nnen und deren aktueller \r\nWert von Schwankungen auf dem Markt abh\u00e4ngt, auf die der Unternehmer \r\nkeinen Einfluss hat;<\/span><br clear='none'>\r\n<span style=\"font-size:14px;\">&#8211; zur Lieferung von Zeitungen, Zeitschriften oder Illustrierten mit Ausnahme von Abonnement-Vertr\u00e4gen.<\/span><br clear='none'>\r\n<br clear='none'>\r\n<span style=\"font-size:14px;\">Das Widerrufsrecht erlischt vorzeitig bei Vertr\u00e4gen<\/span><br clear='none'>\r\n<br clear='none'>\r\n<span style=\"font-size:14px;\"><span style=\"font-size:14px;\">&#8211; zur \r\nLieferung versiegelter Waren, die aus Gr\u00fcnden des Gesundheitsschutzes \r\noder der Hygiene nicht zur R\u00fcckgabe geeignet sind, wenn ihre \r\nVersiegelung nach der Lieferung entfernt wurde;<\/span><\/span><br clear='none'>\r\n<span style=\"font-size:14px;\"><span style=\"font-size:14px;\">&#8211; zur \r\nLieferung von Waren, wenn diese nach der Lieferung aufgrund ihrer \r\nBeschaffenheit untrennbar mit anderen G\u00fctern vermischt wurden;<\/span><\/span><br clear='none'>\r\n<span style=\"font-size:14px;\"><span style=\"font-size:14px;\">&#8211; zur \r\nLieferung von Ton- oder Videoaufnahmen oder Computersoftware in einer \r\nversiegelten Packung, wenn die Versiegelung nach der Lieferung entfernt \r\nwurde.<\/span><\/span><br clear='none'>\r\n<br clear='none'><span style=\"font-size:14px;\"><hr>\r\n<br clear='none'>\r\n<strong>Muster-Widerrufsformular<\/strong><br clear='none'>\r\n<br clear='none'>\r\n(Wenn Sie den Vertrag widerrufen wollen, dann f\u00fcllen Sie bitte dieses Formular aus und senden Sie es zur\u00fcck.)<br clear='none'>\r\n<br clear='none'>\r\n&#8211; An <span style=\"font-size:14px;\"><span style=\"font-size:14px;\">Hamoni Vital Forschungs GmbH, Amtshausgasse 3-5\/3\/R01, 1050 Wien<span style=\"font-size:14px;\"><span style=\"font-size:14px;\">,<\/span><\/span> <span style=\"font-size:14px;\"><span style=\"font-size:14px;\"><span style=\"font-size:14px;\"><span style=\"font-size:14px;\"><br clear='none'> <span style=\"font-size:14px;\">E-Mail-Adresse:&nbsp;<\/span><\/span><\/span><span style=\"font-size:14px;\"><span style=\"font-size:14px;\"><span style=\"font-size:14px;\"><span style=\"font-size:14px;\">forschung@elektrosmoghilfe.com<\/span><\/span><\/span><\/span> :<\/span><\/span><\/span><\/span><br clear='none'>\r\n<br clear='none'>\r\n&#8211; Hiermit widerrufe(n) ich\/ wir (*) den von mir\/ uns (*) abgeschlossenen Vertrag \u00fcber den Kauf der folgenden Waren (*)\/<br clear='none'>\r\n&nbsp; die Erbringung der folgenden Dienstleistung (*)<br clear='none'>\r\n<br clear='none'>\r\n&#8211; Bestellt am (*)\/ erhalten am (*)<br clear='none'>\r\n<br clear='none'>\r\n&#8211; Name des\/ der Verbraucher(s)<br clear='none'>\r\n&#8211; Anschrift des\/ der Verbraucher(s)<br clear='none'>\r\n&#8211; Unterschrift des\/ der Verbraucher(s) (nur bei Mitteilung auf Papier)<br clear='none'>\r\n&#8211; Datum<br clear='none'>\r\n<br clear='none'>\r\n(*) Unzutreffendes streichen.<\/span><br clear='none'>\r\n<br clear='none'>\r\n<div style=\"clear:both;margin-top:24px;\"><\/div>\r\n<a href=\"https:\/\/www.elektrosmoghilfe.com\/erdstrahlen\/wp-content\/uploads\/documents\/widerrufsbelehrung_hamoni_harmonisierer.pdf\">\r\n<img src=\"https:\/\/www.elektrosmoghilfe.com\/erdstrahlen\/wp-content\/uploads\/images\/icon_pdf.png\" style=\"vertical-align:bottom;margin-right:10px;width:38px;float:left;\">\r\n<\/a>\r\n<div>\r\n<a href=\"https:\/\/www.elektrosmoghilfe.com\/erdstrahlen\/wp-content\/uploads\/documents\/widerrufsbelehrung_hamoni_harmonisierer.pdf\">\r\nDieses Dokument<br clear='none'> \r\nzum Speichern und Drucken\r\n<\/a>\r\n<\/div>\r\n\r\n\r\n\r\n<div class=\"fusion-clearfix\"><\/div><\/div><\/div>\r\n<div class=\"fusion-layout-column fusion_builder_column fusion-builder-column-1 fusion_builder_column_1_3 1_3 fusion-one-third fusion-column-last twofifth1\" style=\"width:30.6666%;margin-top:0px;margin-bottom:0px;\" id=\"columnSide\"><div class=\"fusion-column-wrapper fusion-flex-column-wrapper-legacy\" style=\"background-position:left \r\ntop;background-repeat:no-repeat;-webkit-background-size:cover;-moz-background-size:cover;-o-background-size:cover;background-size:cover;padding: 0px 0px 0px 0px;\">\r\n<div class=\"fusion-text fusion-text-1\"><p><img src=\"https:\/\/www.elektrosmoghilfe.com\/erdstrahlen\/wp-content\/uploads\/images\/seitenteil_widerruf.jpg\" style=\"width: 100%;margin-bottom:0px;margin-top:20px;\" alt=\"\"><\/p>\n<\/div><div class=\"fusion-clearfix\"><\/div><\/div><\/div><\/div><\/div>","protected":false},"excerpt":{"rendered":"","protected":false},"author":1,"featured_media":0,"parent":0,"menu_order":0,"comment_status":"closed","ping_status":"closed","template":"","meta":[],"_links":{"self":[{"href":"https:\/\/www.elektrosmoghilfe.com\/erdstrahlen\/wp-json\/wp\/v2\/pages\/665"}],"collection":[{"href":"https:\/\/www.elektrosmoghilfe.com\/erdstrahlen\/wp-json\/wp\/v2\/pages"}],"about":[{"href":"https:\/\/www.elektrosmoghilfe.com\/erdstrahlen\/wp-json\/wp\/v2\/types\/page"}],"author":[{"embeddable":true,"href":"https:\/\/www.elektrosmoghilfe.com\/erdstrahlen\/wp-json\/wp\/v2\/users\/1"}],"replies":[{"embeddable":true,"href":"https:\/\/www.elektrosmoghilfe.com\/erdstrahlen\/wp-json\/wp\/v2\/comments?post=665"}],"version-history":[{"count":3,"href":"https:\/\/www.elektrosmoghilfe.com\/erdstrahlen\/wp-json\/wp\/v2\/pages\/665\/revisions"}],"predecessor-version":[{"id":2536,"href":"https:\/\/www.elektrosmoghilfe.com\/erdstrahlen\/wp-json\/wp\/v2\/pages\/665\/revisions\/2536"}],"wp:attachment":[{"href":"https:\/\/www.elektrosmoghilfe.com\/erdstrahlen\/wp-json\/wp\/v2\/media?parent=665"}],"curies":[{"name":"wp","href":"https:\/\/api.w.org\/{rel}","templated":true}]}}