{"id":2340,"date":"2020-09-09T19:27:29","date_gmt":"2020-09-09T19:27:29","guid":{"rendered":"https:\/\/www.elektrosmoghilfe.com\/erdstrahlen\/?page_id=2340"},"modified":"2020-09-28T22:46:29","modified_gmt":"2020-09-28T22:46:29","slug":"gibt-es-an-meinem-wohnort-schon-5g-abfrage-der-5g-abdeckung-fuer-deutschland","status":"publish","type":"page","link":"https:\/\/www.elektrosmoghilfe.com\/erdstrahlen\/gibt-es-an-meinem-wohnort-schon-5g-abfrage-der-5g-abdeckung-fuer-deutschland\/","title":{"rendered":"Gibt es an meinem Wohnort schon 5G? &#8211; Abfrage der 5G-Abdeckung f\u00fcr Deutschland"},"content":{"rendered":"<div class=\"fusion-fullwidth fullwidth-box fusion-builder-row-1 hundred-percent-fullwidth non-hundred-percent-height-scrolling\" style=\"background-color: rgba(255,255,255,0);background-position: center center;background-repeat: no-repeat;padding-top:0px;padding-right:0px;padding-bottom:0px;padding-left:0px;margin-bottom: 0px;margin-top: 0px;border-width: 0px 0px 0px 0px;border-color:#eae9e9;border-style:solid;\" >\r\n<div id=\"mainDiv\">\r\n<div class=\"fusion-builder-row fusion-row\">\r\n<div class=\"fusion-layout-column fusion_builder_column fusion-builder-column-0 fusion_builder_column_1_1 1_1 fusion-one-full fusion-column-first fusion-column-last\" style=\"margin-top:0px;margin-bottom:0px;\"><div class=\"fusion-column-wrapper fusion-flex-column-wrapper-legacy\" style=\"background-position:left top;background-repeat:no-repeat;-webkit-background-size:cover;-moz-background-size:cover;-o-background-size:cover;background-size:cover;padding: 0px 0px 0px 0px;\">\r\n<h1 class=\"subpage\">Gibt es bei mir schon Abdeckung bzw. Elektrosmog-Belastung durch 5G?<br clear='none'>\r\n    <span class=\"light\">Finden Sie es hier f\u00fcr Wohnorte in Deutschland heraus<\/span>\r\n<\/h1>\r\n<p class=\"anwendung intro\" style=\"margin-bottom:12px\">\r\nAus Elektrosmog-Sicht ist es prinzipiell egal, welcher Anbieter bei Ihnen vor Ort\r\nschon 5G anbietet. Um eine definitive Aussage machen zu k\u00f6nnen, ob 5G bei Ihnen schon\r\nausgebaut ist, m\u00fcssten Sie theroretisch alle 4 Anbieter, die 5G-Frequenzen ersteigert\r\nhaben, also Telekom, Vodafone, Telefonica (O2) und 1&amp;1, abfragen.<br clear='none'>\r\n<span class=\"light\">\r\nDerzeit ist dies praktisch aber nur f\u00fcr 2 Anbieter n\u00f6tig, da nur die Telekom und Vodafone \r\nschon 5G-Antennen funken lassen.\r\n<\/span>\r\n<\/p>\r\n<p class=\"anwendung intro\">\r\n<span class=\"emphDark\">\r\nBeim 5G-Ausbau in Deutschland liegt die Telekom mit gro\u00dfem Abstand \r\nvor Vodafone derzeit in F\u00fchrung. Die Telekom erreicht derzeit 50% der deutschen Bev\u00f6lkerung\r\nmit 5G, also 40 Millionen Einwohner.<\/span> Derzeit sind ca. 15.000 5G-Masten aktiv, bis Ende 2020\r\nsollen es ca. 20.000 sein. Mit deutlichem Abstand folgt Vodafone, der Anbieter will bis Ende\r\n2020 ca. 8.000 5G-Antennen im Einsatz haben und damit 10 Millionen Einwohner erreichen.\r\n<p class=\"anwendung indent2\">\r\nDie beiden Nachz\u00fcgler: O2 will erst Ende 2021 5G in einigen deutschen Gro\u00dfst\u00e4dten anbieten, 1&amp;1 besitzt noch\r\n\u00fcberhaupt kein eigenes Mobilfunknetz, geschweige denn 5G-Antennen. Der Anbieter plant bis Ende\r\n2022 5G anzubieten. Das muss er auch, wenn er die gesetzliche Ausbauverpflichtung von 1000 Antennen\r\nbis Ende 2022 erf\u00fcllen will.\r\n<\/p>\r\n<p class=\"anwendung\" style=\"margin-bottom:12px;\">\r\nDies bedeutet, dass wir derzeit nur den Netzausbau von Telekom und Vodafone abfragen m\u00fcssen, um herauszufinden, ob es an unserem Wohnort\r\nschon zus\u00e4tliche Elektrosmog-Belastung durch 5G gibt.\r\n<\/p>\r\n<h2 class=\"subpage\">1) Abfrage der 5G-Abdeckung an meinem Wohnort durch die Telekom\r\n<\/h2>\r\n<p class=\"anwendung indent2\">\r\nSo geht&#8217;s: Bitte geben Sie auf der Netzabdeckungskarte der Telekom unten\r\nIhre Adresse ein. Danach klicken Sie auf &#8222;Suchen&#8220;. <i>Falls Sie diese Webseite \u00fcber ein Mobilger\u00e4t\r\nbesuchen, sehen Sie statt des Formulars einen Knopf mit einer Lupe. Klicken Sie zuerst auf diesen\r\nKnopf und geben danach Ihren Wohnort ein.<\/i> Wir haben f\u00fcr Sie die Netzabdeckung durch 5G schon\r\nangehakt.\r\n<\/p>\r\n<p class=\"anwendung intro\">\r\nWenn an Ihrem Wohnort schon 5G-Abdeckung der Telekom vorhanden ist, dann <span style=\"color:rgb(146, 102, 137);font-family:Open Sans Condensed;\">sehen Sie dies durch eine\r\nMarkierung in Purpur.<\/span> Beachten Sie, dass die Abdeckung nicht abrupt am Rand der Markierung\r\naufh\u00f6rt. <span class=\"emphDark\">Sie haben auch in gewissem Abstand davon noch Elektrosmog-Belastung durch 5G, die\r\nSignalst\u00e4rke ist blo\u00df geringer.<\/span>\r\n<\/p>\r\n<div style=\"text-align:center\">\r\n<span class=\"emphDark fs14\">Interaktive Netzabdeckungskarte der Telekom:<\/span>\r\n<iframe id=\"telekom\" style=\"width: 100%;height:700px;margin-bottom: 20px;\" scrolling=\"no\"\r\n        src=\"https:\/\/t-map.telekom.de\/TMAP4\/jsp\/coverage_checker.jsp?initCoverageLayerIds=coverage5G\"\r\n        frameborder=\"0\"><\/iframe>\r\n<\/div>\t\t\r\n<h2 class=\"subpage\">2) Abfrage der 5G-Abdeckung an meinem Wohnort durch Vodafone\r\n<\/h2>\r\n<p class=\"anwendung\" style=\"text-align:center;margin-bottom:12px;\">\r\nSo geht&#8217;s: Zuerst die alten Technologien abhaken, um auf der Karte nur 5G-Abdeckung\r\nzu sehen. Wir klicken auf das Smartphone-Symbol links in der Karte und haken alles\r\nau\u00dfer 5G ab, so wie in unserem Bild gezeigt:\r\n<\/p>\r\n<p style=\"text-align:center\">\r\n<img src=\"https:\/\/www.elektrosmoghilfe.com\/erdstrahlen\/wp-content\/uploads\/images\/vodafone_5G_auswaehlen.jpg\">\r\n<\/p>\r\n<p class=\"anwendung intro\">\r\nDanach geben Sie Ihren Wohnort in das Suchfeld ein. Wenn an Ihrem Wohnort schon 5G-Abdeckung von Vodafone vorhanden ist, dann <span style=\"color:#af5e60;font-family:Open Sans Condensed;\">sehen Sie dies durch eine\r\nMarkierung in Braun.<\/span>\r\n<\/p>\r\n<div style=\"text-align:center\">\r\n<span class=\"emphDark fs14\">Interaktive Netzabdeckungskarte von Vodafone:<\/span>\r\n<iframe id=\"vodafone\" style=\"width: 100%;height:700px;\" scrolling=\"no\"\r\n        src=\"https:\/\/netmap.vodafone.de\/cokart-client\/index.html?lang=de&#038;app=cokart_4x\"\r\n        frameborder=\"0\"><\/iframe>\r\n<\/div>\r\n<p class=\"anwendung intro\">\r\n<span class=\"emphDark\">Hinweis: Die Lage beim 5G-Ausbau ist \u00e4u\u00dferst dynamisch und kann sich w\u00f6chentlich\r\n\u00e4ndern.<\/span> Die Mobilfunkprovider haben ein Interesse daran, ihre Netzausbaukarten m\u00f6glichst\r\noft zu aktualisieren, damit sie den Kunden zeigen k\u00f6nnen, wie gut ihre Netzabdeckung ist.\r\nSollte an Ihrem Wohnort derzeit noch keine 5G-Abdeckung bzw. Elektrosmogbelastung durch\r\n5G vorhanden sein, kann sich das von heute auf morgen \u00e4ndern.\r\n<\/p>\r\n<p class=\"anwendung intro\">\r\n<span class=\"emphLight\">Es macht also Sinn, wenn Sie den Netzausbau regelm\u00e4\u00dfig abfragen.<\/span>\r\nWir werden diese Webseite um die 5G-Netzausbaukarten von Telefonica (O2) und 1&amp;1 erg\u00e4nzen,\r\nsobald diese verf\u00fcgbar sind. Aufgrund des R\u00fcckstands im Ausbau erwarten wir diese Verf\u00fcgbarkeit \r\nf\u00fcr 2021 bzw. im Falle von 1&amp;1 wahrscheinlich erst in 2022.\r\n<\/p>\r\n\r\n\r\n<div class=\"fusion-clearfix\"><\/div><\/div><\/div>\r\n<\/div>\r\n<\/div>\r\n<style type=\"text\/css\">.fusion-fullwidth.fusion-builder-row-1 { overflow:visible; }<\/style><\/div>","protected":false},"excerpt":{"rendered":"","protected":false},"author":1,"featured_media":0,"parent":0,"menu_order":0,"comment_status":"closed","ping_status":"closed","template":"","meta":[],"_links":{"self":[{"href":"https:\/\/www.elektrosmoghilfe.com\/erdstrahlen\/wp-json\/wp\/v2\/pages\/2340"}],"collection":[{"href":"https:\/\/www.elektrosmoghilfe.com\/erdstrahlen\/wp-json\/wp\/v2\/pages"}],"about":[{"href":"https:\/\/www.elektrosmoghilfe.com\/erdstrahlen\/wp-json\/wp\/v2\/types\/page"}],"author":[{"embeddable":true,"href":"https:\/\/www.elektrosmoghilfe.com\/erdstrahlen\/wp-json\/wp\/v2\/users\/1"}],"replies":[{"embeddable":true,"href":"https:\/\/www.elektrosmoghilfe.com\/erdstrahlen\/wp-json\/wp\/v2\/comments?post=2340"}],"version-history":[{"count":18,"href":"https:\/\/www.elektrosmoghilfe.com\/erdstrahlen\/wp-json\/wp\/v2\/pages\/2340\/revisions"}],"predecessor-version":[{"id":2409,"href":"https:\/\/www.elektrosmoghilfe.com\/erdstrahlen\/wp-json\/wp\/v2\/pages\/2340\/revisions\/2409"}],"wp:attachment":[{"href":"https:\/\/www.elektrosmoghilfe.com\/erdstrahlen\/wp-json\/wp\/v2\/media?parent=2340"}],"curies":[{"name":"wp","href":"https:\/\/api.w.org\/{rel}","templated":true}]}}