{"id":2277,"date":"2020-05-02T00:40:46","date_gmt":"2020-05-02T00:40:46","guid":{"rendered":"https:\/\/www.elektrosmoghilfe.com\/erdstrahlen\/?page_id=2277"},"modified":"2020-05-06T04:28:45","modified_gmt":"2020-05-06T04:28:45","slug":"hamoni-mobil-kunde-berichtet-aus-paris","status":"publish","type":"page","link":"https:\/\/www.elektrosmoghilfe.com\/erdstrahlen\/hamoni-mobil-kunde-berichtet-aus-paris\/","title":{"rendered":"Erfahrungsbericht Hamoni\u00ae Mobil &#8211; Ein Kunde berichtet aus Paris"},"content":{"rendered":"<div class=\"fusion-fullwidth fullwidth-box fusion-builder-row-1 nonhundred-percent-fullwidth non-hundred-percent-height-scrolling\" style=\"background-color: rgba(255,255,255,0);background-position: left top;background-repeat: no-repeat;padding-top:0px;padding-right:0px;padding-bottom:0px;padding-left:0px;margin-bottom: 0px;margin-top: 0px;border-width: 0px 0px 0px 0px;border-color:#eae9e9;border-style:solid;\" ><div class=\"fusion-builder-row fusion-row\">\r\n<div class=\"fusion-layout-column fusion_builder_column fusion-builder-column-0 fusion_builder_column_2_3 2_3 fusion-two-third fusion-column-first threefifth1\" style=\"width:65.3333%; margin-right: 4%;margin-top:0px;margin-bottom:0px;\" id=\"columnMain\"><div class=\"fusion-column-wrapper fusion-flex-column-wrapper-legacy\" style=\"background-position:left top;background-repeat:no-repeat;-webkit-background-size:cover;-moz-background-size:cover;-o-background-size:cover;background-size:cover;padding: 0px 0px 0px 0px;\">\r\n<div class=\"fusion-text fusion-text-1\"><\/div>\r\n<h1 class=\"subpage\">Erfahrungsbericht zum Hamoni\u00ae Harmonisierer Mobil:<br clear='none'> Ein Kunde berichtet aus Paris*\r\n<span class=\"h1SubTitle\">Herr E.S., Kunde aus M\u00fcnchen<\/span><\/h1>\r\n\t\r\n<p class=\"anwendung fs16 sum\">\r\n<span class=\"emphDark\">\r\nFrankreich war eines der L\u00e4nder, das st\u00e4rker als z.B. Deutschland vom Coronavirus betroffen war und\r\nzu Krisenbeginn sehr restriktive Beschr\u00e4nkungen des t\u00e4glichen Lebens einf\u00fchrte. So musste man beim Verlassen\r\nder Wohnung einen vorher ausgef\u00fcllten und unterschriebenen Zettel mit sich f\u00fchren, auf dem der Grund f\u00fcr den\r\nAusgang niedergeschrieben wurde. Herr S. erlebte diese Zeit in Paris, er hatte sein mobiles Ger\u00e4t aus Deutschland\r\ndorthin mitgenommen und schrieb uns, nachdem er mehr als 4 Wochen Ausgangsbeschr\u00e4nkung in der Stadt erlebt hatte.\r\n<\/span>\r\n<\/p>\r\n\r\n<p class=\"anwendung report report2\" style=\"color:#0989D6;text-decoration:underline\">\r\n    Betr.: Hamoni Mobil\r\n<\/p>\r\n\r\n<p class=\"anwendung report report2\">\r\n    \u201eLieber Manfred Fennesz,\r\n<\/p>\r\n\r\n<p class=\"anwendung report report2 indent2\">\r\nIch habe Ihnen mein Vertrauen geschenkt und 200\u20ac investiert. Ich bin froh, dass ich das getan habe. \r\nEin kleiner Makel vorweg: Das B\u00e4ndchen, mit dem ich den Hamoni um den Hals tragen kann, ist nach 4 Monaten so br\u00fcchig, dass es dauernd rei\u00dft. Das Material taugt nicht. Ich w\u00fcnschte mir ein anderes Naturmaterial wie z.B. einen Baumwollschn\u00fcrsenkel \u2013 weniger sophisticated aber eben haltbar.\r\n<\/p>\r\n\r\n<p class=\"anwendung report report2 indent2\">\r\nHier mein Erfahrungsbericht: Ich habe den Hamoni gekauft, um ihn gleich mit nach Paris zu nehmen, wo ich jetzt seit mehr als 4 Wochen confined bin. Permanent 12 WLAN-Netze um mich herum, bemerkt von meinem Notebook, hatte ich hier andere Schlafst\u00f6rungen bemerkt als in meinem angestammten d\u00f6rflichen Wohnort in S\u00fcddeutschland. Nun habe ich ebenso mehr als 4 Wochen den Hamoni bei mir.\r\n<\/p>\r\n\r\n<p class=\"anwendung report report2 indent2\">\r\nIch selbst konnte sofort regelm\u00e4\u00dfig tiefer schlafen (Hamoni unter dem Kopfkissen). Meine Lebensgef\u00e4hrtin ebenfalls, wobei sie sehr sensibel auch Beunruhigendes sp\u00fcrte. Daraufhin entfernte ich den Hamoni ca. 1,5m auf eine Kommode. Daraufhin und seitdem haben wir beide den Genuss tiefen langen Schlafs. Sogar Tr\u00e4ume kommen jetzt wieder deutlicher ins morgendliche Bewusstsein.\r\n<\/p>\r\n\r\n<p class=\"anwendung report report2 indent2\">\r\nKurzum: Ich bin \u00fcberzeugt davon, dass hier etwas wirkt, dem ich einfach nur vertrauen kann. Mein physikalischer Kenntnisstand hatte das f\u00fcr m\u00f6glich gehalten. Allein, ich h\u00e4tte es nicht bauen k\u00f6nnen \ud83d\ude42\r\n<\/p>\r\n\r\n<p class=\"anwendung report report2 indent2\">\r\nGern d\u00fcrfen Sie dieses Testat ver\u00f6ffentlichen. Wegen meiner exponierten Stellung in einer sehr herk\u00f6mmlichen Welt beschr\u00e4nke ich diese Erlaubnis aber auf meine Initialen, gern mit der Ortsangabe \u201eM\u00fcnchen\u201c.\r\nWeiterempfehlen werde ich das Ger\u00e4t, aber nur im direkten Kontakt mit Klienten \u2013 zu leicht wird man als Esoteriker diskreditiert, was ich als Wissenschaftler zur\u00fcckweise.\r\n<\/p>\r\n\r\n<p class=\"anwendung report report2 indent2\">\r\nIch kann Sie nur best\u00e4rken, diesen Weg weiterzugehen. Ein besseres B\u00e4ndchen sollte dann aber den Genuss des Ger\u00e4ts v\u00f6llig ungetr\u00fcbt sein lassen.\r\n<\/p>\r\n\r\n<p class=\"anwendung report report2 \">\r\nHerzliche Gr\u00fc\u00dfe\r\nE.&nbsp;S.&#8220;\r\n<\/p>\r\n\r\n<h2>Unsere Anmerkungen<\/h2>\r\n\r\n<p class=\"anwendung\">\r\n<span class=\"emphDark fs16\">\r\n1) Zur schlechten Qualit\u00e4t des B\u00e4ndchens: \r\n<\/span>\r\nHerr S. war einer unserer ersten Kunden des Hamoni\u00ae Harmonisierer Mobil. Leider ist es bei einigen\r\nGer\u00e4ten anf\u00e4nglich zur Beilegung eines Raulederbandes mit einem Produktionsfehler gekommen.\r\nWir hatten das Band in der Entwicklungsphase des Ger\u00e4ts sorgf\u00e4ltig ausgew\u00e4hlt. Leider hat uns der Lieferant dann\r\nbei der Bestellung gr\u00f6\u00dferer Mengen B\u00e4nder f\u00fcr die Serienproduktion diese nicht in derselben Qualit\u00e4t\r\ngeliefert, die das Testexemplar hatte, sondern eine anscheinend fehlerhafte Charge. Von au\u00dfen war dies optisch\r\nnicht zu erkennen, es w\u00e4re nur durch eine Rei\u00dfprobe aufgefallen. Da wir nicht auf die Idee gekommen\r\nw\u00e4ren, an den B\u00e4ndern zum Test zu rei\u00dfen, fiel uns der Produktionsfehler erst durch die R\u00fcckmeldung\r\nvon Kunden auf. Wir haben den Lieferanten gewechselt und testen die B\u00e4nder nun probeweise vor\r\nAuslieferung. Es sollte daher zu keinen Problemen mehr kommen. <span class=\"emphLight fs16\">Das nun beigelegte Flachband aus Kunst-Rauleder\r\n(f\u00fcr Veganer geeignet) ist nun sehr rei\u00dffest, es kann auch bei 30 Grad in der Waschmaschine gewaschen\r\nwerden. Zudem liegen dem Ger\u00e4t vier verschiedene Rundb\u00e4nder zum Bandwechsel bei.<\/span>\r\n<\/p>\r\n\r\n<p class=\"anwendung\">\r\n<span class=\"emphDark fs16\">\r\n2) &#8222;&#8230;hatte ich hier andere Schlafst\u00f6rungen bemerkt als in meinem angestammten d\u00f6rflichen Wohnort in S\u00fcddeutschland&#8230;&#8220;\r\n<\/span>\r\nHerr S. spricht ein wichtiges Thema an, dass viele Menschen betrifft, wenn Sie am\r\nLand oder in kleinst\u00e4dtischer Umgebung wohnen und pl\u00f6tzlich, z.B. durch eine \r\nUrlaubs- oder Gesch\u00e4ftsreise, in der Stadt \u00fcbernachten m\u00fcssen. Nicht wenige Menschen\r\nbemerken dann eine schlechtere Schlafqualit\u00e4t, an der h\u00e4ufig Elektrosmog (nat\u00fcrlich\r\ngibt es auch andere Einflussfaktoren wie L\u00e4rm oder Stress durch hohe Bev\u00f6lkerungsdichte)\r\nSchuld ist. Umgekehrt berichten Stadtmenschen, dass sie deutlich besser schlafen, wenn\r\nSie eine Nacht am Land verbringen. \r\n<a href=\"https:\/\/www.elektrosmoghilfe.com\/erdstrahlen\/stadt-oder-land-wo-ist-die-elektrosmog-belastung-groesser\/\"><i class=\"fas fa-external-link-alt link-ext\"><\/i>\r\nDie Elektrosmog-Belastung in der Stadt haben wir mit\r\nderjenigen am Land in einem eigenen Artikel verglichen.<\/a>\r\n<\/p>\r\n<p class=\"anwendung indent2\">\r\n<span class=\"emphLight fs16\">Das Ergebnis: In der Stadt ist die Belastung\r\nvon au\u00dfen deutlich h\u00f6her als am Land.<\/span> Umgekehrt sieht es allerdings aus, wenn man die selbst gemachte\r\nBelastung bei einem Handytelefonat betrachtet: Hier ist die Belastung am Land deutlich h\u00f6her,\r\nweil das Handy die im Mittel weiter entfernten Funkt\u00fcrme schlechter erreichen kann und daher\r\nmit h\u00f6herer Sendeleistung funken muss.\r\n<\/p>\r\n<p class=\"anwendung\" style=\"text-align:center\">\r\n    <img style=\"margin-top: 0px;\" src=\"https:\/\/www.elektrosmoghilfe.com\/erdstrahlen\/wp-content\/uploads\/images\/senderstandorte_stadt_vs_land_horizontal.jpg\"\r\n         alt=\"Vergleich Dichte der Mobilfunksendeanlagen Land mit Stadt\">\r\n<span class=\"emphDark fs14\">\r\nIllustration der <span class=\"emphLight fs14\">niedrigen Mobilfunk-Senderdichte am Land<\/span> und der <span class=\"emphLight fs14\">hohen Mobilfunk-Senderdichte in der Stadt.<\/span> Hier am Beispiel Nordburgenland (l\u00e4ndliches Gebiet in \u00d6sterreich), links und Wien, rechts. Beide Karten haben den selben Ma\u00dfstab.\r\nQuelle: <a href=\"https:\/\/www.senderkataster.at\/\"><i class=\"fas fa-external-link-alt link-ext\"><\/i>https:\/\/www.senderkataster.at\/<\/a>\r\n<\/span>\r\n<\/p>\r\n\r\n<p class=\"anwendung indent2\">\r\n<span class=\"emphLight fs16\">Konkret f\u00fcr die Schlafqualit\u00e4t bedeutet das nun folgendes: Da wir w\u00e4hrend der Nacht nicht selbst\r\ntelefonieren, \u00fcberwiegt bei Aufenthalt in der Stadt die h\u00f6here Belastung von au\u00dfen als\r\nBelastungsfaktor.<\/span> Diese kommt in erster Linie durch die WLAN-Netze der Nachbarn und das eigene\r\nWLAN-Netz zustande sowie durch die deutlich h\u00f6here Dichte an Mobilfunksendeantennen. Siehe\r\ndazu auch unseren Vergleich der Senderdichte am Land mit der in der Stadt im Bild.\r\n<span class=\"emphDark fs16\">\r\nAus diesen Gr\u00fcnden schl\u00e4ft man, wenn man andere Stressfaktoren als gleichwertig betrachtet,\r\naus Elektrosmog-Sicht in der Stadt eher schlechter als am Land.\r\n<\/span>\r\n<\/p>\r\n<p class=\"anwendung\" style=\"text-align:center\">\r\n    <img style=\"margin-top: 0px;\" src=\"https:\/\/www.elektrosmoghilfe.com\/erdstrahlen\/wp-content\/uploads\/images\/wohnblocks_in_paris.jpg\"\r\n         alt=\"Wohnblocks in Paris\">\r\n<span class=\"emphDark fs14\">\r\nParis ist die europ\u00e4ische Hauptstadt mit der h\u00f6chsten Bev\u00f6lkerungsdichte (ca. 21000 Einwohner pro km\u00b2). Im Vergleich\r\ndazu liegt die Bev\u00f6lkerungsdichte von Wien oder Berlin nur bei ca. einem F\u00fcnftel der Dichte von Paris.\r\nParis hat zwar breite Boulevards, aber die Wohnviertel selbst sind extrem dicht bewohnt. Besonders stark ist die\r\nElektrosmog-Belastung in gro\u00dfen Wohnblocks, wie man sie z.B. in den Vororten (Banlieues) h\u00e4ufig antrifft.\r\n<\/span>\r\n<\/p>\r\n\r\n<p class=\"anwendung\">\r\n<span class=\"emphDark fs16\">\r\n3) &#8222;Daraufhin entfernte ich den Hamoni ca. 1,5m auf eine Kommode. Daraufhin und seitdem haben wir beide den Genuss tiefen langen Schlafs.&#8220;\r\n<\/span>\r\nDies ist eine wichtiger Hinweis von Herrn S., der damit zu tun hat, dass Menschen nicht\r\nalle gleich sensibel sind. F\u00fcr ihn war auch das Ger\u00e4t direkt unter dem Kopfpolster gut,\r\nseine Frau scheint aber sensibler zu sein und ben\u00f6tigt das Ger\u00e4t in etwas mehr Abstand\r\nf\u00fcr die optimale Wirkung. Wenn Sie also das mobile Ger\u00e4t auch als station\u00e4res Ger\u00e4t zuhause\r\nbenutzen, kann es im Einzelfall (sehr sensible Menschen) n\u00f6tig sein, das Ger\u00e4t nicht wie von\r\nuns vorgeschlagen auf das Nachtk\u00e4stchen, sondern etwas weiter weg zu legen. Bitte testen Sie\r\ndiese Notwendigkeit im Einzelfall selbst aus und beziehen Sie Ihren Partner mit in den Test\r\nein, falls Sie in einem Doppelbett schlafen.\r\n<\/p>\r\n<p class=\"anwendung\">\r\n<span class=\"emphDark fs16\">\r\n4) &#8222;Sogar Tr\u00e4ume kommen jetzt wieder deutlicher ins morgendliche Bewusstsein.&#8220;\r\n<\/span>\r\nWir glauben, dass die Tr\u00e4ume nicht nur leichter ins Bewusstsein kommen, sondern auch \u00f6fter auftauchen,\r\nd.h. die Traumintensit\u00e4t insgesamt zugenommen hat. Wir h\u00f6ren n\u00e4mlich \u00f6fter von Kunden, dass sie\r\nseit Verwendung des Harmonisierers h\u00e4ufiger und lebhafter tr\u00e4umen. In der Schlafforschung mehren\r\nsich die Hinweise darauf, dass traumreiche N\u00e4chte erholsamere N\u00e4chte sind, d.h. in N\u00e4chten mit\r\nTr\u00e4umen der K\u00f6rper besser regenerieren kann als in traumlosen N\u00e4chten. Wir werden das wichtige\r\nThema Tr\u00e4umen in einem eigenen Artikel in Zukunft aufgreifen, da wir uns erst selbst besser in\r\ndieses Gebiet einlesen m\u00fcssen.\r\n<\/p>\r\n\r\n<p class=\"anwendung\">\r\n<span class=\"emphDark fs16\">\r\n5) &#8222;Zu leicht wird man als Esoteriker diskreditiert, was ich als Wissenschaftler zur\u00fcckweise.&#8220;\r\n<\/span>\r\nDie Diskreditierung ist leider ein Faktum. Allerdings muss man die Diskrediteure auch\r\nin Schutz nehmen, denn es gibt ganz offensichtlich sehr viele, sehr zweifelhafte Produkte\r\nauf dem Markt der Produkte, die gegen Elektrosmog helfen sollen. Die gro\u00dfe Mehrzahl der\r\nProdukte ist unserer Meinung nach auch zu Recht als &#8222;esoterisch&#8220; zu bezeichnen, n\u00e4mlich dann, wenn\r\nman sog. &#8222;feinstofflich&#8220; oder &#8222;energetisch&#8220; wirkende Produkte als esoterische Produkte\r\nansieht, so wie wir das tun. Da sie per definitionem nicht physikalisch erkl\u00e4rt werden\r\nk\u00f6nnen, muss man an die Wirkung glauben. Es ist f\u00fcr den einzelnen, besonders, wenn er keinen\r\n\u00dcberblick \u00fcber den Markt der Produkte gegen Elektrosmog hat, dann fast unvermeidlich, dass\r\ner alle Produkte \u00fcber einen Kamm schert und ein Produkt wie den Hamoni\u00ae Harmonisierer\r\nin denselben Topf wirft, obwohl dieser rein physikalisch wirkt. \r\nDas soll keine Ausrede f\u00fcr Ignoranz sein, aber Verst\u00e4ndnis f\u00fcr die Situation geben, in der sich \r\ndie &#8222;Diskrediteure&#8220; befinden. \r\n<\/p>\r\n\r\n<a class=\"fusion-modal-text-link\" data-toggle=\"modal\" data-target=\".fusion-modal.modal08\" href=\"#\">\r\n<p class=\"anwendung emphDark fs16 screenPrev\">\r\n    Erfahrungsbericht von Herrn E.&nbsp;S. (Originale Email)\r\n    <img src=\"https:\/\/www.elektrosmoghilfe.com\/erdstrahlen\/wp-content\/uploads\/images\/erfahrungsbericht_hamoni_mobil_e_s.png\">\r\n<\/p>\r\n<\/a>\r\n<div class=\"fusion-modal modal fade modal-1 modal08\" tabindex=\"-1\" role=\"dialog\" aria-labelledby=\"modal-heading-1\" aria-hidden=\"true\"><style type=\"text\/css\">.modal-1 .modal-header, .modal-1 .modal-footer{border-color:#ebebeb;}<\/style><div class=\"modal-dialog modal-lg\" role=\"document\"><div class=\"modal-content fusion-modal-content\" style=\"background-color:#ffffff\"><div class=\"modal-header\"><button class=\"close\" type=\"button\" data-dismiss=\"modal\" aria-hidden=\"true\" aria-label=\"Close\">&times;<\/button><h3 class=\"modal-title\" id=\"modal-heading-1\" data-dismiss=\"modal\" aria-hidden=\"true\">Erfahrungsbericht von Herrn E. S. (Originale Email)<\/h3><\/div><div class=\"modal-body fusion-clearfix\">\r\n<img src=\"https:\/\/www.elektrosmoghilfe.com\/erdstrahlen\/wp-content\/uploads\/images\/erfahrungsbericht_hamoni_mobil_e_s.png\">\r\n<\/div><\/div><\/div><\/div>\r\n\r\n<div class=\"fusion-clearfix\"><\/div><\/div><\/div>\r\n<div class=\"fusion-layout-column fusion_builder_column fusion-builder-column-1 fusion_builder_column_1_3 1_3 fusion-one-third fusion-column-last twofifth1\" style=\"width:30.6666%;margin-top:0px;margin-bottom:0px;\" id=\"columnSide\"><div class=\"fusion-column-wrapper fusion-flex-column-wrapper-legacy\" style=\"background-position:left\r\ntop;background-repeat:no-repeat;-webkit-background-size:cover;-moz-background-size:cover;-o-background-size:cover;background-size:cover;padding: 0px 0px 0px 0px;\">\r\n\r\n<p class=\"emphDark fs16\" style=\"text-align:center;line-height: 19px;margin-bottom: 0px;\">\r\n    &#8222;Lieber Manfred Fennesz,<br clear='none'>\r\nIch habe Ihnen mein Vertrauen geschenkt und 200\u20ac investiert. Ich bin froh, dass ich das getan habe.&#8220;\r\n<\/p>\r\n\r\n<p class=\"emphLight fs16\" style=\"text-align:center;margin-bottom: 12px;\">\r\n    Herr&nbsp;E.&nbsp;S.\r\n<\/p>\r\n\r\n<img class=\"sidebar\"\r\n     src=\"https:\/\/www.elektrosmoghilfe.com\/erdstrahlen\/wp-content\/uploads\/images\/touristen_in_notre_dame.jpg\"\r\n     alt=\"Touristen mit Smartphones in Notre Dame\"><br clear='none'>\r\n<img class=\"sidebar\"\r\n     src=\"https:\/\/www.elektrosmoghilfe.com\/erdstrahlen\/wp-content\/uploads\/images\/touristen_im_louvre.jpg\"\r\n     alt=\"Touristen mit Smartphones im Louvre\">\r\n<p class=\"imgDescr\">\r\n<span class=\"emphDark fs14\">Paris hat nicht nur die h\u00f6chste Bev\u00f6lkerungsdichte Europas,\r\nsondern ist auch die meistbesuchte Hauptstadt des Kontinents<\/span> (London liegt knapp\r\nan zweiter Stelle). Touristenmagneten wie der Louvre oder Notre Dame (im Bild vor dem\r\nBrand zu sehen) sind Hotspots f\u00fcr Elektrosmog, da sich sehr viele Menschen dort auf\r\nengstem Raum dr\u00e4ngen. In den Bildern sieht man Besucher vor der Mona Lisa im Louvre bzw.\r\nam Eingang von Notre Dame. Praktisch jeder Tourist hat ein Smartphone bei sich, da es\r\nheutzutage den Fotoapparat so gut wie ersetzt hat.\r\n<\/p>\r\n<img class=\"sidebar\"\r\n     src=\"https:\/\/www.elektrosmoghilfe.com\/erdstrahlen\/wp-content\/uploads\/images\/schule_in_paris.jpg\"\r\n     alt=\"Schule in Paris\">\r\n<p class=\"imgDescr\">\r\n<span class=\"emphDark fs14\">Frankreich gilt als Vorreiter beim Schutz\r\nvon Kindergarten- und Schulkindern vor Elektrosmog.<\/span>\r\nIn Frankreich wurde 2015 WLAN im Kindergarten gesetzlich verboten, an Grundschulen ist es nur erlaubt, wenn es f\u00fcr den Unterricht unbedingt erforderlich ist. Die Installation von WLAN-Antennen an Schulen ist in dem Land meldepflichtig. Strahlungswerte m\u00fcssen j\u00e4hrlich \u00fcberpr\u00fcft und an Orten in der Schule, wo Sie \u00fcber dem Mittelwert liegen, reduziert werden, wenn es technisch m\u00f6glich ist. 2018 folgte ein allgemeines gesetzliches Smartphone- und Tabletverbot an franz\u00f6sischen Schulen.\r\n<a href=\"https:\/\/www.elektrosmoghilfe.com\/erdstrahlen\/elektrosmog-in-der-schule\/\"><i class=\"fas fa-external-link-alt link-ext\"><\/i>\r\nMehr zum Thema Elektrosmog in der Schule finden Sie in einem\r\neigenen Artikel von uns hier.<\/a> Im Bild sehen Sie eine Oberstufenschule\r\nin Paris, das Lyc\u00e9e Henri-IV.\r\n<\/p>\r\n\r\n\r\n<div class=\"fusion-clearfix\"><\/div><\/div><\/div><\/div><\/div>","protected":false},"excerpt":{"rendered":"","protected":false},"author":1,"featured_media":0,"parent":0,"menu_order":0,"comment_status":"closed","ping_status":"closed","template":"","meta":[],"_links":{"self":[{"href":"https:\/\/www.elektrosmoghilfe.com\/erdstrahlen\/wp-json\/wp\/v2\/pages\/2277"}],"collection":[{"href":"https:\/\/www.elektrosmoghilfe.com\/erdstrahlen\/wp-json\/wp\/v2\/pages"}],"about":[{"href":"https:\/\/www.elektrosmoghilfe.com\/erdstrahlen\/wp-json\/wp\/v2\/types\/page"}],"author":[{"embeddable":true,"href":"https:\/\/www.elektrosmoghilfe.com\/erdstrahlen\/wp-json\/wp\/v2\/users\/1"}],"replies":[{"embeddable":true,"href":"https:\/\/www.elektrosmoghilfe.com\/erdstrahlen\/wp-json\/wp\/v2\/comments?post=2277"}],"version-history":[{"count":6,"href":"https:\/\/www.elektrosmoghilfe.com\/erdstrahlen\/wp-json\/wp\/v2\/pages\/2277\/revisions"}],"predecessor-version":[{"id":2288,"href":"https:\/\/www.elektrosmoghilfe.com\/erdstrahlen\/wp-json\/wp\/v2\/pages\/2277\/revisions\/2288"}],"wp:attachment":[{"href":"https:\/\/www.elektrosmoghilfe.com\/erdstrahlen\/wp-json\/wp\/v2\/media?parent=2277"}],"curies":[{"name":"wp","href":"https:\/\/api.w.org\/{rel}","templated":true}]}}