{"id":2164,"date":"2020-04-23T22:07:04","date_gmt":"2020-04-23T22:07:04","guid":{"rendered":"https:\/\/www.elektrosmoghilfe.com\/erdstrahlen\/?page_id=2164"},"modified":"2020-04-23T22:07:04","modified_gmt":"2020-04-23T22:07:04","slug":"elektrosmog-in-der-schule","status":"publish","type":"page","link":"https:\/\/www.elektrosmoghilfe.com\/erdstrahlen\/elektrosmog-in-der-schule\/","title":{"rendered":"Elektrosmog in der Schule"},"content":{"rendered":"<div class=\"fusion-fullwidth fullwidth-box fusion-builder-row-1 nonhundred-percent-fullwidth non-hundred-percent-height-scrolling\" style=\"background-color: rgba(255,255,255,0);background-position: left top;background-repeat: no-repeat;padding-top:0px;padding-right:0px;padding-bottom:0px;padding-left:0px;margin-bottom: 0px;margin-top: 0px;border-width: 0px 0px 0px 0px;border-color:#eae9e9;border-style:solid;\" ><div class=\"fusion-builder-row fusion-row\">\r\n<div class=\"fusion-layout-column fusion_builder_column fusion-builder-column-0 fusion_builder_column_2_3 2_3 fusion-two-third fusion-column-first threefifth1\" style=\"width:65.3333%; margin-right: 4%;margin-top:0px;margin-bottom:0px;\" id=\"columnMain\"><div class=\"fusion-column-wrapper fusion-flex-column-wrapper-legacy\" style=\"background-position:left top;background-repeat:no-repeat;-webkit-background-size:cover;-moz-background-size:cover;-o-background-size:cover;background-size:cover;padding: 0px 0px 0px 0px;\">\r\n<div class=\"fusion-text fusion-text-1\"><h1 class=\"subpage\">Elektrosmog in der Schule<\/h1>\n<p class=\"anwendung indent2\">\n<span class=\"emphDark fs16\">\nNicht wenige \u201eBildungsexperten\u201c und Politiker forderten anfangs die Vermittlung von digitalen Kenntnissen an der Grundschule, danach war auch vom Kindergarten die Rede.<\/span> W\u00e4hrend gegen die Idee per se nichts einzuwenden ist (allerdings erst ab einem gewissen Mindestalter, im Kindergarten ist der Zeitpunkt definitiv zu fr\u00fch), l\u00e4uft die Umsetzung leider katastrophal schief. F\u00fcr das Erlernen von digitalem Wissen ist eine Funkverbindung in keinster Weise notwendig. Ein PC oder Laptop l\u00e4sst sich problemlos per Kabel (Ethernet) mit dem Internet verbinden. <span class=\"emphLight fs16\">Dennoch setzt man, aus Kostengr\u00fcnden und Bequemlichkeit, meist WLAN zur Verbindung ein.<\/span>\n<\/p>\n<p class=\"anwendung indent2\">\nZudem wird auf sinnlose, plakative Slogans wie \u201eein Tablet f\u00fcr jedes Kindergartenkind\u201c gesetzt, die meist nur deswegen erfunden werden, weil sie modern klingen und fehlende digitale Kompetenz bei den Verantwortlichen selbst \u00fcberdecken sollen.\n<span class=\"emphDark fs16\">\nWenn ein Politiker von \u201eWLAN und Tablet\u201c statt \u201eKabel und PC\u201c spricht, glaubt dieser, er sei modern, auch wenn WLAN schon vor \u00fcber 20 und Tablets vor \u00fcber 10 Jahren auf den Markt gekommen sind.\n<\/span>\n<\/p>\n<div style=\"text-align:center;line-height:15px;\">\n<img style=\"margin-top: 12px;margin-bottom: 4px;\" src=\"https:\/\/www.elektrosmoghilfe.com\/erdstrahlen\/wp-content\/uploads\/images\/schuelerinnen_lernen_an_kabelvernetzten_pcs.jpg\" alt=\"Sch\u00fclerinnen lernen an kabelvernetzten PCs\">\n<span class=\"emphLight fs14\">\nF\u00fcr digitalen Unterricht braucht es kein WLAN.<br clear='none'>Das beweisen diese Sch\u00fclerinnen beim Arbeiten an per Kabel vernetzten PCs.\n<\/span>\n<\/div>\n<p class=\"anwendung indent2\">\n<span class=\"emphDark fs16\">\nIn Frankreich wurde 2015 WLAN im Kindergarten gesetzlich verboten, an Grundschulen ist es nur erlaubt, wenn es f\u00fcr den Unterricht unbedingt erforderlich ist.\nDie Installation von WLAN-Antennen an Schulen ist in diesem Land meldepflichtig.<\/span> Strahlungswerte m\u00fcssen j\u00e4hrlich \u00fcberpr\u00fcft und an Orten in der Schule, wo Sie \u00fcber dem Mittelwert liegen, reduziert werden, wenn es technisch m\u00f6glich ist. 2018 folgte ein allgemeines gesetzliches Smartphone- und Tabletverbot an franz\u00f6sischen Schulen. Unn\u00f6tige Panikmache oder gelebtes Vorsorgeprinzip um diejenigen zu sch\u00fctzen, die aufgrund ihres Alters und damit verbundener Gewebestruktur deutlich mehr Strahlung als Erwachsene aufnehmen, sowie noch in der k\u00f6rperlichen und geistigen Entwicklungsphase stecken? Urteilen Sie selbst.\n<\/p>\n<div style=\"text-align:center;line-height:15px;\">\n<img style=\"margin-top: 12px;margin-bottom: 4px;\" src=\"https:\/\/www.elektrosmoghilfe.com\/erdstrahlen\/wp-content\/uploads\/images\/schueler_am_smartphone_in_der_pause.jpg\" alt=\"Sch\u00fcler mit ihren Smartphones in der Pause\">\n<span class=\"emphLight fs14\">\nFr\u00fcher wurde in den Pausen am Schulhof herum gerannt, heute werden die neuesten WhatsApp-Nachrichten gecheckt.\n<\/span>\n<\/div>\n<p class=\"anwendung indent2\">\nEine bei uns traurige Tatsache: Man k\u00f6nnte die WLAN-Belastung in sehr vielen Schulen deutlich senken (das WLAN ganz abzustellen ist heute unrealistisch geworden), indem man die Position des bzw. der Router aus Gesichtspunkten der Strahlenexposition optimiert und in der Software eine m\u00f6glichst geringe Sendest\u00e4rke einstellt. Danach hat man noch immer guten Empfang, aber die Strahlenbelastung ist bei optimalem Aufstellort und Software-Einstellung des Routers deutlich reduziert.\n<\/p>\n<p class=\"anwendung indent2\">\n<span class=\"emphLight fs16\">\nDas Problem ist, dass bei Installation der Router der Aspekt des Strahlenschutzes sehr selten beachtet wird.<\/span> Meist \u00fcbernimmt einer der Lehrer oder der Haustechniker die Installation. Diese sind in Strahlenschutzfragen aber oft nicht ausgebildet. Als Qualit\u00e4tskriterium f\u00fcr eine gelungene Installation gilt dann oft nur die Empfangsqualit\u00e4t selbst, nicht aber die Empfangsqualit\u00e4t, die auf m\u00f6glichst niedrige Strahlungsbelastung optimiert ist.\n<\/p>\n<p class=\"anwendung indent2\">\n<span class=\"emphDark fs16\">Dieses Problem ist aber nicht auf Schulen beschr\u00e4nkt, sondern besteht auch an vielen Arbeitspl\u00e4tzen sowie in privaten WLAN-Netzen zuhause.\nEin Problem in diesem Zusammenhang ist, dass WLAN-Router i.d.R. auf volle Sendeleistung ab Werk eingestellt sind.<\/span> Dies hat uns ein Servicemitarbeiter eines gro\u00dfen Telefonkonzerns im deutschen Sprachraum \u201eunter der Hand\u201c mitgeteilt. Man mache dies bewusst, um Geld zu sparen, sagte uns der Mitarbeiter. Wenn man n\u00e4mlich darauf hinweisen w\u00fcrde, dass sich die Sendeleistung auch nach unten schrauben l\u00e4sst, h\u00e4tte man deutlich h\u00f6here Servicekosten, da mehr Kunden bei der Hotline anriefen und Fragen dazu stellten.\n<\/p>\n<p class=\"anwendung indent2\">\nAu\u00dferdem ist man als Anbieter fein raus, denn auch bei maximaler Sendeleistung halten die Router noch leicht die Strahlenschutzgrenzwerte ein. Grund daf\u00fcr ist, dass die Grenzwerte viel zu hoch sind, wie wir und ein Gro\u00dfteil der Wissenschaft wissen.\n<span class=\"emphLight fs16\">Problematisch sind nicht nur per WLAN verbundene Unterrichtsger\u00e4te, sondern auch die privaten Smartphones der Sch\u00fcler selbst.<\/span> Diese werden zwar w\u00e4hrend des Unterrichts nicht zum Telefonieren benutzt und stecken auf lautlos geschaltet in der Schultasche (wollen wir zumindest hoffen).\n<\/p>\n<div style=\"text-align:center;line-height:15px;\">\n<img style=\"margin-top: 12px;margin-bottom: 4px;\" src=\"https:\/\/www.elektrosmoghilfe.com\/erdstrahlen\/wp-content\/uploads\/images\/schueler_mit_smartphone_im_klassenzimmer.jpg\" alt=\"Sch\u00fcler mit ihren Smartphones in der Schulklasse\">\n<span class=\"emphLight fs14\">\nWenn die Smartphones w\u00e4hrend des Unterrichts in den Schultaschen landen, werden sie meist auf lautlos, aber nicht auf Flugmodus geschaltet.\nMessenger-Dienste wie WhatsApp und Hintergrunddienste des Handys funken dann aber weiter, 20-30 Ger\u00e4te in einer Schulklasse belasten dann\nw\u00e4hrend der gesamten Unterrichtszeit Sch\u00fcler und Lehrer.\n<\/span>\n<\/div>\n<p class=\"anwendung indent2\">\nAllerdings wird die Sprachtelefonie bei jungen Menschen immer unwichtiger, diverse Messenger-Dienste wie WhatsApp sind l\u00e4ngst die beliebteste Kommunikationsform geworden. Und diese laufen als Hintergrunddienst weiterhin am Smartphone und sind mit dem Internet verbunden, um regelm\u00e4\u00dfig Nachrichten empfangen zu k\u00f6nnen. Neben anderen Hintergrunddiensten, die das Internet benutzen, f\u00fchrt dies auch bei Nichtbenutzung des Smartphones zu dauernder Funkbelastung w\u00e4hrend des Unterrichts.\n<\/p>\n<p class=\"anwendung indent2\">\nBei 20-30 Sch\u00fclern mit jeweils einem Smartphone in der Schultasche, die sich alle auf engem Raum im Klassenzimmer befinden, f\u00fchrt dies zu dauernder Belastung w\u00e4hrend der Unterrichtszeit. Dies bekommen nat\u00fcrlich auch die Lehrer zu sp\u00fcren, weswegen wir \u00fcberproportional viele Lehrer als Kunden haben. \n<a href=\"https:\/\/www.elektrosmoghilfe.com\/erdstrahlen\/elektrosmog-am-arbeitsplatz-lehrer-und-beschaeftigte-in-arztpraxen-und-krankenhaeusern\/\/\"><i class=\"fas fa-external-link-alt link-ext\"><\/i>Mehr zur Elektrosmogbelastung von Lehrern finden Sie in unserem eigenen Artikel zu diesem Thema hier.<\/a> Sch\u00fcler kaufen bei uns ja nicht ein und sind sich der Problematik auch meist gar nicht bewusst.<\/p>\n<\/div>\r\n<div class=\"fusion-clearfix\"><\/div><\/div><\/div>\r\n<div class=\"fusion-layout-column fusion_builder_column fusion-builder-column-1 fusion_builder_column_1_3 1_3 fusion-one-third fusion-column-last twofifth1\" style=\"width:30.6666%;margin-top:0px;margin-bottom:0px;\" id=\"columnSide\"><div class=\"fusion-column-wrapper fusion-flex-column-wrapper-legacy\" style=\"background-position:left\r\ntop;background-repeat:no-repeat;-webkit-background-size:cover;-moz-background-size:cover;-o-background-size:cover;background-size:cover;padding: 0px 0px 0px 0px;\">\r\n\r\n<p class=\"pdfPageDownload\">\r\n<span class=\"emphDark fs14\">&#8222;Elektrosmog in der Schule&#8220; als pdf-Datei:<\/span><br clear='none'>\r\n<a href=\"https:\/\/www.elektrosmoghilfe.com\/erdstrahlen\/wp-content\/uploads\/documents\/hamoni_mobil_broschuere_elektrosmog_in_der_schule.pdf\">\r\n    <img class=\"img_pdf\"\r\n         src=\"https:\/\/www.elektrosmoghilfe.com\/erdstrahlen\/wp-content\/uploads\/images\/hamoni_mobil_broschuere_elektrosmog_in_der_schule.jpg\"><\/a>\r\n<\/p>\r\n\r\n<img src=\"https:\/\/www.elektrosmoghilfe.com\/erdstrahlen\/wp-content\/uploads\/images\/gruendschueler_lernen_am_tablet.jpg\" alt=\"Gruendsch\u00fcler lernen am Tablet\"><br clear='none'>\r\n<p class=\"imgDescr id2\" style=\"margin-bottom: 24px;\">\r\n<span class=\"emphDark fs14\">\r\nGrundsch\u00fcler beim Lernen am Tablet: Um digitale Kompetenzen zu erwerben oder digitale Lerninhalte zu konsumieren, braucht es in keinster Weise funkvernetzte Ger\u00e4te.\r\n<\/span>\r\n Selbst Anwendungen, die nur auf Smartphone oder Tablet zur Verf\u00fcgung stehen, lassen sich i.d.R. problemlos in einem kostenlosen Android-Emulator am PC oder Laptop nutzen, der per Kabel mit dem Internet verbunden ist. Warum wird dann trotzdem WLAN verwendet? <span class=\"emphLight fs14\">Erstens, weil sich kaum jemand Gedanken dar\u00fcber macht. Zweitens, weil Bildungspolitiker bzw. Schulverantwortliche glauben, das Wort \u201eWLAN\u201c sei cool und bedeute modernen Unterricht. Und drittens sind es oft schlicht Kosten- und Bequemlichkeitsgr\u00fcnde.<\/span> Einen WLAN-Router gibt es h\u00e4ufig gratis vom Internetanbieter oder um wenige Euro zu kaufen. Kabel zu verlegen verursacht h\u00f6here Kosten. Langfristige Gesundheitsfolgekosten f\u00fcr die Sozialsysteme werden kurzsichtigerweise, wie auch in vielen anderen gesellschaftlichen Bereichen, wo Folgesch\u00e4den u.U. erst in Jahrzehnten finanziell schlagend werden, nicht gegengerechnet.\r\n<\/p>\r\n\r\n<img src=\"https:\/\/www.elektrosmoghilfe.com\/erdstrahlen\/wp-content\/uploads\/images\/schulkinder_mit_smartphones_im_zug.jpg\" alt=\"Schulkinder mit Smartphones im Zug\"><br clear='none'>\r\n<p class=\"imgDescr id2\" style=\"margin-bottom: 24px;\">\r\n<span class=\"emphDark fs14\">\r\nSchulkinder mit Smartphones im Zug, eines davon mit funkvernetzten Kopfh\u00f6rern:\r\n<\/span>\r\nDie Fahrt zur Schule wird als Belastungssituation oft untersch\u00e4tzt.\r\nDiese erfolgt h\u00e4ufig mit PKW oder \u00f6ffentlichen Verkehrsmitteln und\r\ndort kommen zus\u00e4tzliche Belastungsfaktoren hinzu, die wir in separaten\r\nArtikeln zu den Themen <a href=\"https:\/\/www.elektrosmoghilfe.com\/erdstrahlen\/elektrosmog-im-pkw\/\"><i class=\"fas fa-external-link-alt link-ext\"><\/i>Elektrosmog im PKW<\/a>\r\nund <a href=\"https:\/\/www.elektrosmoghilfe.com\/erdstrahlen\/elektrosmog-in-der-bahn\/\"><i class=\"fas fa-external-link-alt link-ext\"><\/i>Elektrosmog in der Bahn<\/a>\r\ngenauer besprechen.\r\n<\/p>\r\n\r\n<img src=\"https:\/\/www.elektrosmoghilfe.com\/erdstrahlen\/wp-content\/uploads\/images\/kinder_am_digitalen_whiteboard_small.jpg\" alt=\"\"><br clear='none'>\r\n<p class=\"imgDescr id2\" style=\"margin-bottom:24px\">\r\n<span class=\"emphDark fs14\">\r\nEin digitales, interaktives Whiteboard:\r\n<\/span>\r\nDas ist die moderne Version der guten, alten Schultafel.\r\nDiese zus\u00e4tzliche Quelle von Elektrosmog im Klassenzimmer\r\n<a href=\"https:\/\/www.elektrosmoghilfe.com\/erdstrahlen\/elektrosmog-am-arbeitsplatz-lehrer-und-beschaeftigte-in-arztpraxen-und-krankenhaeusern\/\"><i class=\"fas fa-external-link-alt link-ext\"><\/i>besprechen wir in unserem Artikel zum Thema Elektrosmog-Belastung\r\nvon Lehrern n\u00e4her.<\/a>\r\n<\/p>\r\n<div class=\"fusion-clearfix\"><\/div><\/div><\/div><\/div><\/div>","protected":false},"excerpt":{"rendered":"","protected":false},"author":1,"featured_media":0,"parent":0,"menu_order":0,"comment_status":"closed","ping_status":"closed","template":"","meta":[],"_links":{"self":[{"href":"https:\/\/www.elektrosmoghilfe.com\/erdstrahlen\/wp-json\/wp\/v2\/pages\/2164"}],"collection":[{"href":"https:\/\/www.elektrosmoghilfe.com\/erdstrahlen\/wp-json\/wp\/v2\/pages"}],"about":[{"href":"https:\/\/www.elektrosmoghilfe.com\/erdstrahlen\/wp-json\/wp\/v2\/types\/page"}],"author":[{"embeddable":true,"href":"https:\/\/www.elektrosmoghilfe.com\/erdstrahlen\/wp-json\/wp\/v2\/users\/1"}],"replies":[{"embeddable":true,"href":"https:\/\/www.elektrosmoghilfe.com\/erdstrahlen\/wp-json\/wp\/v2\/comments?post=2164"}],"version-history":[{"count":13,"href":"https:\/\/www.elektrosmoghilfe.com\/erdstrahlen\/wp-json\/wp\/v2\/pages\/2164\/revisions"}],"predecessor-version":[{"id":2217,"href":"https:\/\/www.elektrosmoghilfe.com\/erdstrahlen\/wp-json\/wp\/v2\/pages\/2164\/revisions\/2217"}],"wp:attachment":[{"href":"https:\/\/www.elektrosmoghilfe.com\/erdstrahlen\/wp-json\/wp\/v2\/media?parent=2164"}],"curies":[{"name":"wp","href":"https:\/\/api.w.org\/{rel}","templated":true}]}}