{"id":2032,"date":"2019-12-11T01:20:26","date_gmt":"2019-12-11T01:20:26","guid":{"rendered":"https:\/\/www.elektrosmoghilfe.com\/erdstrahlen\/?page_id=2032"},"modified":"2019-12-11T07:00:02","modified_gmt":"2019-12-11T07:00:02","slug":"hamoni-harmonisierer-mobil-warum-braucht-man-ihn","status":"publish","type":"page","link":"https:\/\/www.elektrosmoghilfe.com\/erdstrahlen\/hamoni-harmonisierer-mobil-warum-braucht-man-ihn\/","title":{"rendered":"Hamoni\u00ae Harmonisierer Mobil &#8211; Warum braucht man ihn?"},"content":{"rendered":"<div class=\"fusion-fullwidth fullwidth-box fusion-builder-row-1 nonhundred-percent-fullwidth non-hundred-percent-height-scrolling\" style=\"background-color: rgba(255,255,255,0);background-position: left top;background-repeat: no-repeat;padding-top:0px;padding-right:0px;padding-bottom:0px;padding-left:0px;margin-bottom: 0px;margin-top: 0px;border-width: 0px 0px 0px 0px;border-color:#eae9e9;border-style:solid;\" ><div class=\"fusion-builder-row fusion-row\">\r\n<div class=\"fusion-layout-column fusion_builder_column fusion-builder-column-0 fusion_builder_column_2_3 2_3 fusion-two-third fusion-column-first threefifth1\" style=\"width:65.3333%; margin-right: 4%;margin-top:0px;margin-bottom:0px;\" id=\"columnMain\"><div class=\"fusion-column-wrapper fusion-flex-column-wrapper-legacy\" style=\"background-position:left top;background-repeat:no-repeat;-webkit-background-size:cover;-moz-background-size:cover;-o-background-size:cover;background-size:cover;padding: 0px 0px 0px 0px;\">\r\n<div class=\"fusion-text fusion-text-1\"><h1 class=\"subpage\">Hamoni\u00ae Harmonisierer Mobil<br clear='none'>\n    <span class=\"h1SubTitle\">Warum braucht man ihn?<\/span><\/h1>\n<p><!--\n\n\n<p class=\"anwendung emphDark fs16 sum\" style=\"text-align:center\">\n    Einige Fragen zum Harmonisierer treten immer wieder auf. Deshalb haben wir einige h\u00e4ufige Fragen und die Antworten\n    darauf hier f\u00fcr Sie zusammengestellt.\n<\/p>\n\n\n--><\/p>\n<p class=\"anwendung indent2\">\n    <span class=\"emphDark fs16\">Der station\u00e4re Hamoni\u00ae Harmonisierer,<\/span> also unser bekanntes Ger\u00e4t f\u00fcr zuhause, hat genau einen Zweck, n\u00e4mlich den Schutz vor Umweltstress durch Elektrosmog und Erdstrahlung im eigenen Heim. \n<\/p>\n<p class=\"anwendung indent2\">\n<span class=\"emphDark fs16\">Besonders erstgenannte Stressquelle ist jedoch au\u00dfer Haus meist deutlich st\u00e4rker vorhanden.<\/span> Zudem hat man unterwegs durch bewusstes Verhalten auch deutlich weniger M\u00f6glichkeiten, die individuelle Belastung zu minimieren. Wir werden daher st\u00e4rker von der modernen, technologischen Umwelt beeinflusst als zuhause. Auch haben wir es, besonders in \u00f6ffentlichen Verkehrsmitteln und im urbanen Raum, mit sehr viel mehr Strahlungs- bzw. Feldquellen zu tun, die von unseren Mitmenschen ausgehen.\n<\/p>\n<h2 class=\"light\" style=\"margin-top: 12px;\">Diese theoretischen \u00dcberlegungen spiegeln sich klar in der Realit\u00e4t wider:<\/h2>\n<p><img class=\"\" src=\"https:\/\/www.elektrosmoghilfe.com\/erdstrahlen\/wp-content\/uploads\/images\/HF-Belastung_Europa_versch_Umgebungen.png\" alt=\"Illustration zum Wirkbereich des Hamoni\u00ae Harmonisierer Mobil\nim B\u00fcro\"><\/p>\n<p class=\"anwendung indent2\">\nWir haben f\u00fcr die Erstellung der Grafik die bislang meistzitierte Studie zu diesem Thema von Joseph et. al. [1] ausgewertet. Es handelt sich dabei um hunderttausende Messungen der Hochfrequenz-Belastung in f\u00fcnf europ\u00e4ischen L\u00e4ndern in verschiedenen Umgebungen des Alltags. In dieser Studie wurde nicht in Schulen gemessen, Folgestudien zeigten jedoch, dass die Belastung in Schulen ungef\u00e4hr der Belastung in B\u00fcros entspricht.\n<span class=\"emphDark fs16\">\nDer L\u00f6wenanteil der Belastung macht \u00fcbrigens, wie zu erwarten war, Mobilfunkstrahlung aus. \n<\/span>\nNach Lekt\u00fcre dieser Webseite werden Sie noch besser verstehen, wie es zu diesen doch deutlichen Unterschieden in der Belastung kommt. \n<\/p>\n<p class=\"anwendung indent2\">\n<span class=\"emphDark fs16\">\nBei oberfl\u00e4chlicher Betrachtung des obigen Diagramms k\u00f6nnte man meinen, dass der Schutz vor Elektrosmog au\u00dferhalb der eigenen vier W\u00e4nde um einiges wichtiger sei als der Schutz zuhause. Diese Schlussfolgerung ist nur teilweise korrekt, denn sie bezieht nicht die Zeitr\u00e4ume mit ein, die wir im Mittel an den betrachteten Orten verbringen.<\/span> Berufst\u00e4tige verbringen im Schnitt 13 Stunden zuhause, d.h. mehr als die H\u00e4lfte des Tages. Bei Nicht-Berufst\u00e4tigen steigt dieser Wert auf 17 Stunden, sie verbringen also mehr als 2\/3 des Tages zuhause. Zudem wird die f\u00fcr K\u00f6rper und Psyche besonders wichtige Schlafphase i.d.R. in den eigenen vier W\u00e4nden verbracht.\n<\/p>\n<p><img class=\"\" style=\"margin-top: 24px;\" src=\"https:\/\/www.elektrosmoghilfe.com\/erdstrahlen\/wp-content\/uploads\/images\/zeit_im_haus_ausser_haus.jpg\" alt=\"Illustration zum Wirkbereich des Hamoni\u00ae Harmonisierer Mobil\nim B\u00fcro\"><\/p>\n<p class=\"anwendung indent2\">\nDie oft deutlich h\u00f6here Belastung au\u00dfer Haus kann man im Wesentlichen auf drei  Hauptfaktoren reduzieren, wenngleich nat\u00fcrlich in Spezialf\u00e4llen noch andere Gr\u00fcnde dazu kommen k\u00f6nnen. Diese Hauptfaktoren werden wir auf dieser Webseite an anderer Stelle ausf\u00fchrlich erl\u00e4utern, bitte geben Sie uns f\u00fcr die Ausarbeitung der Themen noch etwas Zeit.\nEinstweilen listen wir blo\u00df diese Faktoren ohne weitere Erl\u00e4uterung auf:\n<\/p>\n<p class=\"anwendung\">\n<span class=\"emphDark fs16\">\nBelastungsfaktor Nr. 1: Eine hohe Zahl an Strahlungsquellen auf meist engem Raum<br clear='none'>\nBelastungsfaktor Nr. 2: Karosserien aus Metall<br clear='none'>\nBelastungsfaktor Nr. 3: Mobilfunkger\u00e4te in Bewegung\n<\/span>\n<\/p>\n<p class=\"anwendung\" style=\"margin-top: 24px;\">\n<span class=\"emphLight fs14\">Literatur:<\/span><br clear='none'>\n[1] Joseph, W., et al. <span class=\"emphDark fs14\">Comparison of personal radio frequency electromagnetic field exposure in different urban areas across Europe.<\/span> Environmental Res 110(7): 658\u201363.<\/p>\n<\/div>\r\n<div class=\"fusion-clearfix\"><\/div><\/div><\/div>\r\n<div class=\"fusion-layout-column fusion_builder_column fusion-builder-column-1 fusion_builder_column_1_3 1_3 fusion-one-third fusion-column-last twofifth1\" style=\"width:30.6666%;margin-top:0px;margin-bottom:0px;\" id=\"columnSide\"><div class=\"fusion-column-wrapper fusion-flex-column-wrapper-legacy\" style=\"background-position:left\r\ntop;background-repeat:no-repeat;-webkit-background-size:cover;-moz-background-size:cover;-o-background-size:cover;background-size:cover;padding: 0px 0px 0px 0px;\">\r\n\r\n<p class=\"pdfPageDownload\">\r\n<span class=\"emphDark fs14\">&#8222;Warum braucht man den Hamoni\u00ae Harmonisierer Mobil?&#8220; als pdf-Datei:<\/span><br clear='none'>\r\n<a href=\"https:\/\/www.elektrosmoghilfe.com\/erdstrahlen\/wp-content\/uploads\/documents\/hamoni_mobil_broschuere_warum_braucht_man_den_hamoni_mobil.pdf\">\r\n    <img class=\"img_pdf\"\r\n         src=\"https:\/\/www.elektrosmoghilfe.com\/erdstrahlen\/wp-content\/uploads\/images\/hamoni_mobil_broschuere_warum_braucht_man_den_hamoni_mobil.jpg\"><\/a>\r\n<\/p>\r\n<!--\r\n&#091;fusion_modal_text_link name=\"modal03\" class=\"\" id=\"\"&#093;\r\n<img class=\"sidebar\" style=\"margin-top: 24px;\" src=\"&#091;global_uploads&#093;\/images\/hamoni_mobil_wirkbereich_in_buero.jpg\" alt=\"Illustration zum Wirkbereich des Hamoni\u00ae Harmonisierer Mobil\r\nim B\u00fcro\"><br clear='none'>\r\n&#091;\/fusion_modal_text_link&#093;\r\n&#091;fusion_modal name=\"modal03\" title=\"Illustration zum Wirkbereich des Hamoni\u00ae Harmonisierer Mobil im B\u00fcro\"\r\nsize=\"large\" background=\"#ffffff\" border_color=\"\" show_footer=\"no\" class=\"\" id=\"\"&#093;\r\n<p class=\"anwendung\">\r\nDie im hinteren Bereich des Fotos zu sehende\r\nDame hat das Ger\u00e4t in ihrer Handtasche mit im B\u00fcro. Im Wirkbereich\r\nvon ca. 3m befinden sich der Kollege rechts von ihr sowie teilweise\r\nder Kollege links von ihr. Die anderen Kollegen befinden sich\r\nau\u00dferhalb des Wirkbereichs.\r\n<\/p>\r\n<img src=\"&#091;global_uploads&#093;\/images\/hamoni_mobil_wirkbereich_in_buero.jpg\" alt=\"Illustration zum Wirkbereich des Hamoni\u00ae Harmonisierer Mobil\r\nim B\u00fcro\"><br clear='none'>\r\n&#091;\/fusion_modal&#093;\r\n<p class=\"imgDescr\" style=\"margin-bottom: 24px;\">\r\n<span class=\"emphDark fs14\">\r\nIllustration zum Wirkbereich\r\n<\/span>\r\nam Beispiel Verwendung des Hamoni\u00ae Harmonisierer Mobil\r\nim B\u00fcro. Die im hinteren Bereich des Fotos zu sehende\r\nDame hat das Ger\u00e4t in ihrer Handtasche mit im B\u00fcro. Im Wirkbereich\r\nvon ca. 3m befinden sich der Kollege rechts von ihr sowie teilweise\r\nder Kollege links von ihr. Die anderen Kollegen befinden sich\r\nau\u00dferhalb des Wirkbereichs.\r\n<\/p>\r\n-->\r\n\r\n<div class=\"fusion-clearfix\"><\/div><\/div><\/div><\/div><\/div>","protected":false},"excerpt":{"rendered":"","protected":false},"author":1,"featured_media":0,"parent":0,"menu_order":0,"comment_status":"closed","ping_status":"closed","template":"","meta":[],"_links":{"self":[{"href":"https:\/\/www.elektrosmoghilfe.com\/erdstrahlen\/wp-json\/wp\/v2\/pages\/2032"}],"collection":[{"href":"https:\/\/www.elektrosmoghilfe.com\/erdstrahlen\/wp-json\/wp\/v2\/pages"}],"about":[{"href":"https:\/\/www.elektrosmoghilfe.com\/erdstrahlen\/wp-json\/wp\/v2\/types\/page"}],"author":[{"embeddable":true,"href":"https:\/\/www.elektrosmoghilfe.com\/erdstrahlen\/wp-json\/wp\/v2\/users\/1"}],"replies":[{"embeddable":true,"href":"https:\/\/www.elektrosmoghilfe.com\/erdstrahlen\/wp-json\/wp\/v2\/comments?post=2032"}],"version-history":[{"count":8,"href":"https:\/\/www.elektrosmoghilfe.com\/erdstrahlen\/wp-json\/wp\/v2\/pages\/2032\/revisions"}],"predecessor-version":[{"id":2055,"href":"https:\/\/www.elektrosmoghilfe.com\/erdstrahlen\/wp-json\/wp\/v2\/pages\/2032\/revisions\/2055"}],"wp:attachment":[{"href":"https:\/\/www.elektrosmoghilfe.com\/erdstrahlen\/wp-json\/wp\/v2\/media?parent=2032"}],"curies":[{"name":"wp","href":"https:\/\/api.w.org\/{rel}","templated":true}]}}