{"id":1253,"date":"2017-02-19T19:57:57","date_gmt":"2017-02-19T19:57:57","guid":{"rendered":"https:\/\/www.elektrosmoghilfe.com\/erdstrahlen\/?page_id=1253"},"modified":"2017-09-15T22:58:20","modified_gmt":"2017-09-15T22:58:20","slug":"das-hamoni-forschungsteam-stellt-sich-vor","status":"publish","type":"page","link":"https:\/\/www.elektrosmoghilfe.com\/erdstrahlen\/das-hamoni-forschungsteam-stellt-sich-vor\/","title":{"rendered":"Das Hamoni\u00ae Forschungsteam stellt sich vor"},"content":{"rendered":"<div class=\"fusion-fullwidth fullwidth-box fusion-builder-row-1 nonhundred-percent-fullwidth non-hundred-percent-height-scrolling\" style=\"background-color: rgba(255,255,255,0);background-position: left top;background-repeat: no-repeat;padding-top:0px;padding-right:0px;padding-bottom:0px;padding-left:0px;margin-bottom: 0px;margin-top: 0px;border-width: 0px 0px 0px 0px;border-color:#eae9e9;border-style:solid;\" ><div class=\"fusion-builder-row fusion-row\">\n<div class=\"fusion-layout-column fusion_builder_column fusion-builder-column-0 fusion_builder_column_2_3 2_3 fusion-two-third fusion-column-first threefifth1\" style=\"width:65.3333%; margin-right: 4%;margin-top:0px;margin-bottom:0px;\" id=\"columnMain\"><div class=\"fusion-column-wrapper fusion-flex-column-wrapper-legacy\" style=\"background-position:left top;background-repeat:no-repeat;-webkit-background-size:cover;-moz-background-size:cover;-o-background-size:cover;background-size:cover;padding: 0px 0px 0px 0px;\">\n\n<h1 class=\"subpage\">Das Hamoni\u00ae Forschungsteam<br clear='none'>\n    <span class=\"h1SubTitle\">Portr\u00e4ts der Mitglieder<\/span><\/h1>\n\n<p class=\"anwendung emphDark fs16\" style=\"text-align:center\">\nImmer \u00f6fter wurden wir gefragt, wer sich denn eigentlich hinter diesem\nomin\u00f6sen &#8222;Forschungsteam&#8220; befindet. Grunds\u00e4tzlich suchen wir keine &#8222;Publicity&#8220;, aber\nwegen der h\u00e4ufigen Fragen finden Sie hier unsere Teammitglieder im Portrait:\n<\/p>\n\n<p style=\"text-align:center;margin-top:20px;\">\n<img src=\"https:\/\/www.elektrosmoghilfe.com\/erdstrahlen\/wp-content\/uploads\/images\/mitarbeiter_forschungsteam_01.png\"><br clear='none'>\n<\/p>\n\n<p class=\"anwendung\" style=\"width:300px;float:left;text-align:center;margin-right:10px;margin-top:0px;\">\n    <img style=\"width:300px\" src=\"https:\/\/www.elektrosmoghilfe.com\/erdstrahlen\/wp-content\/uploads\/images\/physiker_01.jpg\"><br clear='none'>\n<i>Unser Physiker bei einem Vortrag zum Thema Elektrosmog im Jahr 2017.<\/i>\n<\/p>\n\n<p class=\"anwendung indent2\">\n<span class=\"emphDark\">Unser Physiker<\/span>\nstie\u00df zum Forschungsteam, weil er Herrn Fennesz als Scharlatan entlarven wollte.\nElektrosmog war f\u00fcr ihn eine Erfindung von Panikmachern, Erdstrahlung sowieso etwas, das\nphysikalischer Bl\u00f6dsinn ist. Schon das erste Treffen mit Herrn Fennesz bewirkte ein\nerstes Umdenken, doch Skepsis blieb. Heute meint er, dass er sich selbst nicht eingestehen\nwollte, dass er zwar von Elektromagnetismus sehr viel, vom <i>sog. Bioelektromagnetismus,<\/i> also der\nWirkung elektromagnetischer Strahlung und Felder auf Organismen, im Grunde genommen gar\nnichts wusste. \u00dcber Jahre folgte ein langwieriger pers\u00f6nlicher Lernprozess, der noch\nimmer anh\u00e4lt. \n<\/p>\n<p class=\"anwendung indent2\" style=\"margin-top:0px;\">\nVon Herrn Fennesz gerne als &#8222;Hirn des Forschungsteams&#8220; bezeichnet, meint unser\nPhysiker, dass besonders Naturwissenschaftler und Techniker sich das Leben gerne einfach machen,\nindem sie Erkenntnisse, die f\u00fcr abstrahierte, stark vereinfachte Systeme gelten, einfach\nauf ungleich komplexere Systeme \u00fcbertragen. So werden vorschnell Aussagen \u00fcber Lebewesen, d.h.\ndie komplexesten Systeme \u00fcberhaupt, getroffen, die schlicht nicht zul\u00e4ssig sind. Um valide\nAussagen zu treffen, br\u00e4uchten die Naturwissenschaftler viel mehr Wissen auf den Gebieten\nBiologie und Medizin, ja sogar Wissen, das noch gar nicht existiert. \nDas mache die Sache zwar viel schwieriger, aber andererseits auch so spannend. Denn w\u00e4hrend\nviele meinen, die Physik von heute sei langweilig geworden, weil schon alles erforscht sei, \nmeint er, dass dies f\u00fcr die Physik von Lebwesen in keinster Weise zutrifft.\n<\/p>\n<p class=\"anwendung indent2\" style=\"margin-top:0px;\">\nGenau dadurch bleibe das Gebiet spannend\nund biete genug M\u00f6glichkeiten, neugierig zu bleiben und Neues entdecken zu k\u00f6nnen.\nDas sei im Grunde genommen das, was jeden Wissenschaftler aufbl\u00fchen l\u00e4sst.\nBesondere Genugtuung bereitet ihm, der laufend die aktuellen Studien auf\ndem Gebiet des Bioelektromagnetismus verfolgt, wenn pl\u00f6tzlich Sachverhalte akademisch best\u00e4tigt\nwerden, die praktisch schon l\u00e4ngst bekannt, aber von der Fachwelt bisher nicht anerkannt, ja \nsogar l\u00e4cherlich gemacht wurden. \n<\/p>\n\n<div style=\"clear:both\"><\/div>\n\n<p style=\"text-align:center;margin-top:20px;\">\n<img src=\"https:\/\/www.elektrosmoghilfe.com\/erdstrahlen\/wp-content\/uploads\/images\/mitarbeiter_forschungsteam_02.png\"><br clear='none'>\n<\/p>\n\n<p class=\"anwendung\" style=\"width:300px;float:left;text-align:center;margin-right:10px;margin-top:0px;\">\n    <img class=\"faq\" style=\"width:300px\" src=\"https:\/\/www.elektrosmoghilfe.com\/erdstrahlen\/wp-content\/uploads\/images\/portrait_weinzinger_01.jpg\"><br clear='none'>\n<i>Ing. Weinzinger bei der Untersuchung einer Eigentumswohnung, die f\u00fcr die\nfinale Kaufentscheidung ausschlaggebend war <\/i>\n  \n<\/p>\n\n<p class=\"anwendung indent2\">\n<span class=\"emphDark\">Unser Radi\u00e4sthet<\/span>,\nIng. Peter Weinzinger, ist ein Mann der Praxis und schon seit mehr als 2 Jahrzehnten\nim Einsatz. Die Besch\u00e4ftigung mit diesem Gebiet hat bei ihm ganz pers\u00f6nliche\nGr\u00fcnde. Er erkrankte pl\u00f6tzlich ohne Grund schwer und begab sich auf die Suche nach Erkl\u00e4rungen\nf\u00fcr die Erkrankung. Er entdeckte, dass sich sein Haus auf einer starken geomagnetischen\nSt\u00f6rzone befand, die vermutlich durch den unterirdisch verlaufenden Nebenarm eines\nnahe gelegenen Flusses bedingt war. Nach einem Umzug besserte sich sein Gesundheitszustand\nstark, wof\u00fcr seine \u00c4rzte keine Erkl\u00e4rung fanden. \n<\/p>\n<p class=\"anwendung indent2\" style=\"margin-top:0px;\">\nDieses einschneidende Erlebnis war bei ihm\nausschlaggebend daf\u00fcr, sein Leben voll und ganz der Radi\u00e4sthesie zu widmen. Die Motivation\ndahinter war vor allem, anderen Menschen durch Aufkl\u00e4rung und Beratung eine \u00e4hnlich tragische\nErfahrung, wie er sie erleiden musste, zu ersparen. H\u00e4tte doch er sich damals auch einen \nverantwortungsvollen Zeitgenossen gew\u00fcnscht, der ihn \u00fcber die Gefahren in seinem Haus, \nderer er sich jahrelang nicht bewusst war, aufgekl\u00e4rt h\u00e4tte. \nDenn dann w\u00e4re es gar nicht erst zu seiner fast todbringenden Krankheit gekommen.\n<\/p>\n<p class=\"anwendung indent2\" style=\"margin-top:0px;\">\nNach mehr als 20 Jahren T\u00e4tigkeit meint er, dass er sein Ziel, Aufkl\u00e4rung zu leisten, in vielen\nEinzelf\u00e4llen erreicht hat. Dennoch sei das Problembewusstsein seiner Meinung nach\nin der breiten \u00d6ffentlichkeit kaum gr\u00f6\u00dfer geworden. Ing. Weinzinger f\u00fchrt weiterhin professionelle\nGeb\u00e4udeuntersuchungen durch und kann unter <i>+43 664 51 62 088<\/i> direkt kontaktiert werden.\n<\/p>\n\n<div style=\"clear:both\"><\/div>\n\n<p style=\"text-align:center;margin-top:20px;\">\n<img src=\"https:\/\/www.elektrosmoghilfe.com\/erdstrahlen\/wp-content\/uploads\/images\/mitarbeiter_forschungsteam_03.png\"><br clear='none'>\n<\/p>\n\n<p class=\"anwendung\" style=\"width:300px;float:left;text-align:center;margin-right:10px;margin-top:0px;\">\n    <img style=\"width:300px\" src=\"https:\/\/www.elektrosmoghilfe.com\/erdstrahlen\/wp-content\/uploads\/images\/portrait_jose_01.jpg\"><br clear='none'>\n<i>Dipl.-Ing. Seguetti ist aufgrund seiner leider teilweise entfernten Sch\u00e4deldecke notorisch\nfotoscheu. Er hat aber eingewilligt, dieses alte Passfoto zu ver\u00f6ffentlichen.<\/i>\n<\/p>\n\n<p class=\"anwendung indent2\">\n<span class=\"emphDark\">Der Maschinenbauer und Messtechniker<\/span>\nDipl.-Ing. Jose Maria Seguetti besitzt bayrische Vorfahren, die nach Argentinien\nausgewandert waren. In den 1980er Jahren kam er im Zuge eines Ausbildungsprogrammes\nf\u00fcr begabte s\u00fcdamerikanische Jungendliche nach Deutschland. Er startete als Lehrling\nbei Daimler, machte schlie\u00dflich die Ausbildung zum Maschinenbauer, wo er sich auf Fahrzeugtechnik \nspezialisierte. Schlie\u00dflich fand er seine Traumarbeit in der Formel&nbsp;1.\n<\/p>\n<p class=\"anwendung indent2\" style=\"margin-top:0px;\">\nHier arbeitete er zuerst beim Wiedereinstieg von Mercedes in diesen\nRennsport in den 1990ern mit und war sp\u00e4ter bei vielen Rennen mit dabei. Legend\u00e4r sind seine\nGeschichten \u00fcber die diversen &#8222;Macken&#8220; der Rennfahrer und eines ber\u00fchmten Bosses der Formel&nbsp;1.\nNach einem schweren Arbeitsunfall musste Herrn Dipl.-Ing. Seguetti ein Teil der Sch\u00e4deldecke\nentfernt werden, er \u00fcberlebte aber den Eingriff. Seitdem ist sein K\u00f6rper dauerhaft sensibilisiert,\ner reagiert besonders stark auf Elektrosmog, etwas schw\u00e4cher auch auf Wetter\u00e4nderungen. \n<\/p>\n<p class=\"anwendung indent2\" style=\"margin-top:0px;\">\nDurch Zufall stie\u00df Herr Seguetti \nauf den Harmonisierer, der seine Beschwerden deutlich lindern konnte. Er wurde Teil unseres\nForschungsteams, wobei er ein Spezialist f\u00fcr Messtechnik ist. Seine Sensibilit\u00e4t ist einerseits f\u00fcr ihn ein\nFluch, andererseits aber f\u00fcr unsere Arbeit ein Segen. Da der Rest des Teams kaum elektrosensibel ist,\nsteht uns so immer jemand zur Verf\u00fcgung, der nicht nur messtechnisch, sondern meist auch k\u00f6rperlich\nelektromagnetische Einfl\u00fcsse wahrnimmt. \n<\/p>\n\n<div style=\"clear:both\"><\/div>\n\n<p style=\"text-align:center;margin-top:20px;\">\n<img src=\"https:\/\/www.elektrosmoghilfe.com\/erdstrahlen\/wp-content\/uploads\/images\/mitarbeiter_forschungsteam_04.png\"><br clear='none'>\n<\/p>\n\n<p class=\"anwendung\" style=\"width:300px;float:left;text-align:center;margin-right:10px;margin-top:0px;\">\n    <img class=\"faq\" style=\"width:300px\" src=\"https:\/\/www.elektrosmoghilfe.com\/erdstrahlen\/wp-content\/uploads\/images\/Manfred_Fennesz_Passfoto_01.jpg\"><br clear='none'>\n<i>Primus inter pares<\/i>\n<\/p>\n\n<p class=\"anwendung indent2\">\n<span class=\"emphDark\">Unser Teamleiter<\/span>,\nManfred Fennesz, ist ein Autodidakt und getrieben von einer\ngro\u00dfen Neugier an der belebten und auch unbelebten Natur.\nDabei ist er weniger ein Mann der Theorie, sondern vielmehr der\nPraxis. Wer sich mit ihm \u00fcber sein Leben unterh\u00e4lt, kommt nach\nkurzer Zeit aus dem Staunen nicht mehr heraus, wenn er h\u00f6rt, was\ner alles erforscht hat. \n<\/p>\n<p class=\"anwendung indent2\" style=\"margin-top:0px;\">\nAls kleiner Junge hatte es ihm die Arch\u00e4ologie\nangetan, Fundst\u00fccke von ihm finden sich noch heute im naturhistorischen\nMuseum in Wien. Sp\u00e4ter zogen ihn Meteoriten in seinen Bann, er stellte\ndiese u.a. dem Max-Planck-Institut in Deutschland f\u00fcr Forschungszwecke zur\nVerf\u00fcgung. Jahrelang stellte er naturwissenschaftliche Lehrmaterialien\nher, die sich noch heute in Sammlungen weltweit befinden. Zudem wurden\nihm diverse Patente erteilt. \n<\/p>\n<p class=\"anwendung indent2\" style=\"margin-top:0px;\">\n\u00dcber seinen Schwager, den Elektrotechniker\nund Vater des Harmonisierers, Herrn Heinz Stolze, kam er das erste Mal \nmit dem Thema Elektrosmog und geomagnetische St\u00f6rungen (im Volksmund\n&#8222;Erdstrahlung&#8220; genannt) in Kontakt. Nach dem Tod von Herrn Stolze baute\nHerr Fennesz das sog. Hamoni\u00ae Forschungsteam auf. Das Team hatte sich\nurspr\u00fcnglich 3 Ziele gesetzt: Erstens, ein solides theoretisches Verst\u00e4ndnis des \nHarmonisierers zu schaffen. Zweitens, das Ger\u00e4t weiterzuentwickeln und\nzu verbessern. Und drittens, wenn m\u00f6glich eine mobile, miniaturisierte Variante\ndes Ger\u00e4ts zu entwickeln (diese Arbeit ist noch immer im Gange). \n<\/p>\n<p class=\"anwendung indent2\" style=\"margin-top:0px;\">\nAus dem Interesse aller Teammitglieder ist eine vierte Aufgabe gewachsen: Das bessere\nVerst\u00e4dnis, was Elektrosmog und geomagnetische St\u00f6rungen genau in Menschen,\nTieren und Pflanzen bewirken. Im Grunde genommen also Antworten auf die\nvielen noch unbeantworteten Fragestellungen des Fachgebiets des <i>Bioelektromagnetismus.<\/i>\n<\/p>\n\n<div style=\"clear:both\"><\/div>\n\n<p style=\"text-align:center;margin-top:20px;\">\n<img src=\"https:\/\/www.elektrosmoghilfe.com\/erdstrahlen\/wp-content\/uploads\/images\/mitarbeiter_forschungsteam_05.png\"><br clear='none'>\n<\/p>\n\n<p class=\"anwendung\" style=\"width:300px;float:left;text-align:left;margin-right:10px;margin-top:0px;\">\n    <img class=\"faq\" style=\"width:300px\" src=\"https:\/\/www.elektrosmoghilfe.com\/erdstrahlen\/wp-content\/uploads\/images\/hamoni_mitarbeiter_produktion_01.jpg\"><br clear='none'>\n<span class=\"emphDark\">Christa Z.<\/span> hat schon so viele Harmonisierer zusammengebaut, dass\nihr die Ger\u00e4te mittlerweile schon im Schlaf erscheinen. Sie ist nicht nur f\u00fcr den\nZusammenbau der Festk\u00f6rperkomponente verantwortlich, sondern liefert sich\nauch regelm\u00e4\u00dfig einen Wettstreit mit Ihrer Kollegin Yulya dar\u00fcber, wer die\nsaubersten L\u00f6tstellen produziert. In unserer Produktion herrscht volle\nEmanzipation: Wir lassen nur Frauen an die Ger\u00e4te. Warum? Weil Sie einfach\ngenauer und zuverl\u00e4ssiger als M\u00e4nner arbeiten. Und selbst L\u00f6tautomaten ausstechen.\n<\/p>\n\n<p class=\"anwendung\" style=\"width:300px;float:left;text-align:left;margin-right:10px;margin-top:0px;\">\n    <img class=\"faq\" style=\"width:300px\" src=\"https:\/\/www.elektrosmoghilfe.com\/erdstrahlen\/wp-content\/uploads\/images\/hamoni_mitarbeiter_produktion_02.jpg\"><br clear='none'>\n<span class=\"emphDark\">Yulya B.<\/span> ist eine Meisterin im Erledigen\nvon filigranen Arbeiten, eine T\u00e4tigkeit, die bei der Produktion des\nHarmonisierers zuhauf anf\u00e4llt. Dabei sind der zierlichen Dame sicher ihre\nkleinen H\u00e4nde eine Hilfe. Mit diesen nimmt sie auch eine Voreinstellung der\nBauteile ein, die meist so genau ausf\u00e4llt, dass f\u00fcr unser Forschungsteam\nkaum noch Feinarbeit in der Endkalibration anf\u00e4llt. Yulya ist junge Mutter\nund wir meinen manchmal spa\u00dfeshalber, dass ihr Kind mit seinen noch kleineren\nFingern ein idealer Mitarbeiter w\u00e4re.\n<\/p>\n\n<p class=\"anwendung\" style=\"width:300px;float:left;text-align:left;margin-right:10px;margin-top:0px;\">\n    <img class=\"faq\" style=\"width:300px\" src=\"https:\/\/www.elektrosmoghilfe.com\/erdstrahlen\/wp-content\/uploads\/images\/hamoni_mitarbeiter_produktion_03.jpg\"><br clear='none'>\n<span class=\"emphDark\">Ingrid K.<\/span> ist f\u00fcr Bestellabwicklung, Buchhaltung\nund alle administrativen T\u00e4tigkeiten zust\u00e4ndig, die bei uns anfallen.\nDabei zeichnet sie sich durch gro\u00dfe Genauigkeit aus, ein Umstand, der bei\nFinanzpr\u00fcfungen selbst von beh\u00f6rdlicher Seite ausdr\u00fccklich gew\u00fcrdigt wird.\nFehlen in einer Excel-Tabelle eines ganzen Jahres einmal 50 Cent &#8211; Ingrid wird\nden Fehler finden, und wenn es Wochen dauert. Sollte ein Zusteller einmal vergessen\nhaben, Ihnen eine Benachrichtigungskarte zu hinterlassen, forscht sie f\u00fcr Sie\nnach.\n<\/p>\n\n<p class=\"anwendung\" style=\"width:300px;float:left;text-align:left;margin-right:10px;margin-top:0px;\">\n    <img class=\"faq\" style=\"width:300px\" src=\"https:\/\/www.elektrosmoghilfe.com\/erdstrahlen\/wp-content\/uploads\/images\/hamoni_mitarbeiter_produktion_04.jpg\"><br clear='none'>\n<span class=\"emphDark\">Ren\u00e9 R.<\/span> ist daf\u00fcr verantwortlich, dass\njedes bestellte Ger\u00e4t sauber in Luftpolsterfolie verpackt wird, alles\nDruckmaterial und Ihre Rechnung beiliegt und dass die Pakete p\u00fcnktlich zum\nPaketdienst gebracht werden. Zudem hat er Mitverantwortung f\u00fcr das Lager,\nd.h. muss darauf achten, dass immer gen\u00fcgend Material vorhanden ist.\nEr muss ca. 1 Tonne an Brosch\u00fcren schleppen, wenn diese gerade frisch\ngedruckt geliefert werden.\nRen\u00e9 ist stolz darauf, dass er in all den Jahren noch nie einem Kunden den\nHarmonisierer in der &#8222;falschen&#8220; Farbe verpackt hat.\n<\/p>\n\n\n<div class=\"fusion-clearfix\"><\/div><\/div><\/div>\n<div class=\"fusion-layout-column fusion_builder_column fusion-builder-column-1 fusion_builder_column_1_3 1_3 fusion-one-third fusion-column-last twofifth1\" style=\"width:30.6666%;margin-top:0px;margin-bottom:0px;\" id=\"columnSide\"><div class=\"fusion-column-wrapper fusion-flex-column-wrapper-legacy\" style=\"background-position:left\ntop;background-repeat:no-repeat;-webkit-background-size:cover;-moz-background-size:cover;-o-background-size:cover;background-size:cover;padding: 0px 0px 0px 0px;\">\n\n<p class=\"emphDark fs16\" style=\"text-align:center;line-height: 19px;margin-bottom: 12px;\">\n\u201eW\u00e4hrend wir vom Einfluss\n    der ionisierenden (d.h. radioaktiven) Strahlung auf Organismen\n    so gut wie alles wissen, wissen wir auf dem Gebiet der\n    nicht-ionisierenden Strahlung noch praktisch gar nichts.\u201c\n<\/p>\n\n<p class=\"emphLight fs16\" style=\"text-align:center;margin-bottom: 24px;line-height: 19px;\">\n    M. Markov und Yuri Grigoriev, Russisches Nationales Komitee\nf\u00fcr den Schutz vor nicht-ionisierender Strahlung, 2015**\n<\/p>\n<p class=\"imgDescr\" style=\"margin-bottom: 40px;\">\n**Siehe Forschungsartikel <i>&#8222;Protect children from EMF&#8220;\n(&#8222;Sch\u00fctzt Kinder vor elektromagnetischen Feldern&#8220;),<\/i> publiziert in\n<i>Electromagnentic Biology and Medicine, 2015; 34(3): 251\u2013256.<\/i><br clear='none'>\nAnmerkung: Russland hat eines der strengsten Strahlenschutzgesetze der\nWelt. Die Grenzwerte liegen deutlich niedriger als in der EU oder den\nUSA.\n<\/p>\n\n<p style=\"text-align:center;line-height:20px;margin-bottom: 8px;\">\n    <span class=\"emphDark fs18\">Wie ist die korrekte Bezeichnung\nf\u00fcr unser Forschungsgebiet?<\/span>\n<\/p>\n\n<p class=\"imgDescr indent2\" style=\"margin-bottom: 6px;\">\n    Unser Fachgebiet entspricht im groben der Forschung auf\n    dem Gebiet des sog. <i>Bioelektromagnetismus.<\/i> Das Fach ist\n    deswegen sehr anspruchsvoll, weil nur eine akademische Ausbildung\n    daf\u00fcr nicht reicht. Man ben\u00f6tigt dazu u.a. sehr gute Kenntnisse\n    in Physik, Elektrotechnik, Biologie, Chemie und Medizin. Und wenn\n    Sie Ahnung von der Pflanzenzucht haben, schadet das auch nicht (siehe\n    unsere Experimente zur Auswirkung von elektromagnetischen Feldern\n    auf das Pflanzenwachstum). \n<\/p>\n<p class=\"imgDescr indent2\" style=\"margin-bottom: 6px;\">\nZudem f\u00e4ngt man mit theoretischem Wissen\n    alleine nicht viel an, man braucht viel praktische Erfahrung.\n    Die Interdisziplinarit\u00e4t ist zwar anspruchsvoll, aber auch\n    enorm spannend. Warum? Weil auf dem Gebiet noch sehr viel nicht\n    entdeckt ist, wie u.a. aus obigem Zitat zu entnehmen ist.\n<\/p>\n<p class=\"imgDescr indent2\">\n    Wir sind dankbar und gl\u00fccklich dar\u00fcber, dass wir nicht direkt\n    im akademischen Umfeld an diesem Gebiet forschen k\u00f6nnen. Warum? Weil\n    man als Akademiker heute sehr abh\u00e4ngig von Foschungsgeldern ist und\n    sehr unter Zwang steht, m\u00f6glichst viel zu publizieren. Wir hingegen\n    k\u00f6nnen uns unser spezielles Forschungsgebiet ja nach Interesse frei\n    aussuchen und stehen unter keinem Publikationszwang.\n<\/p>\n\n\n\n<div class=\"fusion-clearfix\"><\/div><\/div><\/div><\/div><\/div>","protected":false},"excerpt":{"rendered":"","protected":false},"author":1,"featured_media":0,"parent":0,"menu_order":0,"comment_status":"closed","ping_status":"closed","template":"","meta":[],"_links":{"self":[{"href":"https:\/\/www.elektrosmoghilfe.com\/erdstrahlen\/wp-json\/wp\/v2\/pages\/1253"}],"collection":[{"href":"https:\/\/www.elektrosmoghilfe.com\/erdstrahlen\/wp-json\/wp\/v2\/pages"}],"about":[{"href":"https:\/\/www.elektrosmoghilfe.com\/erdstrahlen\/wp-json\/wp\/v2\/types\/page"}],"author":[{"embeddable":true,"href":"https:\/\/www.elektrosmoghilfe.com\/erdstrahlen\/wp-json\/wp\/v2\/users\/1"}],"replies":[{"embeddable":true,"href":"https:\/\/www.elektrosmoghilfe.com\/erdstrahlen\/wp-json\/wp\/v2\/comments?post=1253"}],"version-history":[{"count":2,"href":"https:\/\/www.elektrosmoghilfe.com\/erdstrahlen\/wp-json\/wp\/v2\/pages\/1253\/revisions"}],"predecessor-version":[{"id":1711,"href":"https:\/\/www.elektrosmoghilfe.com\/erdstrahlen\/wp-json\/wp\/v2\/pages\/1253\/revisions\/1711"}],"wp:attachment":[{"href":"https:\/\/www.elektrosmoghilfe.com\/erdstrahlen\/wp-json\/wp\/v2\/media?parent=1253"}],"curies":[{"name":"wp","href":"https:\/\/api.w.org\/{rel}","templated":true}]}}